000
CXUS53 KIWX 010800
CF6SBN
PRELIMINARY LOCAL CLIMATOLOGICAL DATA (WS FORM: F-6)
STATION: SOUTH BEND
MONTH: JUNE
YEAR: 2020
LATITUDE: 41 42 N
LONGITUDE: 86 19 W
TEMPERATURE IN F: :PCPN: SNOW: WIND :SUNSHINE: SKY :PK WND
================================================================================
1 2 3 4 5 6A 6B 7 8 9 10 11 12 13 14 15 16 17 18
12Z AVG MX 2MIN
DY MAX MIN AVG DEP HDD CDD WTR SNW DPTH SPD SPD DIR MIN PSBL S-S WX SPD DR
================================================================================
1 74 44 59 -5 6 0 0.00 0.0 0 8.6 21 190 M M 3 27 190
2 92 65 79 14 0 14 0.00 0.0 0 13.3 24 250 M M 2 33 220
3 82 66 74 9 0 9 T 0.0 0 7.0 25 300 M M 2 37 290
4 85 64 75 9 0 10 0.00 0.0 0 4.5 13 230 M M 4 17 250
5 89 62 76 10 0 11 0.00 0.0 0 5.2 17 250 M M 1 1 25 250
6 80 55 68 2 0 3 0.00 0.0 0 9.8 21 330 M M 1 26 360
7 82 53 68 2 0 3 0.00 0.0 0 5.7 16 130 M M 0 22 130
8 89 61 75 8 0 10 0.00 0.0 0 10.0 18 120 M M 0 24 120
9 92 66 79 12 0 14 0.41 0.0 0 16.1 35 160 M M 3 18 50 170
10 87 60 74 6 0 9 0.24 0.0 0 17.5 32 230 M M 8 13 45 220
11 80 57 69 1 0 4 T 0.0 0 10.2 22 340 M M 1 30 340
12 81 54 68 0 0 3 T 0.0 0 4.8 10 320 M M 0 20 330
13 72 54 63 -6 2 0 0.02 0.0 0 7.6 12 110 M M 1 21 70
14 73 51 62 -7 3 0 0.00 0.0 0 6.0 16 120 M M 0 24 70
15 79 46 63 -6 2 0 0.00 0.0 0 5.1 14 110 M M 0 18 100
16 85 57 71 1 0 6 0.00 0.0 0 4.4 10 10 M M 2 15 120
17 86 59 73 3 0 8 0.00 0.0 0 4.6 12 110 M M 2 18 60
18 88 57 73 3 0 8 0.00 0.0 0 3.2 16 330 M M 0 20 340
19 92 62 77 7 0 12 0.00 0.0 0 2.1 9 340 M M 1 13 350
20 94 66 80 9 0 15 T 0.0 0 8.1 21 240 M M 3 33 180
21 81 63 72 1 0 7 1.70 0.0 0 4.6 18 190 M M 3 13 23 200
22 89 63 76 5 0 11 0.99 0.0 0 5.9 13 190 M M 2 13 17 190
23 75 61 68 -3 0 3 0.02 0.0 0 13.6 18 320 M M 8 1 28 310
24 77 57 67 -5 0 2 0.16 0.0 0 7.0 16 310 M M 3 1 21 310
25 81 58 70 -2 0 5 0.00 0.0 0 4.2 16 280 M M 1 23 330
26 83 64 74 2 0 9 0.78 0.0 0 7.2 32 290 M M 3 1 47 300
27 86 69 78 6 0 13 0.00 0.0 0 7.9 17 250 M M 2 23 230
28 88 68 78 6 0 13 0.09 0.0 0 4.7 20 180 M M 4 1 23 180
29 89 71 80 8 0 15 T 0.0 0 5.6 17 320 M M 1 26 320
30 89 74 82 9 0 17 0.09 0.0 0 7.1 14 110 M M 3 1 18 50
================================================================================
SM 2520 1807 13 234 4.50 0.0 221.6 M 64
================================================================================
AV 84.0 60.2 7.4 FASTST M M 2 MAX(MPH)
MISC ----> # 35 160 # 50 170
================================================================================
NOTES:
# LAST OF SEVERAL OCCURRENCES
COLUMN 17 PEAK WIND IN M.P.H.
PRELIMINARY LOCAL CLIMATOLOGICAL DATA (WS FORM: F-6) , PAGE 2
STATION: SOUTH BEND
MONTH: JUNE
YEAR: 2020
LATITUDE: 41 42 N
LONGITUDE: 86 19 W
[TEMPERATURE DATA] [PRECIPITATION DATA] SYMBOLS USED IN COLUMN 16
AVERAGE MONTHLY: 72.1 TOTAL FOR MONTH: 4.50 1 = FOG OR MIST
DPTR FM NORMAL: 3.0 DPTR FM NORMAL: 0.71 2 = FOG REDUCING VISIBILITY
HIGHEST: 94 ON 20 GRTST 24HR 1.70 ON 21-21 TO 1/4 MILE OR LESS
LOWEST: 44 ON 1 3 = THUNDER
SNOW, ICE PELLETS, HAIL 4 = ICE PELLETS
TOTAL MONTH: 0.0 INCH 5 = HAIL
GRTST 24HR 0.0 6 = FREEZING RAIN OR DRIZZLE
GRTST DEPTH: 0 7 = DUSTSTORM OR SANDSTORM:
VSBY 1/2 MILE OR LESS
8 = SMOKE OR HAZE
[NO. OF DAYS WITH] [WEATHER - DAYS WITH] 9 = BLOWING SNOW
X = TORNADO
MAX 32 OR BELOW: 0 0.01 INCH OR MORE: 10
MAX 90 OR ABOVE: 4 0.10 INCH OR MORE: 6
MIN 32 OR BELOW: 0 0.50 INCH OR MORE: 3
MIN 0 OR BELOW: 0 1.00 INCH OR MORE: 1
[HDD (BASE 65) ]
TOTAL THIS MO. 13 CLEAR (SCALE 0-3) 24
DPTR FM NORMAL -31 PTCLDY (SCALE 4-7) 6
TOTAL FM JUL 1 5810 CLOUDY (SCALE 8-10) 0
DPTR FM NORMAL -488
[CDD (BASE 65) ]
TOTAL THIS MO. 234
DPTR FM NORMAL 69 [PRESSURE DATA]
TOTAL FM JAN 1 295 HIGHEST SLP 30.41 ON 15
DPTR FM NORMAL 74 LOWEST SLP 29.47 ON 10
[REMARKS]
#FINAL-06-20#