000
CXUS56 KLOX 011155
CF6SBP
PRELIMINARY LOCAL CLIMATOLOGICAL DATA (WS FORM: F-6)
STATION: SAN LUIS OBISPO AIRPORT CA
MONTH: AUGUST
YEAR: 2021
LATITUDE: 35 13 N
LONGITUDE: 120 38 W
TEMPERATURE IN F: :PCPN: SNOW: WIND :SUNSHINE: SKY :PK WND
================================================================================
1 2 3 4 5 6A 6B 7 8 9 10 11 12 13 14 15 16 17 18
12Z AVG MX 2MIN
DY MAX MIN AVG DEP HDD CDD WTR SNW DPTH SPD SPD DIR MIN PSBL S-S WX SPD DR
================================================================================
1 79 53 66 -1 0 1 0.00 M M 7.9 20 310 M M 0 22 300
2 80 53 67 0 0 2 0.00 M M 10.7 22 300 M M 0 26 300
3 78 58 68 1 0 3 0.00 M M 10.7 18 310 M M 4 1 21 310
4 75 57 66 -1 0 1 0.00 M M 11.2 24 310 M M 5 1 28 300
5 77 55 66 -1 0 1 0.00 M M 12.5 29 310 M M 5 1 34 310
6 80 54 67 0 0 2 0.00 M M 5.7 20 310 M M 4 1 21 320
7 80 55 68 1 0 3 0.00 M M 4.8 13 160 M M 5 1 16 230
8 80 55 68 1 0 3 0.00 M M 5.0 13 300 M M 4 1 17 310
9 78 55 67 0 0 2 0.00 M M 5.0 14 300 M M 5 1 17 310
10 82 56 69 2 0 4 0.00 M M 5.6 15 310 M M 4 1 17 320
11 85 56 71 4 0 6 T M M 6.0 18 310 M M 2 1 22 330
12 85 59 72 5 0 7 0.00 M M 6.3 16 310 M M 0 18 310
13 87 60 74 7 0 9 0.00 M M 4.0 15 210 M M 3 19 250
14 86 59 73 6 0 8 0.00 M M 6.6 17 310 M M 4 18 20 310
15 79 58 69 2 0 4 0.00 M M 9.2 21 310 M M 4 18 24 310
16 84 58 71 4 0 6 0.00 M M 4.1 14 310 M M 4 18 15 310
17 79 56 68 1 0 3 0.00 M M 5.6 14 310 M M 2 8 23 240
18 70 59 65 -2 0 0 0.00 M M 3.8 10 250 M M 10 18 13 240
19 80 61 71 4 0 6 0.00 M M 6.4 20 310 M M 5 8 23 330
20 75 58 67 0 0 2 0.00 M M 6.1 15 300 M M 3 18 18 310
21 75 60 68 1 0 3 0.00 M M 5.7 18 320 M M 7 18 22 320
22 77 55 66 -1 0 1 0.00 M M 5.8 17 310 M M 2 23 230
23 75 57 66 -1 0 1 0.00 M M 5.7 15 220 M M 6 19 220
24 78 58 68 1 0 3 0.00 M M 6.1 15 310 M M 5 21 240
25 79 54 67 0 0 2 0.00 M M 8.4 18 310 M M 3 M M
26 80 57 69 2 0 4 0.00 M M 9.9 23 310 M M 3 1 29 320
27 85 55 70 3 0 5 0.00 M M 3.5 13 300 M M 4 12 16 330
28 83 53 68 1 0 3 0.00 M M 4.2 13 320 M M 4 12 17 310
29 82 57 70 3 0 5 0.00 M M 5.4 17 310 M M 5 1 20 310
30 80 58 69 2 0 4 0.00 M M 4.5 10 300 M M 6 1 19 320
31 74 60 67 0 0 2 0.00 M M 5.0 12 210 M M 8 18 16 210
================================================================================
SM 2467 1759 0 106 T M 201.3 M 126
================================================================================
AV 79.6 56.7 6.5 FASTST M M 4 MAX(MPH)
MISC ----> 29 310 34 310
================================================================================
NOTES:
# LAST OF SEVERAL OCCURRENCES
COLUMN 17 PEAK WIND IN M.P.H.
PRELIMINARY LOCAL CLIMATOLOGICAL DATA (WS FORM: F-6) , PAGE 2
STATION: SAN LUIS OBISPO AIRPORT CA
MONTH: AUGUST
YEAR: 2021
LATITUDE: 35 13 N
LONGITUDE: 120 38 W
[TEMPERATURE DATA] [PRECIPITATION DATA] SYMBOLS USED IN COLUMN 16
AVERAGE MONTHLY: 68.2 TOTAL FOR MONTH: T 1 = FOG OR MIST
DPTR FM NORMAL: 1.1 DPTR FM NORMAL: -0.01 2 = FOG REDUCING VISIBILITY
HIGHEST: 87 ON 13 GRTST 24HR T ON 11-11 TO 1/4 MILE OR LESS
LOWEST: 53 ON 28, 2 3 = THUNDER
SNOW, ICE PELLETS, HAIL 4 = ICE PELLETS
TOTAL MONTH: M 5 = HAIL
GRTST 24HR M ON M 6 = FREEZING RAIN OR DRIZZLE
GRTST DEPTH: M ON M 7 = DUSTSTORM OR SANDSTORM:
VSBY 1/2 MILE OR LESS
8 = SMOKE OR HAZE
[NO. OF DAYS WITH] [WEATHER - DAYS WITH] 9 = BLOWING SNOW
X = TORNADO
MAX 32 OR BELOW: 0 0.01 INCH OR MORE: 0
MAX 90 OR ABOVE: 0 0.10 INCH OR MORE: 0
MIN 32 OR BELOW: 0 0.50 INCH OR MORE: 0
MIN 0 OR BELOW: 0 1.00 INCH OR MORE: 0
[HDD (BASE 65) ]
TOTAL THIS MO. 0 CLEAR (SCALE 0-3) 9
DPTR FM NORMAL -13 PTCLDY (SCALE 4-7) 20
TOTAL FM JUL 1 0 CLOUDY (SCALE 8-10) 2
DPTR FM NORMAL -29
[CDD (BASE 65) ]
TOTAL THIS MO. 106
DPTR FM NORMAL 28 [PRESSURE DATA]
TOTAL FM JAN 1 307 HIGHEST SLP 30.10 ON 14
DPTR FM NORMAL 118 LOWEST SLP 29.70 ON 28
[REMARKS]
#FINAL-08-21#