000
CXUS51 KAKQ 010833
CF6SBY
PRELIMINARY LOCAL CLIMATOLOGICAL DATA (WS FORM: F-6)
STATION: SALISBURY MD
MONTH: NOVEMBER
YEAR: 2020
LATITUDE: 38 20 N
LONGITUDE: 75 30 W
TEMPERATURE IN F: :PCPN: SNOW: WIND :SUNSHINE: SKY :PK WND
================================================================================
1 2 3 4 5 6A 6B 7 8 9 10 11 12 13 14 15 16 17 18
12Z AVG MX 2MIN
DY MAX MIN AVG DEP HDD CDD WTR SNW DPTH SPD SPD DIR MIN PSBL S-S WX SPD DR
================================================================================
1 61 37 49 -3 16 0 0.62 0.0 0 9.9 17 300 M M 6 1 28 270
2 50 35 43 -9 22 0 0.00 0.0 0 13.3 30 310 M M 1 44 310
3 60 36 48 -4 17 0 0.00 0.0 0 8.4 20 260 M M 0 26 270
4 69 35 52 0 13 0 0.00 0.0 0 3.2 12 170 M M 0 18 17 210
5 73 44 59 7 6 0 0.00 0.0 0 3.2 12 200 M M 2 12 15 200
6 72 50 61 10 4 0 0.00 0.0 0 1.8 9 230 M M 5 12 11 280
7 75 49 62 11 3 0 0.02 0.0 0 1.4 8 240 M M 5 128 10 270
8 77 45 61 10 4 0 0.00 0.0 0 1.2 8 150 M M 2 128 11 150
9 76 47 62 12 3 0 0.00 0.0 0 1.2 10 160 M M 0 18 13 170
10 78 51 65 15 0 0 0.00 0.0 0 4.2 14 180 M M 4 12 17 180
11 78 62 70 20 0 5 1.26 0.0 0 8.5 21 170 M M 6 1 25 170
12 70 52 61 11 4 0 2.79 0.0 0 7.7 24 320 M M 9 1 30 320
13 57 46 52 3 13 0 T 0.0 0 5.8 15 330 M M 7 12 18 310
14 60 38 49 0 16 0 T 0.0 0 3.5 20 300 M M 0 1 27 290
15 69 38 54 6 11 0 0.17 0.0 0 12.1 26 210 M M 3 41 170
16 59 38 49 1 16 0 0.00 0.0 0 5.0 17 260 M M 1 1 23 280
17 59 32 46 -2 19 0 T 0.0 0 9.4 28 320 M M 3 39 330
18 46 28 37 -11 28 0 0.00 0.0 0 8.8 25 320 M M 2 32 330
19 52 26 39 -8 26 0 0.00 0.0 0 4.2 14 180 M M 0 20 190
20 65 36 51 4 14 0 0.00 0.0 0 7.4 20 210 M M 0 25 200
21 71 43 57 10 8 0 0.00 0.0 0 1.7 9 340 M M 2 18 16 340
22 65 50 58 12 7 0 0.00 0.0 0 7.5 15 100 M M 7 1 19 90
23 61 41 51 5 14 0 0.19 0.0 0 11.2 28 330 M M 4 1 36 330
24 52 32 42 -4 23 0 0.00 0.0 0 3.4 13 340 M M 1 16 360
25 64 34 49 4 16 0 0.00 0.0 0 5.8 17 220 M M 3 23 220
26 70 61 66 21 0 1 0.37 0.0 0 8.2 14 220 M M 9 12 21 180
27 65 48 57 12 8 0 0.00 0.0 0 1.9 10 60 M M 6 14 50
28 60 37 49 5 16 0 0.00 0.0 0 3.7 18 280 M M 5 1 23 290
29 59 32 46 2 19 0 0.00 0.0 0 3.1 9 120 M M 1 12 200
30 72 49 61 17 4 0 0.92 0.0 0 12.5 28 180 M M 7 1 41 180
================================================================================
SM 1945 1252 350 6 6.34 0.0 179.2 M 101
================================================================================
AV 64.8 41.7 6.0 FASTST M M 3 MAX(MPH)
MISC ----> # 30 310 # 44 310
================================================================================
NOTES:
# LAST OF SEVERAL OCCURRENCES
COLUMN 17 PEAK WIND IN M.P.H.
PRELIMINARY LOCAL CLIMATOLOGICAL DATA (WS FORM: F-6) , PAGE 2
STATION: SALISBURY MD
MONTH: NOVEMBER
YEAR: 2020
LATITUDE: 38 20 N
LONGITUDE: 75 30 W
[TEMPERATURE DATA] [PRECIPITATION DATA] SYMBOLS USED IN COLUMN 16
AVERAGE MONTHLY: 53.3 TOTAL FOR MONTH: 6.34 1 = FOG OR MIST
DPTR FM NORMAL: 5.1 DPTR FM NORMAL: 2.91 2 = FOG REDUCING VISIBILITY
HIGHEST: 78 ON 11,10 GRTST 24HR 2.79 ON 12-12 TO 1/4 MILE OR LESS
LOWEST: 26 ON 19 3 = THUNDER
SNOW, ICE PELLETS, HAIL 4 = ICE PELLETS
TOTAL MONTH: 0.0 INCH 5 = HAIL
GRTST 24HR 0.0 6 = FREEZING RAIN OR DRIZZLE
GRTST DEPTH: 0 7 = DUSTSTORM OR SANDSTORM:
VSBY 1/2 MILE OR LESS
8 = SMOKE OR HAZE
[NO. OF DAYS WITH] [WEATHER - DAYS WITH] 9 = BLOWING SNOW
X = TORNADO
MAX 32 OR BELOW: 0 0.01 INCH OR MORE: 8
MAX 90 OR ABOVE: 0 0.10 INCH OR MORE: 7
MIN 32 OR BELOW: 5 0.50 INCH OR MORE: 4
MIN 0 OR BELOW: 0 1.00 INCH OR MORE: 2
[HDD (BASE 65) ]
TOTAL THIS MO. 350 CLEAR (SCALE 0-3) 15
DPTR FM NORMAL -155 PTCLDY (SCALE 4-7) 13
TOTAL FM JUL 1 510 CLOUDY (SCALE 8-10) 2
DPTR FM NORMAL -308
[CDD (BASE 65) ]
TOTAL THIS MO. 6
DPTR FM NORMAL 3 [PRESSURE DATA]
TOTAL FM JAN 1 1545 HIGHEST SLP 30.68 ON 19
DPTR FM NORMAL 392 LOWEST SLP 29.35 ON 30
[REMARKS]
#FINAL-11-20#