330
CXUS51 KAKQ 040921
CF6SBY
PRELIMINARY LOCAL CLIMATOLOGICAL DATA (WS FORM: F-6)
STATION: SALISBURY MD
MONTH: MARCH
YEAR: 2020
LATITUDE: 38 20 N
LONGITUDE: 75 30 W
TEMPERATURE IN F: :PCPN: SNOW: WIND :SUNSHINE: SKY :PK WND
================================================================================
1 2 3 4 5 6A 6B 7 8 9 10 11 12 13 14 15 16 17 18
12Z AVG MX 2MIN
DY MAX MIN AVG DEP HDD CDD WTR SNW DPTH SPD SPD DIR MIN PSBL S-S WX SPD DR
================================================================================
1 46 24 35 -5 30 0 0.00 0.0 0 6.5 18 320 M M 0 25 330
2 65 32 49 8 16 0 0.03 0.0 0 12.0 28 210 M M 2 35 210
3 65 40 53 12 12 0 0.01 0.0 0 10.9 26 290 M M 2 13 37 300
4 62 44 53 12 12 0 0.00 0.0 0 10.0 22 310 M M 0 30 310
5 55 37 46 4 19 0 0.00 0.0 0 5.6 20 350 M M 0 28 350
6 46 38 42 0 23 0 0.45 0.0 0 9.0 25 320 M M 9 1 32 320
7 48 28 38 -4 27 0 0.07 0.0 0 12.6 28 330 M M 5 1 37 340
8 56 25 41 -1 24 0 0.00 0.0 0 5.6 16 240 M M 0 8 20 250
9 68 39 54 11 11 0 0.00 0.0 0 8.9 16 210 M M 0 21 230
10 71 53 62 19 3 0 0.01 0.0 0 14.3 28 210 M M 2 35 220
11 61 41 51 8 14 0 0.00 0.0 0 6.4 14 320 M M 5 18 320
12 60 40 50 6 15 0 0.22 0.0 0 6.7 13 110 M M 9 12 15 110
13 76 51 64 20 1 0 0.29 0.0 0 10.1 18 250 M M 5 12 27 250
14 59 43 51 7 14 0 0.03 0.0 0 5.9 18 330 M M 3 24 330
15 53 33 43 -1 22 0 0.03 0.0 0 6.9 15 50 M M 7 19 60
16 52 30 41 -4 24 0 0.00 0.0 0 8.3 18 110 M M 5 8 23 80
17 63 42 53 8 12 0 0.00 0.0 0 5.1 16 260 M M 7 1 23 270
18 59 43 51 6 14 0 T 0.0 0 7.4 16 110 M M 5 20 80
19 72 50 61 15 4 0 0.37 0.0 0 9.1 17 250 M M 8 1 23 240
20 84 56 70 24 0 5 0.00 0.0 0 12.5 28 220 M M 2 1 36 220
21 70 42 56 10 9 0 0.35 0.0 0 7.6 20 10 M M 9 1 27 10
22 52 37 45 -1 20 0 T 0.0 0 8.7 21 80 M M 6 27 80
23 56 42 49 2 16 0 0.54 0.0 0 11.8 21 90 M M 8 1 28 100
24 52 39 46 -1 19 0 0.00 0.0 0 5.1 15 320 M M 4 1 19 330
25 51 40 46 -1 19 0 0.35 0.0 0 12.1 23 50 M M 10 18 32 50
26 59 34 47 -1 18 0 0.00 0.0 0 5.9 15 210 M M 1 1 20 280
27 70 49 60 12 5 0 T 0.0 0 5.4 17 330 M M 4 8 22 320
28 60 52 56 8 9 0 0.27 0.0 0 7.0 21 120 M M 10 18 26 120
29 67 51 59 10 6 0 0.00 0.0 0 5.0 12 360 M M 7 12 16 170
30 70 47 59 10 6 0 0.00 0.0 0 7.6 18 260 M M 4 1 23 30
31 52 40 46 -3 19 0 0.12 0.0 0 8.4 18 50 M M 8 18 28 40
================================================================================
SM 1880 1262 443 5 3.14 0.0 258.4 M 147
================================================================================
AV 60.7 40.7 8.3 FASTST M M 5 MAX(MPH)
MISC ----> # 28 210 # 37 300
================================================================================
NOTES:
# LAST OF SEVERAL OCCURRENCES
COLUMN 17 PEAK WIND IN M.P.H.
PRELIMINARY LOCAL CLIMATOLOGICAL DATA (WS FORM: F-6) , PAGE 2
STATION: SALISBURY MD
MONTH: MARCH
YEAR: 2020
LATITUDE: 38 20 N
LONGITUDE: 75 30 W
[TEMPERATURE DATA] [PRECIPITATION DATA] SYMBOLS USED IN COLUMN 16
AVERAGE MONTHLY: 50.7 TOTAL FOR MONTH: 3.14 1 = FOG OR MIST
DPTR FM NORMAL: 6.0 DPTR FM NORMAL: -1.28 2 = FOG REDUCING VISIBILITY
HIGHEST: 84 ON 20 GRTST 24HR 0.54 ON 23-23 TO 1/4 MILE OR LESS
LOWEST: 24 ON 1 3 = THUNDER
SNOW, ICE PELLETS, HAIL 4 = ICE PELLETS
TOTAL MONTH: 0.0 INCH 5 = HAIL
GRTST 24HR 0.0 6 = FREEZING RAIN OR DRIZZLE
GRTST DEPTH: 0 7 = DUSTSTORM OR SANDSTORM:
VSBY 1/2 MILE OR LESS
8 = SMOKE OR HAZE
[NO. OF DAYS WITH] [WEATHER - DAYS WITH] 9 = BLOWING SNOW
X = TORNADO
MAX 32 OR BELOW: 0 0.01 INCH OR MORE: 15
MAX 90 OR ABOVE: 0 0.10 INCH OR MORE: 9
MIN 32 OR BELOW: 5 0.50 INCH OR MORE: 1
MIN 0 OR BELOW: 0 1.00 INCH OR MORE: 0
[HDD (BASE 65) ]
TOTAL THIS MO. 443 CLEAR (SCALE 0-3) 10
DPTR FM NORMAL -187 PTCLDY (SCALE 4-7) 13
TOTAL FM JUL 1 3194 CLOUDY (SCALE 8-10) 8
DPTR FM NORMAL -741
[CDD (BASE 65) ]
TOTAL THIS MO. 5
DPTR FM NORMAL 3 [PRESSURE DATA]
TOTAL FM JAN 1 5 HIGHEST SLP 30.59 ON 8
DPTR FM NORMAL 3 LOWEST SLP 29.53 ON 3
[REMARKS]
#FINAL-03-20#