000
CXUS56 KLOX 080121
CF6SDB
PRELIMINARY LOCAL CLIMATOLOGICAL DATA (WS FORM: F-6)
STATION: SANDBERG CA
MONTH: FEBRUARY
YEAR: 2023
LATITUDE: 34 45 N
LONGITUDE: 118 44 W
TEMPERATURE IN F: :PCPN: SNOW: WIND :SUNSHINE: SKY :PK WND
================================================================================
1 2 3 4 5 6A 6B 7 8 9 10 11 12 13 14 15 16 17 18
12Z AVG MX 2MIN
DY MAX MIN AVG DEP HDD CDD WTR SNW DPTH SPD SPD DIR MIN PSBL S-S WX SPD DR
================================================================================
1 50 30 40 -5 25 0 0.00 M M 10.1 18 30 M M 0 26 20
2 50 42 46 1 19 0 0.00 M M 14.7 20 80 M M 0 27 80
3 57 42 50 5 15 0 0.00 M M 11.6 20 70 M M 0 30 70
4 59 45 52 7 13 0 0.00 M M 6.0 13 310 M M 0 M M
5 48 31 40 -5 25 0 0.09 M M 14.8 27 320 M M 6 12 45 320
6 41 30 36 -9 29 0 T M M 17.0 25 330 M M 0 37 330
7 51 35 43 -2 22 0 0.00 M M 14.5 29 50 M M 0 46 60
8 61 40 51 6 14 0 0.00 M M 10.3 17 330 M M 0 21 60
9 57 46 52 7 13 0 0.00 M M 19.6 25 60 M M 0 43 70
10 53 42 48 3 17 0 0.00 M M 17.5 26 70 M M 0 43 70
11 45 32 39 -6 26 0 0.02 M M 14.5 23 170 M M 3 12 43 170
12 52 30 41 -4 24 0 0.00 M M 14.5 23 310 M M 4 12 58 60
13 52 37 45 0 20 0 0.00 M M 11.2 21 320 M M 3 12 35 170
14 37 26 32 -13 33 0 0.08 M M 19.7 48 320 M M 9 128 63 320
15 44 22 33 -12 32 0 0.00 M M 8.4 22 330 M M 1 1 36 330
16 42 30 36 -10 29 0 0.00 M M 17.9 25 80 M M 0 40 60
17 47 33 40 -6 25 0 0.00 M M 25.9 39 70 M M 0 61 70
18 48 37 43 -3 22 0 0.00 M M 14.0 22 60 M M 1 36 80
19 54 37 46 0 19 0 0.00 M M 12.7 27 60 M M 0 52 70
20 62 44 53 7 12 0 0.00 M M 13.0 24 320 M M 0 30 310
21 54 29 42 -4 23 0 0.00 M M 15.1 45 320 M M 3 12 59 310
22 35 24 30 -16 35 0 T M M 16.7 33 300 M M 7 47 320
23 36 24 30 -16 35 0 0.05 M M 14.6 24 190 M M 9 12 38 190
24 M 28 M M M M M M M 25.6 38 160 M M 10 2 58 160
25 M M M M M M M M M M M M M M M M M
26 M M M M M M M M M M M M M M M M M
27 M M M M M M M M M M M M M M M M M
28 M M M M M M M M M M M M M M M M M
================================================================================
SM 1135 816 527 0 0.24 M 359.8 M 56
================================================================================
AV 49.3 34.0 15.0 FASTST M M 2 MAX(MPH)
MISC ----> 48 320 63 320
================================================================================
NOTES:
# LAST OF SEVERAL OCCURRENCES
COLUMN 17 PEAK WIND IN M.P.H.
PRELIMINARY LOCAL CLIMATOLOGICAL DATA (WS FORM: F-6) , PAGE 2
STATION: SANDBERG CA
MONTH: FEBRUARY
YEAR: 2023
LATITUDE: 34 45 N
LONGITUDE: 118 44 W
[TEMPERATURE DATA] [PRECIPITATION DATA] SYMBOLS USED IN COLUMN 16
AVERAGE MONTHLY: 41.7 TOTAL FOR MONTH: 0.24 1 = FOG OR MIST
DPTR FM NORMAL: -4.0 DPTR FM NORMAL: -3.48 2 = FOG REDUCING VISIBILITY
HIGHEST: 62 ON 20 GRTST 24HR 0.09 ON 5- 5 TO 1/4 MILE OR LESS
LOWEST: 22 ON 15 3 = THUNDER
SNOW, ICE PELLETS, HAIL 4 = ICE PELLETS
TOTAL MONTH: M 5 = HAIL
GRTST 24HR M ON M 6 = FREEZING RAIN OR DRIZZLE
GRTST DEPTH: M ON M 7 = DUSTSTORM OR SANDSTORM:
VSBY 1/2 MILE OR LESS
8 = SMOKE OR HAZE
[NO. OF DAYS WITH] [WEATHER - DAYS WITH] 9 = BLOWING SNOW
X = TORNADO
MAX 32 OR BELOW: 0 0.01 INCH OR MORE: 4
MAX 90 OR ABOVE: 0 0.10 INCH OR MORE: 0
MIN 32 OR BELOW: 12 0.50 INCH OR MORE: 0
MIN 0 OR BELOW: 0 1.00 INCH OR MORE: 0
[HDD (BASE 65) ]
TOTAL THIS MO. 527 CLEAR (SCALE 0-3) 18
DPTR FM NORMAL -15 PTCLDY (SCALE 4-7) 3
TOTAL FM JUL 1 2663 CLOUDY (SCALE 8-10) 7
DPTR FM NORMAL 263
[CDD (BASE 65) ]
TOTAL THIS MO. 0
DPTR FM NORMAL 0 [PRESSURE DATA]
TOTAL FM JAN 1 0 HIGHEST SLP M ON M
DPTR FM NORMAL 0 LOWEST SLP 30.12 ON 1
[REMARKS]
#FINAL-02-23#