000
CXUS56 KLOX 011155
CF6SDB
PRELIMINARY LOCAL CLIMATOLOGICAL DATA (WS FORM: F-6)
STATION: SANDBERG CA
MONTH: JULY
YEAR: 2022
LATITUDE: 34 45 N
LONGITUDE: 118 44 W
TEMPERATURE IN F: :PCPN: SNOW: WIND :SUNSHINE: SKY :PK WND
================================================================================
1 2 3 4 5 6A 6B 7 8 9 10 11 12 13 14 15 16 17 18
12Z AVG MX 2MIN
DY MAX MIN AVG DEP HDD CDD WTR SNW DPTH SPD SPD DIR MIN PSBL S-S WX SPD DR
================================================================================
1 83 62 73 -1 0 8 0.00 M M 10.4 16 160 M M 0 31 160
2 82 60 71 -3 0 6 0.00 M M 12.5 23 320 M M 0 36 310
3 77 55 66 -8 0 1 0.00 M M 10.5 17 330 M M 0 23 330
4 75 51 63 -11 2 0 0.00 M M 19.3 25 310 M M 0 41 310
5 78 56 67 -8 0 2 0.00 M M 9.9 22 320 M M 0 31 320
6 77 54 66 -9 0 1 0.00 M M 10.3 18 320 M M 0 31 160
7 86 59 73 -2 0 8 0.00 M M 12.5 24 160 M M 0 35 150
8 86 62 74 -1 0 9 0.00 M M 8.3 15 280 M M 0 M M
9 83 61 72 -4 0 7 0.00 M M 13.2 18 320 M M 0 30 330
10 90 63 77 1 0 12 0.00 M M 12.2 17 320 M M 0 25 320
11 92 68 80 4 0 15 0.00 M M 13.2 16 160 M M 0 28 160
12 89 65 77 1 0 12 0.00 M M 9.8 20 170 M M 0 29 170
13 92 65 79 3 0 14 0.00 M M 11.9 24 320 M M 0 31 140
14 95 69 82 6 0 17 0.00 M M 10.4 15 320 M M 0 18 310
15 94 72 83 6 0 18 0.00 M M 9.8 20 160 M M 0 30 140
16 98 75 87 10 0 22 0.00 M M 9.2 13 150 M M 0 20 150
17 96 71 84 7 0 19 0.00 M M 13.1 20 160 M M 0 33 150
18 92 70 81 4 0 16 0.00 M M 10.1 17 170 M M 1 25 310
19 91 70 81 4 0 16 0.00 M M 12.9 18 160 M M 0 31 180
20 92 72 82 5 0 17 0.00 M M 10.8 24 320 M M 0 35 320
21 89 71 80 3 0 15 0.00 M M 12.4 26 330 M M 0 37 340
22 81 70 76 -1 0 11 0.00 M M 16.3 21 340 M M 0 51 340
23 91 70 81 4 0 16 0.00 M M 17.3 25 330 M M 0 35 330
24 90 67 79 2 0 14 0.00 M M 6.1 9 200 M M 0 18 200
25 89 66 78 1 0 13 0.00 M M 11.2 18 160 M M 0 30 170
26 89 68 79 2 0 14 0.00 M M 11.2 20 160 M M 0 35 140
27 91 68 80 3 0 15 0.00 M M 14.8 23 320 M M 0 53 310
28 91 70 81 4 0 16 0.00 M M 12.8 25 340 M M 1 36 340
29 90 69 80 3 0 15 0.00 M M 11.1 20 170 M M 0 28 170
30 90 71 81 4 0 16 0.00 M M 11.0 22 170 M M 0 33 150
31 88 66 77 0 0 12 0.00 M M 12.3 21 150 M M 5 32 170
================================================================================
SM 2727 2036 2 377 0.00 M 366.7 M 7
================================================================================
AV 88.0 65.7 11.8 FASTST M M 0 MAX(MPH)
MISC ----> 26 330 53 310
================================================================================
NOTES:
# LAST OF SEVERAL OCCURRENCES
COLUMN 17 PEAK WIND IN M.P.H.
PRELIMINARY LOCAL CLIMATOLOGICAL DATA (WS FORM: F-6) , PAGE 2
STATION: SANDBERG CA
MONTH: JULY
YEAR: 2022
LATITUDE: 34 45 N
LONGITUDE: 118 44 W
[TEMPERATURE DATA] [PRECIPITATION DATA] SYMBOLS USED IN COLUMN 16
AVERAGE MONTHLY: 76.8 TOTAL FOR MONTH: 0.00 1 = FOG OR MIST
DPTR FM NORMAL: 0.5 DPTR FM NORMAL: -0.09 2 = FOG REDUCING VISIBILITY
HIGHEST: 98 ON 16 GRTST 24HR 0.00 ON 1- 1 TO 1/4 MILE OR LESS
LOWEST: 51 ON 4 3 = THUNDER
SNOW, ICE PELLETS, HAIL 4 = ICE PELLETS
TOTAL MONTH: M 5 = HAIL
GRTST 24HR M ON M 6 = FREEZING RAIN OR DRIZZLE
GRTST DEPTH: M ON M 7 = DUSTSTORM OR SANDSTORM:
VSBY 1/2 MILE OR LESS
8 = SMOKE OR HAZE
[NO. OF DAYS WITH] [WEATHER - DAYS WITH] 9 = BLOWING SNOW
X = TORNADO
MAX 32 OR BELOW: 0 0.01 INCH OR MORE: 0
MAX 90 OR ABOVE: 16 0.10 INCH OR MORE: 0
MIN 32 OR BELOW: 0 0.50 INCH OR MORE: 0
MIN 0 OR BELOW: 0 1.00 INCH OR MORE: 0
[HDD (BASE 65) ]
TOTAL THIS MO. 2 CLEAR (SCALE 0-3) 30
DPTR FM NORMAL -2 PTCLDY (SCALE 4-7) 1
TOTAL FM JUL 1 2 CLOUDY (SCALE 8-10) 0
DPTR FM NORMAL 2
[CDD (BASE 65) ]
TOTAL THIS MO. 377
DPTR FM NORMAL 24 [PRESSURE DATA]
TOTAL FM JAN 1 680 HIGHEST SLP M ON M
DPTR FM NORMAL 84 LOWEST SLP M ON M
[REMARKS]
#FINAL-07-22#