176
CXUS56 KLOX 011655
CF6SDB
PRELIMINARY LOCAL CLIMATOLOGICAL DATA (WS FORM: F-6)
STATION: SANDBERG CA
MONTH: SEPTEMBER
YEAR: 2019
LATITUDE: 34 45 N
LONGITUDE: 118 44 W
TEMPERATURE IN F: :PCPN: SNOW: WIND :SUNSHINE: SKY :PK WND
================================================================================
1 2 3 4 5 6A 6B 7 8 9 10 11 12 13 14 15 16 17 18
12Z AVG MX 2MIN
DY MAX MIN AVG DEP HDD CDD WTR SNW DPTH SPD SPD DIR MIN PSBL S-S WX SPD DR
================================================================================
1 96 73 85 12 0 20 0.00 0.0 0 8.5 21 320 M M 0 28 320
2 90 71 81 9 0 16 0.00 0.0 0 11.4 21 170 M M 1 30 150
3 91 71 81 9 0 16 0.00 0.0 0 8.7 20 170 M M 0 26 170
4 94 72 83 11 0 18 0.00 0.0 0 9.9 20 200 M M 0 26 210
5 92 73 83 11 0 18 0.00 0.0 0 9.3 21 190 M M 3 29 190
6 87 69 78 6 0 13 0.00 0.0 0 9.3 22 330 M M 0 27 320
7 87 55 71 -1 0 6 0.00 0.0 0 14.8 31 330 M M 0 8 42 310
8 70 47 59 -12 6 0 0.00 0.0 0 19.3 43 320 M M 0 46 320
9 74 54 64 -7 1 0 0.00 0.0 0 18.5 33 320 M M 0 42 320
10 71 50 61 -10 4 0 0.00 0.0 0 12.9 28 320 M M 1 33 320
11 82 51 67 -4 0 2 0.00 0.0 0 13.9 31 310 M M 0 39 320
12 87 65 76 6 0 11 0.00 0.0 0 10.8 26 90 M M 0 32 100
13 91 67 79 9 0 14 0.00 0.0 0 9.4 20 330 M M 0 23 110
14 92 70 81 11 0 16 0.00 0.0 0 9.1 18 120 M M 0 24 110
15 83 62 73 3 0 8 0.00 0.0 0 11.2 21 160 M M 0 28 170
16 77 52 65 -4 0 0 T 0.0 0 16.7 26 320 M M 1 37 160
17 69 47 58 -11 7 0 0.00 0.0 0 15.7 29 330 M M 0 33 330
18 77 51 64 -5 1 0 0.00 0.0 0 8.0 18 260 M M 0 23 240
19 64 49 57 -11 8 0 0.00 0.0 0 17.0 49 320 M M 1 1 63 340
20 75 50 63 -5 2 0 0.00 0.0 0 13.9 28 330 M M 0 31 320
21 78 56 67 -1 0 2 0.00 0.0 0 10.1 21 70 M M 0 28 60
22 81 62 72 4 0 7 0.00 0.0 0 10.4 21 190 M M 0 28 190
23 79 60 70 3 0 5 0.00 0.0 0 11.1 21 320 M M 1 28 150
24 85 60 73 6 0 8 0.00 0.0 0 13.8 28 310 M M 0 34 310
25 88 59 74 7 0 9 0.00 0.0 0 10.6 24 100 M M 0 30 80
26 73 54 64 -2 1 0 0.00 0.0 0 12.8 22 170 M M 3 128 28 170
27 70 54 62 -4 3 0 0.00 0.0 0 9.0 20 170 M M 3 12 25 300
28 54 42 48 -18 17 0 0.00 0.0 0 14.7 25 310 M M 10 12 33 310
29 56 38 47 -18 18 0 0.00 0.0 0 13.8 26 330 M M 0 31 320
30 56 39 48 -17 17 0 0.00 0.0 0 17.0 32 320 M M 0 39 330
================================================================================
SM 2369 1723 85 189 T 0.0 371.7 M 24
================================================================================
AV 79.0 57.4 12.4 FASTST M M 1 MAX(MPH)
MISC ----> # 49 320 # 63 340
================================================================================
NOTES:
# LAST OF SEVERAL OCCURRENCES
COLUMN 17 PEAK WIND IN M.P.H.
PRELIMINARY LOCAL CLIMATOLOGICAL DATA (WS FORM: F-6) , PAGE 2
STATION: SANDBERG CA
MONTH: SEPTEMBER
YEAR: 2019
LATITUDE: 34 45 N
LONGITUDE: 118 44 W
[TEMPERATURE DATA] [PRECIPITATION DATA] SYMBOLS USED IN COLUMN 16
AVERAGE MONTHLY: 68.2 TOTAL FOR MONTH: T 1 = FOG OR MIST
DPTR FM NORMAL: -1.1 DPTR FM NORMAL: -0.17 2 = FOG REDUCING VISIBILITY
HIGHEST: 96 ON 1 GRTST 24HR T ON 16-16 TO 1/4 MILE OR LESS
LOWEST: 38 ON 29 3 = THUNDER
SNOW, ICE PELLETS, HAIL 4 = ICE PELLETS
TOTAL MONTH: 0.0 INCH 5 = HAIL
GRTST 24HR 0.0 6 = FREEZING RAIN OR DRIZZLE
GRTST DEPTH: 0 7 = DUSTSTORM OR SANDSTORM:
VSBY 1/2 MILE OR LESS
8 = SMOKE OR HAZE
[NO. OF DAYS WITH] [WEATHER - DAYS WITH] 9 = BLOWING SNOW
X = TORNADO
MAX 32 OR BELOW: 0 0.01 INCH OR MORE: 0
MAX 90 OR ABOVE: 7 0.10 INCH OR MORE: 0
MIN 32 OR BELOW: 0 0.50 INCH OR MORE: 0
MIN 0 OR BELOW: 0 1.00 INCH OR MORE: 0
[HDD (BASE 65) ]
TOTAL THIS MO. 85 CLEAR (SCALE 0-3) 29
DPTR FM NORMAL 24 PTCLDY (SCALE 4-7) 0
TOTAL FM JUL 1 85 CLOUDY (SCALE 8-10) 1
DPTR FM NORMAL 7
[CDD (BASE 65) ]
TOTAL THIS MO. 189
DPTR FM NORMAL 0 [PRESSURE DATA]
TOTAL FM JAN 1 1086 HIGHEST SLP 30.03 ON 6
DPTR FM NORMAL 140 LOWEST SLP 29.75 ON 28
[REMARKS]
#FINAL-09-19#