000
CXUS55 KPSR 011005
CF6SDL
PRELIMINARY LOCAL CLIMATOLOGICAL DATA (WS FORM: F-6)
STATION: SCOTTSDALE AZ
MONTH: JULY
YEAR: 2023
LATITUDE: 33 37 N
LONGITUDE: 111 54 W
TEMPERATURE IN F: :PCPN: SNOW: WIND :SUNSHINE: SKY :PK WND
================================================================================
1 2 3 4 5 6A 6B 7 8 9 10 11 12 13 14 15 16 17 18
12Z AVG MX 2MIN
DY MAX MIN AVG DEP HDD CDD WTR SNW DPTH SPD SPD DIR MIN PSBL S-S WX SPD DR
================================================================================
1 110 80 95 2 0 30 0.00 M M 4.1 15 240 M M 0 21 240
2 110 81 96 3 0 31 0.00 M M 5.0 16 230 M M 0 24 240
3 113 83 98 5 0 33 0.00 M M 5.5 16 250 M M 0 25 230
4 108 85 97 4 0 32 0.00 M M 5.3 16 250 M M 0 23 260
5 107 83 95 2 0 30 0.00 0.0 0 4.7 16 240 M M 0 24 220
6 111 80 96 3 0 31 0.00 0.0 0 3.9 15 270 M M 0 21 260
7 108 82 95 2 0 30 0.00 M M 4.0 12 260 M M 0 18 260
8 109 83 96 3 0 31 0.00 M M 4.1 10 180 M M 0 17 270
9 108 84 96 2 0 31 0.00 0.0 0 3.4 12 270 M M 0 17 300
10 107 87 97 3 0 32 0.00 0.0 0 4.2 13 280 M M 0 18 280
11 106 90 98 4 0 33 0.00 M M 6.2 15 260 M M 0 24 250
12 107 90 99 5 0 34 0.00 M M 3.5 13 270 M M 0 19 270
13 110 90 100 6 0 35 0.00 M M 5.6 16 230 M M 0 25 260
14 112 92 102 8 0 37 0.00 M M 6.2 15 240 M M 0 24 250
15 115 90 103 9 0 38 0.00 M M 5.0 14 230 M M 1 30 280
16 110 92 101 7 0 36 0.00 M M 5.6 13 250 M M 0 20 180
17 113 92 103 9 0 38 0.00 M M 6.4 22 180 M M 0 8 37 180
18 113 92 103 9 0 38 0.00 M M 4.2 15 270 M M 1 23 260
19 115 91 103 9 0 38 0.00 M M 4.2 16 230 M M 1 26 210
20 115 90 103 9 0 38 0.00 M M 4.2 16 260 M M 1 23 290
21 112 88 100 6 0 35 0.00 M M 6.1 21 180 M M 0 8 33 180
22 114 90 102 9 0 37 0.00 M M 5.7 22 40 M M 1 8 31 150
23 109 89 99 6 0 34 0.00 M M 5.1 16 140 M M 0 28 140
24 113 91 102 9 0 37 0.00 M M 4.0 16 250 M M 1 23 250
25 116 90 103 10 0 38 0.00 M M 3.0 13 270 M M 2 19 320
26 114 77 96 3 0 31 0.03 M M 7.0 36 140 M M 2 38 63 160
27 111 82 97 4 0 32 0.00 M M 5.6 14 240 M M 0 22 240
28 112 91 102 9 0 37 T M M 5.8 16 10 M M 1 24 80
29 112 90 101 8 0 36 0.00 M M 4.6 13 250 M M 1 17 230
30 108 94 101 8 0 36 T M M 5.7 16 190 M M 0 3 24 210
31 103 81 92 -1 0 27 0.01 M M 6.1 21 140 M M 0 3 31 150
================================================================================
SM 3431 2700 01056 0.04 0.0 154.0 M 12
================================================================================
AV110.7 87.1 5.0 FASTST M M 0 MAX(MPH)
MISC ----> 36 140 63 160
================================================================================
NOTES:
# LAST OF SEVERAL OCCURRENCES
COLUMN 17 PEAK WIND IN M.P.H.
PRELIMINARY LOCAL CLIMATOLOGICAL DATA (WS FORM: F-6) , PAGE 2
STATION: SCOTTSDALE AZ
MONTH: JULY
YEAR: 2023
LATITUDE: 33 37 N
LONGITUDE: 111 54 W
[TEMPERATURE DATA] [PRECIPITATION DATA] SYMBOLS USED IN COLUMN 16
AVERAGE MONTHLY: 98.9 TOTAL FOR MONTH: 0.04 1 = FOG OR MIST
DPTR FM NORMAL: 5.5 DPTR FM NORMAL: -0.86 2 = FOG REDUCING VISIBILITY
HIGHEST: 116 ON 25 GRTST 24HR 0.03 ON 26-26 TO 1/4 MILE OR LESS
LOWEST: 77 ON 26 3 = THUNDER
SNOW, ICE PELLETS, HAIL 4 = ICE PELLETS
TOTAL MONTH: 0.0 INCH 5 = HAIL
GRTST 24HR 0.0 6 = FREEZING RAIN OR DRIZZLE
GRTST DEPTH: 0 7 = DUSTSTORM OR SANDSTORM:
VSBY 1/2 MILE OR LESS
8 = SMOKE OR HAZE
[NO. OF DAYS WITH] [WEATHER - DAYS WITH] 9 = BLOWING SNOW
X = TORNADO
MAX 32 OR BELOW: 0 0.01 INCH OR MORE: 2
MAX 90 OR ABOVE: 31 0.10 INCH OR MORE: 0
MIN 32 OR BELOW: 0 0.50 INCH OR MORE: 0
MIN 0 OR BELOW: 0 1.00 INCH OR MORE: 0
[HDD (BASE 65) ]
TOTAL THIS MO. 0 CLEAR (SCALE 0-3) 31
DPTR FM NORMAL 0 PTCLDY (SCALE 4-7) 0
TOTAL FM JUL 1 0 CLOUDY (SCALE 8-10) 0
DPTR FM NORMAL 0
[CDD (BASE 65) ]
TOTAL THIS MO. 1056
DPTR FM NORMAL 177 [PRESSURE DATA]
TOTAL FM JAN 1 2400 HIGHEST SLP 29.95 ON 31
DPTR FM NORMAL 103 LOWEST SLP 29.58 ON 7
[REMARKS]
#FINAL-07-23#