000
CXUS56 KTFX 280915
CF6SDY
27
PRELIMINARY LOCAL CLIMATOLOGICAL DATA (WS FORM: F-6)
STATION: SIDNEY APT MT
MONTH: February
YEAR: 2021
LATITUDE: 47.72 N
LONGITUDE: 104.18 W
TEMPERATURE IN F: :PCPN: SNOW: WIND :SUNSHINE: SKY :PK WND
================================================================================
1 2 3 4 5 6A 6B 7 8 9 10 11 12 13 14 15 16 17 18
12Z AVG MX 2MIN
DY MAX MIN AVG DEP HDD CDD WTR SNW DPTH SPD SPD DIR MIN PSBL S-S WX SPD DR
================================================================================
01 58 19 38 19 27 0 0.00 M M 5.8 M M M M M 17 190
02 35 4 19 0 46 0 0.00 M M 7.9 M M M M M 22 200
03 17 -1 8 -12 57 0 0.00 M M 13.3 M M M M M 32 340
04 11 -6 2 -18 63 0 0.00 M M 10.3 M M M M M 24 310
05 -1 -22 -11 -31 76 0 0.00 M M 11.6 M M M M M 28 350
06 -4 -25 -14 -34 79 0 0.00 M M 5.8 M M M M M 23 350
07 -2 -29 -15 -36 80 0 0.00 M M 5.2 M M M M M 13 340
08 -1 -16 -8 -29 73 0 0.00 M M 6.1 M M M M M 24 330
09 -2 -23 -12 -33 77 0 0.00 M M 12.9 M M M M M 28 300
10 -10 -25 -17 -38 82 0 0.00 M M 6.2 M M M M M 20 310
11 -10 -25 -17 -39 82 0 0.00 M M 10.6 M M M M M 26 290
12 -7 -31 -19 -41 84 0 0.00 M M 9.9 M M M M M 24 300
13 3 -32 -14 -36 79 0 0.00 M M 4.1 M M M M M 17 350
14 15 -20 -2 -24 67 0 0.00 M M 2.8 M M M M M 14 140
15 8 -7 0 -23 65 0 0.00 M M 10.4 M M M M M 29 140
16 18 -2 8 -15 57 0 0.00 M M 6.6 M M M M M 15 130
17 22 -7 7 -16 58 0 0.00 M M 5.1 M M M M M 18 320
18 33 -6 13 -11 52 0 0.00 M M 7.3 M M M M M 20 260
19 44 12 28 4 37 0 0.00 M M 8.6 M M M M M 22 210
20 47 13 30 6 35 0 0.00 M M 8.7 M M M M M 24 290
21 53 31 42 17 23 0 0.00 M M 15.5 M M M M M 35 280
22 40 22 31 6 34 0 0.00 M M 17.6 M M M M M 45 290
23 36 17 26 1 39 0 0.04 M M 12.6 M M M M M 37 280
24 46 15 30 4 35 0 0.00 M M 10.4 M M M M M 26 330
25 47 20 33 7 32 0 0.00 M M 16.6 M M M M M 40 220
26 27 7 17 -9 48 0 0.00 M M 12.5 M M M M M 32 320
27 27 9 18 -9 47 0 0.00 M M 8.5 M M M M M M M
================================================================================
SM 550 -108 1534 0 0.04 252.9
================================================================================
AV 20.4 -4.0 9.4 MAX(MPH)
45
[TEMPERATURE DATA] [PRECIPITATION DATA]
Average Monthly: 8.2 Total for Month: 0.04
Dptr fm Normal: -14.4 Dptr fm Normal: -0.27