000
CXUS54 KFWD 010731
CF6SEP
PRELIMINARY LOCAL CLIMATOLOGICAL DATA (WS FORM: F-6)
STATION: STEPHENVILLE
MONTH: MARCH
YEAR: 2023
LATITUDE: 32 13 N
LONGITUDE: 98 11 W
TEMPERATURE IN F: :PCPN: SNOW: WIND :SUNSHINE: SKY :PK WND
================================================================================
1 2 3 4 5 6A 6B 7 8 9 10 11 12 13 14 15 16 17 18
12Z AVG MX 2MIN
DY MAX MIN AVG DEP HDD CDD WTR SNW DPTH SPD SPD DIR MIN PSBL S-S WX SPD DR
================================================================================
1 69 56 63 12 2 0 0.02 M M 3.5 13 330 M M 4 M M
2 79 51 65 14 0 0 0.47 M M 11.4 29 350 M M 5 37 350
3 65 40 53 2 12 0 0.14 M M 9.8 22 250 M M 1 44 260
4 77 43 60 9 5 0 0.00 M M 5.8 14 240 M M 0 20 230
5 79 48 64 12 1 0 0.00 M M 9.4 18 170 M M 0 25 180
6 80 52 66 14 0 1 0.00 M M 7.2 14 240 M M 0 20 210
7 78 57 68 16 0 3 0.00 M M 4.6 8 80 M M 7 M M
8 64 47 56 4 9 0 0.00 M M 9.1 13 350 M M 10 18 340
9 69 49 59 6 6 0 0.02 M M 5.1 18 10 M M 10 23 10
10 68 47 58 5 7 0 0.00 M M 6.7 15 10 M M 5 21 10
11 90 55 73 20 0 8 0.00 M M 10.2 17 230 M M 3 24 220
12 67 49 58 4 7 0 M M M 12.7 18 360 M M 0 24 360
13 60 38 49 -5 16 0 0.00 M M 8.3 14 60 M M 1 21 50
14 55 38 47 -7 18 0 M M M 5.1 12 90 M M 6 M M
15 70 44 57 3 8 0 0.00 M M 11.2 17 180 M M 9 26 180
16 83 42 63 8 2 0 0.01 M M 16.6 29 340 M M 7 40 340
17 54 37 46 -9 19 0 0.00 M M 14.1 28 350 M M 2 35 350
18 56 36 46 -9 19 0 0.00 M M 5.9 14 350 M M 1 22 350
19 58 28 43 -13 22 0 0.00 M M 3.2 9 70 M M 0 M M
20 58 35 47 -9 18 0 0.00 M M 11.6 23 180 M M 7 33 180
21 77 49 63 7 2 0 0.00 M M 12.9 17 160 M M 7 28 170
22 87 64 76 20 0 11 0.00 M M 11.3 17 190 M M 4 24 180
23 83 66 75 18 0 10 0.00 M M 11.9 16 180 M M 6 26 180
24 76 56 66 9 0 1 0.81 M M 10.7 26 270 M M 6 43 270
25 75 44 60 3 5 0 0.00 M M 6.2 20 260 M M 0 24 260
26 77 44 61 3 4 0 0.00 M M 4.4 13 330 M M 0 16 360
27 66 47 57 -1 8 0 0.17 M M 5.4 9 40 M M 5 M M
28 63 44 54 -4 11 0 0.00 M M 10.3 16 30 M M 2 25 360
29 68 46 57 -1 8 0 0.08 M M 5.7 12 150 M M 9 16 140
30 72 57 65 6 0 0 0.01 M M 12.9 21 160 M M 10 30 160
31 83 59 71 12 0 6 0.00 M M 13.0 18 280 M M 4 31 270
================================================================================
SM 2206 1468 209 40 1.73 M 276.3 M 131
================================================================================
AV 71.2 47.4 8.9 FASTST M M 4 MAX(MPH)
MISC ----> # 29 350 44 260
================================================================================
NOTES:
# LAST OF SEVERAL OCCURRENCES
COLUMN 17 PEAK WIND IN M.P.H.
PRELIMINARY LOCAL CLIMATOLOGICAL DATA (WS FORM: F-6) , PAGE 2
STATION: STEPHENVILLE
MONTH: MARCH
YEAR: 2023
LATITUDE: 32 13 N
LONGITUDE: 98 11 W
[TEMPERATURE DATA] [PRECIPITATION DATA] SYMBOLS USED IN COLUMN 16
AVERAGE MONTHLY: 59.3 TOTAL FOR MONTH: 1.73 1 = FOG OR MIST
DPTR FM NORMAL: 4.5 DPTR FM NORMAL: -1.13 2 = FOG REDUCING VISIBILITY
HIGHEST: 90 ON 11 GRTST 24HR 0.81 ON 24-24 TO 1/4 MILE OR LESS
LOWEST: 28 ON 19 3 = THUNDER
SNOW, ICE PELLETS, HAIL 4 = ICE PELLETS
TOTAL MONTH: M 5 = HAIL
GRTST 24HR M ON M 6 = FREEZING RAIN OR DRIZZLE
GRTST DEPTH: M ON M 7 = DUSTSTORM OR SANDSTORM:
VSBY 1/2 MILE OR LESS
8 = SMOKE OR HAZE
[NO. OF DAYS WITH] [WEATHER - DAYS WITH] 9 = BLOWING SNOW
X = TORNADO
MAX 32 OR BELOW: 0 0.01 INCH OR MORE: 9
MAX 90 OR ABOVE: 1 0.10 INCH OR MORE: 4
MIN 32 OR BELOW: 1 0.50 INCH OR MORE: 1
MIN 0 OR BELOW: 0 1.00 INCH OR MORE: 0
[HDD (BASE 65) ]
TOTAL THIS MO. 209 CLEAR (SCALE 0-3) 13
DPTR FM NORMAL -125 PTCLDY (SCALE 4-7) 13
TOTAL FM JUL 1 1956 CLOUDY (SCALE 8-10) 5
DPTR FM NORMAL -621
[CDD (BASE 65) ]
TOTAL THIS MO. 40
DPTR FM NORMAL 23 [PRESSURE DATA]
TOTAL FM JAN 1 68 HIGHEST SLP M ON M
DPTR FM NORMAL 48 LOWEST SLP M ON M
[REMARKS]
#FINAL-03-23#