000
CXUS55 KSEW 011030
CF6SEW
PRELIMINARY LOCAL CLIMATOLOGICAL DATA (WS FORM: F-6)
STATION: SEATTLE WA WFO
MONTH: FEBRUARY
YEAR: 2023
LATITUDE: 47 41 N
LONGITUDE: 122 15 W
TEMPERATURE IN F: :PCPN: SNOW: WIND :SUNSHINE: SKY :PK WND
================================================================================
1 2 3 4 5 6A 6B 7 8 9 10 11 12 13 14 15 16 17 18
12Z AVG MX 2MIN
DY MAX MIN AVG DEP HDD CDD WTR SNW DPTH SPD SPD DIR MIN PSBL S-S WX SPD DR
================================================================================
1 48 33 41 -2 24 0 0.00 0.0 0 M M M M M M M M
2 55 33 44 1 21 0 0.00 0.0 0 M M M M M M M M
3 51 37 44 1 21 0 0.33 0.0 0 M M M M M M M M
4 53 44 49 6 16 0 0.07 0.0 0 M M M M M M M M
5 47 42 45 2 20 0 0.16 0.0 0 M M M M M M M M
6 50 43 47 4 18 0 T 0.0 0 M M M M M M 1 M M
7 52 41 47 4 18 0 0.13 0.0 0 M M M M M M M M
8 49 37 43 0 22 0 0.00 0.0 0 M M M M M M M M
9 57 41 49 6 16 0 0.06 0.0 0 M M M M M M M M
10 54 44 49 6 16 0 0.00 0.0 0 M M M M M M M M
11 51 36 44 1 21 0 0.01 0.0 0 M M M M M M M M
12 50 33 42 -1 23 0 0.00 0.0 0 M M M M M M M M
13 48 36 42 -1 23 0 0.24 T 0 M M M M M M 35 M M
14 45 30 38 -5 27 0 0.01 T 0 M M M M M M M M
15 47 28 38 -5 27 0 0.00 0.0 0 M M M M M M M M
16 46 34 40 -3 25 0 T 0.0 0 M M M M M M M M
17 44 40 42 -1 23 0 0.30 0.0 0 M M M M M M 1 M M
18 48 40 44 1 21 0 0.03 0.0 0 M M M M M M 1 M M
19 46 40 43 -1 22 0 0.13 0.0 0 M M M M M M 1 M M
20 48 44 46 2 19 0 0.27 0.0 0 M M M M M M M M
21 48 37 43 -1 22 0 0.19 T 0 M M M M M M M M
22 37 31 34 -10 31 0 0.03 0.4 0 M M M M M M 1 M M
23 37 26 32 -12 33 0 0.00 0.0 0 M M M M M M M M
24 40 25 33 -11 32 0 0.00 0.0 0 M M M M M M M M
25 44 23 34 -10 31 0 0.01 0.0 0 M M M M M M M M
26 47 32 40 -4 25 0 0.26 0.4 T M M M M M M M M
27 42 35 39 -5 26 0 0.08 0.0 0 M M M M M M M M
28 41 30 36 -8 29 0 0.15 T 0 M M M M M M 12 M M
================================================================================
SM 1325 995 652 0 2.46 0.8 M M M
================================================================================
AV 47.3 35.5 M FASTST M M M MAX(MPH)
MISC ----> M M M M
================================================================================
NOTES:
# LAST OF SEVERAL OCCURRENCES
COLUMN 17 PEAK WIND IN M.P.H.
PRELIMINARY LOCAL CLIMATOLOGICAL DATA (WS FORM: F-6) , PAGE 2
STATION: SEATTLE WA WFO
MONTH: FEBRUARY
YEAR: 2023
LATITUDE: 47 41 N
LONGITUDE: 122 15 W
[TEMPERATURE DATA] [PRECIPITATION DATA] SYMBOLS USED IN COLUMN 16
AVERAGE MONTHLY: 41.4 TOTAL FOR MONTH: 2.46 1 = FOG OR MIST
DPTR FM NORMAL: -2.0 DPTR FM NORMAL: -1.08 2 = FOG REDUCING VISIBILITY
HIGHEST: 57 ON 9 GRTST 24HR 0.33 ON 3- 3 TO 1/4 MILE OR LESS
LOWEST: 23 ON 25 3 = THUNDER
SNOW, ICE PELLETS, HAIL 4 = ICE PELLETS
TOTAL MONTH: 0.8 INCH 5 = HAIL
GRTST 24HR 0.4 ON 22-22 6 = FREEZING RAIN OR DRIZZLE
GRTST DEPTH: T 7 = DUSTSTORM OR SANDSTORM:
VSBY 1/2 MILE OR LESS
8 = SMOKE OR HAZE
[NO. OF DAYS WITH] [WEATHER - DAYS WITH] 9 = BLOWING SNOW
X = TORNADO
MAX 32 OR BELOW: 0 0.01 INCH OR MORE: 18
MAX 90 OR ABOVE: 0 0.10 INCH OR MORE: 10
MIN 32 OR BELOW: 8 0.50 INCH OR MORE: 0
MIN 0 OR BELOW: 0 1.00 INCH OR MORE: 0
[HDD (BASE 65) ]
TOTAL THIS MO. 652 CLEAR (SCALE 0-3) 0
DPTR FM NORMAL 47 PTCLDY (SCALE 4-7) 0
TOTAL FM JUL 1 3009 CLOUDY (SCALE 8-10) 28
DPTR FM NORMAL -95
[CDD (BASE 65) ]
TOTAL THIS MO. 0
DPTR FM NORMAL 0 [PRESSURE DATA]
TOTAL FM JAN 1 0 HIGHEST SLP M ON M
DPTR FM NORMAL 0 LOWEST SLP M ON M
[REMARKS]
#FINAL-02-23#