000
CXUS56 KMTR 011100
CF6SFD
PRELIMINARY LOCAL CLIMATOLOGICAL DATA (WS FORM: F-6)
STATION: SAN FRANCISCO DWTN CA
MONTH: NOVEMBER
YEAR: 2021
LATITUDE: 37 46 N
LONGITUDE: 122 26 W
TEMPERATURE IN F: :PCPN: SNOW: WIND :SUNSHINE: SKY :PK WND
================================================================================
1 2 3 4 5 6A 6B 7 8 9 10 11 12 13 14 15 16 17 18
12Z AVG MX 2MIN
DY MAX MIN AVG DEP HDD CDD WTR SNW DPTH SPD SPD DIR MIN PSBL S-S WX SPD DR
================================================================================
1 61 59 60 0 5 0 0.23 M 0 M M M M M M M M
2 67 58 63 3 2 0 0.00 M 0 M M M M M M M M
3 70 55 63 3 2 0 0.00 M 0 M M M M M M M M
4 64 56 60 0 5 0 0.14 M 0 M M M M M M M M
5 64 51 58 -1 7 0 0.00 M 0 M M M M M M M M
6 62 55 59 0 6 0 0.00 M 0 M M M M M M M M
7 60 49 55 -4 10 0 0.00 M 0 M M M M M M M M
8 63 50 57 -2 8 0 0.56 M 0 M M M M M M M M
9 62 51 57 -2 8 0 0.34 M 0 M M M M M M M M
10 65 56 61 3 4 0 0.00 M 0 M M M M M M M M
11 69 53 61 3 4 0 0.00 M 0 M M M M M M M M
12 70 56 63 5 2 0 0.00 M 0 M M M M M M M M
13 72 55 64 6 1 0 0.00 M 0 M M M M M M M M
14 62 54 58 0 7 0 0.00 M 0 M M M M M M M M
15 60 53 57 0 8 0 0.00 M 0 M M M M M M M M
16 62 54 58 1 7 0 0.00 M 0 M M M M M M M M
17 65 51 58 1 7 0 0.00 M 0 M M M M M M M M
18 59 52 56 -1 9 0 0.00 M 0 M M M M M M M M
19 59 54 57 1 8 0 0.01 M 0 M M M M M M M M
20 65 52 59 3 6 0 0.00 M 0 M M M M M M M M
21 68 50 59 3 6 0 0.00 M 0 M M M M M M M M
22 66 51 59 3 6 0 0.00 M 0 M M M M M M M M
23 63 50 57 1 8 0 0.00 M 0 M M M M M M M M
24 65 49 57 2 8 0 0.00 M 0 M M M M M M M M
25 62 50 56 1 9 0 0.00 M 0 M M M M M M M M
26 64 51 58 3 7 0 0.00 M 0 M M M M M M M M
27 68 51 60 5 5 0 0.00 M 0 M M M M M M M M
28 67 54 61 6 4 0 0.00 M 0 M M M M M M M M
29 68 52 60 6 5 0 0.00 M 0 M M M M M M M M
30 70 51 61 7 4 0 0.00 M 0 M M M M M M M M
================================================================================
SM 1942 1583 178 0 1.28 M M M M
================================================================================
AV 64.7 52.8 M FASTST M M M MAX(MPH)
MISC ----> M M M M
================================================================================
NOTES:
# LAST OF SEVERAL OCCURRENCES
COLUMN 17 PEAK WIND IN M.P.H.
PRELIMINARY LOCAL CLIMATOLOGICAL DATA (WS FORM: F-6) , PAGE 2
STATION: SAN FRANCISCO DWTN CA
MONTH: NOVEMBER
YEAR: 2021
LATITUDE: 37 46 N
LONGITUDE: 122 26 W
[TEMPERATURE DATA] [PRECIPITATION DATA] SYMBOLS USED IN COLUMN 16
AVERAGE MONTHLY: 58.8 TOTAL FOR MONTH: 1.28 1 = FOG OR MIST
DPTR FM NORMAL: 1.5 DPTR FM NORMAL: -1.32 2 = FOG REDUCING VISIBILITY
HIGHEST: 72 ON 13 GRTST 24HR 0.90 ON 8- 9 TO 1/4 MILE OR LESS
LOWEST: 49 ON 24, 7 3 = THUNDER
SNOW, ICE PELLETS, HAIL 4 = ICE PELLETS
TOTAL MONTH: M 5 = HAIL
GRTST 24HR M ON M 6 = FREEZING RAIN OR DRIZZLE
GRTST DEPTH: 0 7 = DUSTSTORM OR SANDSTORM:
VSBY 1/2 MILE OR LESS
8 = SMOKE OR HAZE
[NO. OF DAYS WITH] [WEATHER - DAYS WITH] 9 = BLOWING SNOW
X = TORNADO
MAX 32 OR BELOW: 0 0.01 INCH OR MORE: 5
MAX 90 OR ABOVE: 0 0.10 INCH OR MORE: 4
MIN 32 OR BELOW: 0 0.50 INCH OR MORE: 1
MIN 0 OR BELOW: 0 1.00 INCH OR MORE: 0
[HDD (BASE 65) ]
TOTAL THIS MO. 178 CLEAR (SCALE 0-3) 0
DPTR FM NORMAL -60 PTCLDY (SCALE 4-7) 0
TOTAL FM JUL 1 692 CLOUDY (SCALE 8-10) 30
DPTR FM NORMAL -36
[CDD (BASE 65) ]
TOTAL THIS MO. 0
DPTR FM NORMAL -4 [PRESSURE DATA]
TOTAL FM JAN 1 63 HIGHEST SLP M ON M
DPTR FM NORMAL -58 LOWEST SLP 9999.00 ON 1
[REMARKS]
#FINAL-11-21#