000
CXUS56 KOTX 030131
CF6SFF
PRELIMINARY LOCAL CLIMATOLOGICAL DATA (WS FORM: F-6)
STATION: SPOKANE WA FELTS AIRPORT
MONTH: JANUARY
YEAR: 2022
LATITUDE: 47 40 N
LONGITUDE: 117 20 W
TEMPERATURE IN F: :PCPN: SNOW: WIND :SUNSHINE: SKY :PK WND
================================================================================
1 2 3 4 5 6A 6B 7 8 9 10 11 12 13 14 15 16 17 18
12Z AVG MX 2MIN
DY MAX MIN AVG DEP HDD CDD WTR SNW DPTH SPD SPD DIR MIN PSBL S-S WX SPD DR
================================================================================
1 18 10 14 -17 51 0 0.00 M M 1.9 8 240 M M 9 10 250
2 33 12 23 -8 42 0 0.00 M M 1.2 8 90 M M 4 10 80
3 41 30 36 5 29 0 0.10 M M 9.4 24 200 M M 10 1 34 190
4 34 28 31 0 34 0 0.05 M M 5.0 13 230 M M 10 12 15 230
5 32 25 29 -2 36 0 0.08 M M 2.2 8 230 M M 8 1 9 230
6 36 26 31 0 34 0 0.62 M M 3.3 9 90 M M 10 16 12 100
7 43 31 37 6 28 0 0.29 M M 16.1 33 230 M M 8 1 45 230
8 34 22 28 -3 37 0 0.00 M M 4.1 14 220 M M 1 1 17 210
9 36 18 27 -4 38 0 0.00 M M 0.8 6 70 M M 2 12 6 10
10 34 17 26 -5 39 0 T M M 0.7 6 100 M M 5 1 M M
11 41 30 36 4 29 0 0.10 M M 2.5 7 90 M M 10 1 10 90
12 44 30 37 5 28 0 0.12 M M 3.3 10 120 M M 8 12 12 120
13 38 28 33 1 32 0 0.00 M M 1.3 12 100 M M 6 12 16 100
14 38 28 33 1 32 0 0.00 M M 1.8 10 80 M M 10 12 13 90
15 40 32 36 4 29 0 0.00 M M 2.0 8 220 M M 9 1 12 90
16 37 29 33 1 32 0 0.00 M M 1.8 8 70 M M 9 1 10 70
17 40 30 35 3 30 0 0.00 M M 2.3 12 250 M M 6 1 15 240
18 38 33 36 4 29 0 0.03 M M 2.1 15 240 M M 10 1 21 230
19 40 34 37 5 28 0 0.02 M M 0.6 6 90 M M 10 1 6 90
20 41 33 37 5 28 0 0.55 M M 3.9 13 210 M M 10 1 15 200
21 40 29 35 3 30 0 0.00 M M 2.6 13 210 M M 3 1 15 240
22 36 26 31 -1 34 0 0.00 M M 0.6 6 120 M M 9 12 6 60
23 32 29 31 -1 34 0 0.00 M M 1.4 9 90 M M 10 12 11 80
24 31 28 30 -2 35 0 0.00 M M 1.9 9 190 M M 10 12 12 190
25 33 29 31 -1 34 0 T M M 2.5 9 220 M M 10 1 11 220
26 33 31 32 0 33 0 0.00 M M 2.3 8 210 M M 10 11 210
27 37 23 30 -2 35 0 0.00 M M 1.6 7 230 M M 2 10 20
28 33 21 27 -6 38 0 0.00 M M 1.1 7 220 M M 5 12 9 90
29 33 21 27 -6 38 0 0.00 M M 1.1 8 90 M M 6 1 10 90
30 41 26 34 1 31 0 0.01 M M 2.9 23 230 M M 9 8 32 240
31 38 24 31 -2 34 0 T M M 6.9 16 240 M M 6 26 250
================================================================================
SM 1125 813 1041 0 1.97 M 91.2 M 235
================================================================================
AV 36.3 26.2 2.9 FASTST M M 8 MAX(MPH)
MISC ----> 33 230 45 230
================================================================================
NOTES:
# LAST OF SEVERAL OCCURRENCES
COLUMN 17 PEAK WIND IN M.P.H.
PRELIMINARY LOCAL CLIMATOLOGICAL DATA (WS FORM: F-6) , PAGE 2
STATION: SPOKANE WA FELTS AIRPORT
MONTH: JANUARY
YEAR: 2022
LATITUDE: 47 40 N
LONGITUDE: 117 20 W
[TEMPERATURE DATA] [PRECIPITATION DATA] SYMBOLS USED IN COLUMN 16
AVERAGE MONTHLY: 31.3 TOTAL FOR MONTH: 1.97 1 = FOG OR MIST
DPTR FM NORMAL: -0.5 DPTR FM NORMAL: -0.03 2 = FOG REDUCING VISIBILITY
HIGHEST: 44 ON 12 GRTST 24HR 0.62 ON 6- 6 TO 1/4 MILE OR LESS
LOWEST: 10 ON 1 3 = THUNDER
SNOW, ICE PELLETS, HAIL 4 = ICE PELLETS
TOTAL MONTH: M 5 = HAIL
GRTST 24HR M ON M 6 = FREEZING RAIN OR DRIZZLE
GRTST DEPTH: M ON M 7 = DUSTSTORM OR SANDSTORM:
VSBY 1/2 MILE OR LESS
8 = SMOKE OR HAZE
[NO. OF DAYS WITH] [WEATHER - DAYS WITH] 9 = BLOWING SNOW
X = TORNADO
MAX 32 OR BELOW: 4 0.01 INCH OR MORE: 11
MAX 90 OR ABOVE: 0 0.10 INCH OR MORE: 6
MIN 32 OR BELOW: 28 0.50 INCH OR MORE: 2
MIN 0 OR BELOW: 0 1.00 INCH OR MORE: 0
[HDD (BASE 65) ]
TOTAL THIS MO. 1041 CLEAR (SCALE 0-3) 4
DPTR FM NORMAL 12 PTCLDY (SCALE 4-7) 8
TOTAL FM JUL 1 3374 CLOUDY (SCALE 8-10) 19
DPTR FM NORMAL -182
[CDD (BASE 65) ]
TOTAL THIS MO. 0
DPTR FM NORMAL 0 [PRESSURE DATA]
TOTAL FM JAN 1 0 HIGHEST SLP 30.69 ON 27
DPTR FM NORMAL 0 LOWEST SLP 29.26 ON 7
[REMARKS]
#FINAL-01-22#