000
CXUS54 KHGX 021158
CF6SGR
PRELIMINARY LOCAL CLIMATOLOGICAL DATA (WS FORM: F-6)
STATION: SUGAR LAND/HULL FLD
MONTH: FEBRUARY
YEAR: 2023
LATITUDE: 29 37 N
LONGITUDE: 95 39 W
TEMPERATURE IN F: :PCPN: SNOW: WIND :SUNSHINE: SKY :PK WND
================================================================================
1 2 3 4 5 6A 6B 7 8 9 10 11 12 13 14 15 16 17 18
12Z AVG MX 2MIN
DY MAX MIN AVG DEP HDD CDD WTR SNW DPTH SPD SPD DIR MIN PSBL S-S WX SPD DR
================================================================================
1 41 36 39 -17 26 0 0.10 0.0 0 11.0 18 10 M M 10 1 24 30
2 43 39 41 -15 24 0 0.11 0.0 0 10.5 18 350 M M 10 1 27 340
3 59 38 49 -8 16 0 0.00 0.0 0 7.5 15 10 M M 5 1 21 320
4 66 33 50 -7 15 0 0.00 0.0 0 5.5 14 150 M M 0 1 18 180
5 76 47 62 5 3 0 0.00 0.0 0 4.4 14 240 M M 3 1 18 230
6 77 52 65 8 0 0 0.00 0.0 0 10.8 22 140 M M 4 12 30 170
7 77 63 70 13 0 5 0.01 0.0 0 11.3 21 150 M M 9 28 130
8 79 43 61 3 4 0 0.53 0.0 0 11.3 25 290 M M 7 13 37 280
9 73 39 56 -2 9 0 0.00 0.0 0 2.8 14 160 M M 0 12 17 160
10 60 43 52 -6 13 0 0.00 0.0 0 10.8 23 340 M M 3 1 33 340
11 55 37 46 -12 19 0 0.00 0.0 0 10.3 20 350 M M 2 27 330
12 65 35 50 -8 15 0 0.00 0.0 0 3.3 9 180 M M 0 1 13 180
13 75 42 59 1 6 0 0.00 0.0 0 5.7 17 140 M M 1 1 21 140
14 81 63 72 13 0 7 0.05 0.0 0 12.4 28 240 M M 6 1 38 220
15 79 66 73 14 0 8 T 0.0 0 10.0 20 160 M M 10 1 26 170
16 73 46 60 1 5 0 0.03 0.0 0 15.0 26 360 M M 10 41 330
17 56 37 47 -12 18 0 0.00 0.0 0 12.2 25 350 M M 0 38 340
18 60 33 47 -12 18 0 0.00 0.0 0 5.6 16 90 M M 0 21 110
19 77 45 61 1 4 0 0.00 0.0 0 5.3 15 200 M M 3 21 230
20 80 58 69 9 0 4 0.01 0.0 0 9.5 21 200 M M 7 12 35 190
21 83 69 76 16 0 11 T 0.0 0 15.9 30 180 M M 9 45 150
22 82 71 77 17 0 12 0.14 0.0 0 15.6 29 180 M M 8 1 43 150
23 85 71 78 18 0 13 T 0.0 0 8.6 17 140 M M 10 1 21 150
24 82 63 73 12 0 8 0.00 0.0 0 7.3 15 130 M M 9 1 26 150
25 83 62 73 12 0 8 0.00 0.0 0 7.1 17 140 M M 7 22 130
26 83 71 77 16 0 12 T 0.0 0 13.8 25 150 M M 8 47 150
27 83 59 71 10 0 6 T 0.0 0 8.6 26 180 M M 7 18 41 200
28 84 65 75 13 0 10 0.00 0.0 0 8.4 18 190 M M 6 1 32 190
================================================================================
SM 2017 1426 195 104 0.98 0.0 260.5 M 154
================================================================================
AV 72.0 50.9 9.3 FASTST M M 6 MAX(MPH)
MISC ----> 30 180 47 150
================================================================================
NOTES:
# LAST OF SEVERAL OCCURRENCES
COLUMN 17 PEAK WIND IN M.P.H.
PRELIMINARY LOCAL CLIMATOLOGICAL DATA (WS FORM: F-6) , PAGE 2
STATION: SUGAR LAND/HULL FLD
MONTH: FEBRUARY
YEAR: 2023
LATITUDE: 29 37 N
LONGITUDE: 95 39 W
[TEMPERATURE DATA] [PRECIPITATION DATA] SYMBOLS USED IN COLUMN 16
AVERAGE MONTHLY: 61.5 TOTAL FOR MONTH: 0.98 1 = FOG OR MIST
DPTR FM NORMAL: 2.7 DPTR FM NORMAL: -1.85 2 = FOG REDUCING VISIBILITY
HIGHEST: 85 ON 23 GRTST 24HR 0.54 ON 7- 8 TO 1/4 MILE OR LESS
LOWEST: 33 ON 18, 4 3 = THUNDER
SNOW, ICE PELLETS, HAIL 4 = ICE PELLETS
TOTAL MONTH: 0.0 INCH 5 = HAIL
GRTST 24HR 0.0 6 = FREEZING RAIN OR DRIZZLE
GRTST DEPTH: 0 7 = DUSTSTORM OR SANDSTORM:
VSBY 1/2 MILE OR LESS
8 = SMOKE OR HAZE
[NO. OF DAYS WITH] [WEATHER - DAYS WITH] 9 = BLOWING SNOW
X = TORNADO
MAX 32 OR BELOW: 0 0.01 INCH OR MORE: 8
MAX 90 OR ABOVE: 0 0.10 INCH OR MORE: 4
MIN 32 OR BELOW: 0 0.50 INCH OR MORE: 1
MIN 0 OR BELOW: 0 1.00 INCH OR MORE: 0
[HDD (BASE 65) ]
TOTAL THIS MO. 195 CLEAR (SCALE 0-3) 8
DPTR FM NORMAL -18 PTCLDY (SCALE 4-7) 12
TOTAL FM JUL 1 916 CLOUDY (SCALE 8-10) 8
DPTR FM NORMAL -94
[CDD (BASE 65) ]
TOTAL THIS MO. 104
DPTR FM NORMAL 64 [PRESSURE DATA]
TOTAL FM JAN 1 154 HIGHEST SLP 30.56 ON 3
DPTR FM NORMAL 95 LOWEST SLP 29.64 ON 22
[REMARKS]
#FINAL-02-23#