000
CXUS54 KLZK 011130
CF6SGT
PRELIMINARY LOCAL CLIMATOLOGICAL DATA (WS FORM: F-6)
STATION: STUTTGART AIRPORT
MONTH: MARCH
YEAR: 2022
LATITUDE: 34 35 N
LONGITUDE: 91 34 W
TEMPERATURE IN F: :PCPN: SNOW: WIND :SUNSHINE: SKY :PK WND
================================================================================
1 2 3 4 5 6A 6B 7 8 9 10 11 12 13 14 15 16 17 18
12Z AVG MX 2MIN
DY MAX MIN AVG DEP HDD CDD WTR SNW DPTH SPD SPD DIR MIN PSBL S-S WX SPD DR
================================================================================
1 71 37 54 6 11 0 0.00 M M 6.7 10 210 M M 0 M M
2 75 41 58 10 7 0 0.00 M M 7.0 12 220 M M 0 M M
3 77 44 61 12 4 0 0.00 M M 5.4 9 60 M M 0 M M
4 77 46 62 13 3 0 0.00 M M 8.3 16 160 M M 0 M M
5 77 54 66 17 0 1 0.00 M M 15.1 24 180 M M 7 30 180
6 81 65 73 23 0 8 0.07 M M 16.9 25 180 M M 8 32 180
7 73 38 56 6 9 0 0.12 M M 15.7 28 300 M M 7 35 290
8 45 34 40 -10 25 0 0.07 M M 11.0 21 80 M M 6 1 M M
9 53 36 45 -6 20 0 T M M 7.7 15 340 M M 6 1 M M
10 62 37 50 -1 15 0 0.00 M M 5.6 8 90 M M 0 M M
11 51 29 40 -11 25 0 0.02 M M 15.7 29 360 M M 5 12 36 360
12 40 25 33 -18 32 0 0.00 M M 10.3 17 360 M M 0 M M
13 62 32 47 -5 18 0 0.00 M M 12.8 17 200 M M 0 M M
14 56 39 48 -4 17 0 T M M 10.6 22 150 M M 6 25 150
15 55 49 52 0 13 0 0.74 M M 8.9 14 20 M M 8 1 M M
16 70 47 59 6 6 0 0.00 M M 7.5 13 10 M M 4 M M
17 75 52 64 11 1 0 0.49 M M 9.6 16 150 M M 2 13 M M
18 65 47 56 3 9 0 0.23 M M 16.6 30 250 M M 9 1 37 240
19 67 43 55 2 10 0 0.00 M M 11.6 16 280 M M 1 20 280
20 76 43 60 6 5 0 0.00 M M 7.5 10 240 M M 0 M M
21 73 51 62 8 3 0 T M M 12.5 21 150 M M 4 3 32 170
22 67 50 59 5 6 0 2.57 M M 12.8 32 320 M M 9 13 40 320
23 57 42 50 -5 15 0 T M M 13.7 23 220 M M 8 32 250
24 57 38 48 -7 17 0 0.00 M M 8.3 15 270 M M 5 M M
25 64 42 53 -2 12 0 0.00 M M 8.3 15 340 M M 2 M M
26 68 43 56 0 9 0 0.00 M M 6.4 15 10 M M 0 M M
27 60 46 53 -3 12 0 0.00 M M 11.6 16 80 M M 0 22 50
28 68 42 55 -1 10 0 0.00 M M 9.3 13 90 M M 0 17 70
29 77 55 66 10 0 1 T M M 14.2 24 190 M M 4 8 31 190
30 74 47 61 4 4 0 1.37 M M 19.6 45 280 M M 7 13 58 330
31 58 41 50 -7 15 0 0.00 M M 13.7 21 320 M M 4 27 330
================================================================================
SM 2031 1335 333 10 5.68 M 341.0 M 112
================================================================================
AV 65.5 43.1 11.0 FASTST M M 4 MAX(MPH)
MISC ----> 45 280 58 330
================================================================================
NOTES:
# LAST OF SEVERAL OCCURRENCES
COLUMN 17 PEAK WIND IN M.P.H.
PRELIMINARY LOCAL CLIMATOLOGICAL DATA (WS FORM: F-6) , PAGE 2
STATION: STUTTGART AIRPORT
MONTH: MARCH
YEAR: 2022
LATITUDE: 34 35 N
LONGITUDE: 91 34 W
[TEMPERATURE DATA] [PRECIPITATION DATA] SYMBOLS USED IN COLUMN 16
AVERAGE MONTHLY: 54.3 TOTAL FOR MONTH: 5.68 1 = FOG OR MIST
DPTR FM NORMAL: 1.7 DPTR FM NORMAL: 0.68 2 = FOG REDUCING VISIBILITY
HIGHEST: 81 ON 6 GRTST 24HR 2.57 ON 21-22 TO 1/4 MILE OR LESS
LOWEST: 25 ON 12 3 = THUNDER
SNOW, ICE PELLETS, HAIL 4 = ICE PELLETS
TOTAL MONTH: M 5 = HAIL
GRTST 24HR M ON M 6 = FREEZING RAIN OR DRIZZLE
GRTST DEPTH: M ON M 7 = DUSTSTORM OR SANDSTORM:
VSBY 1/2 MILE OR LESS
8 = SMOKE OR HAZE
[NO. OF DAYS WITH] [WEATHER - DAYS WITH] 9 = BLOWING SNOW
X = TORNADO
MAX 32 OR BELOW: 0 0.01 INCH OR MORE: 9
MAX 90 OR ABOVE: 0 0.10 INCH OR MORE: 6
MIN 32 OR BELOW: 3 0.50 INCH OR MORE: 3
MIN 0 OR BELOW: 0 1.00 INCH OR MORE: 2
[HDD (BASE 65) ]
TOTAL THIS MO. 333 CLEAR (SCALE 0-3) 14
DPTR FM NORMAL -64 PTCLDY (SCALE 4-7) 13
TOTAL FM JUL 1 2051 CLOUDY (SCALE 8-10) 4
DPTR FM NORMAL -955
[CDD (BASE 65) ]
TOTAL THIS MO. 10
DPTR FM NORMAL 3 [PRESSURE DATA]
TOTAL FM JAN 1 10 HIGHEST SLP 30.51 ON 12
DPTR FM NORMAL 3 LOWEST SLP 29.32 ON 30
[REMARKS]
#FINAL-03-22#