000
CXUS55 KBYZ 011000
CF6SHR
PRELIMINARY LOCAL CLIMATOLOGICAL DATA (WS FORM: F-6)
STATION: SHERIDAN WY
MONTH: MARCH
YEAR: 2021
LATITUDE: 44 46 N
LONGITUDE: 106 58 W
TEMPERATURE IN F: :PCPN: SNOW: WIND :SUNSHINE: SKY :PK WND
================================================================================
1 2 3 4 5 6A 6B 7 8 9 10 11 12 13 14 15 16 17 18
12Z AVG MX 2MIN
DY MAX MIN AVG DEP HDD CDD WTR SNW DPTH SPD SPD DIR MIN PSBL S-S WX SPD DR
================================================================================
1 48 13 31 1 34 0 0.00 M M 2.8 13 180 M M 0 15 150
2 50 20 35 4 30 0 0.00 M M 3.6 12 10 M M 0 13 10
3 55 24 40 9 25 0 0.00 M M 2.6 9 190 M M 0 22 210
4 53 22 38 7 27 0 0.00 M M 3.0 10 280 M M 0 12 320
5 59 25 42 10 23 0 0.00 M M 2.9 12 130 M M 0 14 140
6 50 23 37 5 28 0 0.00 M M 2.9 17 320 M M 0 23 280
7 57 30 44 12 21 0 0.00 M M 5.5 17 290 M M 0 21 300
8 56 28 42 9 23 0 0.00 M M 5.7 16 280 M M 0 18 270
9 44 29 37 4 28 0 T M M 9.1 24 300 M M 6 1 31 290
10 43 24 34 1 31 0 0.00 M M 2.5 9 210 M M 6 10 50
11 47 21 34 0 31 0 0.00 M M 4.1 17 140 M M 2 23 160
12 51 18 35 1 30 0 0.00 M M 5.5 16 140 M M 0 24 150
13 52 19 36 2 29 0 0.00 M M 3.9 14 160 M M 5 17 160
14 48 31 40 5 25 0 0.01 M M 8.6 25 150 M M 8 32 150
15 44 27 36 1 29 0 0.47 M M 8.0 24 310 M M 9 1 28 310
16 34 22 28 -7 37 0 0.21 M M 13.0 24 310 M M 9 18 29 300
17 43 15 29 -7 36 0 0.00 M M 2.8 8 20 M M 0 9 20
18 54 19 37 1 28 0 0.00 M M 3.6 13 130 M M 0 16 140
19 67 25 46 10 19 0 0.00 M M 5.4 20 130 M M 0 24 140
20 51 33 42 5 23 0 0.41 M M 8.5 29 310 M M 8 1 35 310
21 46 25 36 -1 29 0 T M M 9.2 21 340 M M 6 1 24 340
22 52 21 37 0 28 0 0.00 M M 4.8 20 300 M M 5 24 290
23 46 29 38 0 27 0 T M M 11.6 28 320 M M 9 8 32 320
24 52 18 35 -3 30 0 0.00 M M 3.8 15 140 M M 1 20 120
25 54 24 39 1 26 0 0.12 M M 6.8 17 280 M M 6 1 21 280
26 42 31 37 -1 28 0 0.18 M M 8.1 22 310 M M 8 128 26 310
27 49 28 39 1 26 0 0.05 M M 6.9 21 340 M M 7 1 28 340
28 70 29 50 11 15 0 0.00 M M 15.9 33 250 M M 0 47 260
29 62 23 43 4 22 0 0.02 M M 20.8 46 320 M M 4 18 62 320
30 36 18 27 -12 38 0 T M M 10.5 26 320 M M 6 1 33 350
31 49 20 35 -5 30 0 0.00 M M 6.2 23 330 M M 2 28 340
================================================================================
SM 1564 734 856 0 1.47 M 208.6 M 107
================================================================================
AV 50.5 23.7 6.7 FASTST M M 3 MAX(MPH)
MISC ----> 46 320 62 320
================================================================================
NOTES:
# LAST OF SEVERAL OCCURRENCES
COLUMN 17 PEAK WIND IN M.P.H.
PRELIMINARY LOCAL CLIMATOLOGICAL DATA (WS FORM: F-6) , PAGE 2
STATION: SHERIDAN WY
MONTH: MARCH
YEAR: 2021
LATITUDE: 44 46 N
LONGITUDE: 106 58 W
[TEMPERATURE DATA] [PRECIPITATION DATA] SYMBOLS USED IN COLUMN 16
AVERAGE MONTHLY: 37.1 TOTAL FOR MONTH: 1.47 1 = FOG OR MIST
DPTR FM NORMAL: 1.9 DPTR FM NORMAL: 0.49 2 = FOG REDUCING VISIBILITY
HIGHEST: 70 ON 28 GRTST 24HR 0.67 ON 15-16 TO 1/4 MILE OR LESS
LOWEST: 13 ON 1 3 = THUNDER
SNOW, ICE PELLETS, HAIL 4 = ICE PELLETS
TOTAL MONTH: M 5 = HAIL
GRTST 24HR M ON M 6 = FREEZING RAIN OR DRIZZLE
GRTST DEPTH: M ON M 7 = DUSTSTORM OR SANDSTORM:
VSBY 1/2 MILE OR LESS
8 = SMOKE OR HAZE
[NO. OF DAYS WITH] [WEATHER - DAYS WITH] 9 = BLOWING SNOW
X = TORNADO
MAX 32 OR BELOW: 0 0.01 INCH OR MORE: 8
MAX 90 OR ABOVE: 0 0.10 INCH OR MORE: 5
MIN 32 OR BELOW: 30 0.50 INCH OR MORE: 0
MIN 0 OR BELOW: 0 1.00 INCH OR MORE: 0
[HDD (BASE 65) ]
TOTAL THIS MO. 856 CLEAR (SCALE 0-3) 16
DPTR FM NORMAL -68 PTCLDY (SCALE 4-7) 9
TOTAL FM JUL 1 6072 CLOUDY (SCALE 8-10) 6
DPTR FM NORMAL -388
[CDD (BASE 65) ]
TOTAL THIS MO. 0
DPTR FM NORMAL 0 [PRESSURE DATA]
TOTAL FM JAN 1 0 HIGHEST SLP 30.49 ON 31
DPTR FM NORMAL 0 LOWEST SLP 29.20 ON 29
[REMARKS]
#FINAL-03-21#