000
CXUS54 KSHV 011400
CF6SHV
PRELIMINARY LOCAL CLIMATOLOGICAL DATA (WS FORM: F-6)
STATION: SHREVEPORT
MONTH: NOVEMBER
YEAR: 2021
LATITUDE: 32 28 N
LONGITUDE: 93 49 W
TEMPERATURE IN F: :PCPN: SNOW: WIND :SUNSHINE: SKY :PK WND
================================================================================
1 2 3 4 5 6A 6B 7 8 9 10 11 12 13 14 15 16 17 18
12Z AVG MX 2MIN
DY MAX MIN AVG DEP HDD CDD WTR SNW DPTH SPD SPD DIR MIN PSBL S-S WX SPD DR
================================================================================
1 77 46 62 1 3 0 0.00 0.0 0 3.4 10 160 M M 1 15 130
2 73 50 62 1 3 0 T 0.0 0 7.7 16 60 M M 3 21 70
3 52 45 49 -12 16 0 0.13 0.0 0 9.4 16 40 M M 10 18 22 40
4 61 44 53 -7 12 0 0.00 0.0 0 7.9 15 30 M M 5 20 40
5 63 39 51 -9 14 0 0.00 0.0 0 4.8 10 30 M M 0 M M
6 66 37 52 -8 13 0 0.00 0.0 0 1.2 8 150 M M 1 18 11 110
7 71 38 55 -4 10 0 0.00 0.0 0 2.0 9 150 M M 2 12 13 150
8 76 39 58 -1 7 0 0.00 0.0 0 3.6 10 190 M M 1 18 16 140
9 75 45 60 2 5 0 0.00 0.0 0 2.6 10 170 M M 6 128 14 140
10 77 46 62 4 3 0 T 0.0 0 7.0 18 170 M M 6 1 24 170
11 73 45 59 1 6 0 0.56 0.0 0 7.9 28 310 M M 5 138 35 300
12 72 41 57 -1 8 0 0.00 0.0 0 7.5 18 310 M M 1 18 23 310
13 62 37 50 -7 15 0 0.00 0.0 0 5.1 14 350 M M 2 19 340
14 76 39 58 1 7 0 0.00 0.0 0 4.1 20 250 M M 3 25 220
15 80 46 63 6 2 0 0.00 0.0 0 6.8 17 210 M M 3 23 240
16 81 61 71 15 0 6 0.00 0.0 0 10.4 22 180 M M 5 26 180
17 82 64 73 17 0 8 0.00 0.0 0 10.2 23 190 M M 3 8 31 200
18 69 45 57 1 8 0 T 0.0 0 13.0 28 30 M M 7 37 40
19 62 37 50 -5 15 0 0.00 0.0 0 4.5 15 80 M M 1 20 80
20 74 36 55 0 10 0 0.00 0.0 0 5.8 14 190 M M 4 18 160
21 73 61 67 12 0 2 0.53 0.0 0 7.7 16 330 M M 10 138 20 360
22 66 43 55 0 10 0 0.00 0.0 0 5.8 15 30 M M 1 21 350
23 69 38 54 0 11 0 0.00 0.0 0 6.0 14 170 M M 0 1 19 140
24 77 44 61 7 4 0 0.00 0.0 0 11.5 23 170 M M 7 29 180
25 66 46 56 2 9 0 0.80 0.0 0 9.0 24 300 M M 10 138 27 310
26 52 35 44 -10 21 0 0.00 0.0 0 4.1 12 10 M M 8 14 360
27 50 33 42 -11 23 0 0.06 0.0 0 2.8 9 200 M M 7 12 180
28 67 43 55 2 10 0 0.05 0.0 0 3.6 9 310 M M 5 18 12 20
29 69 38 54 1 11 0 0.00 0.0 0 4.6 12 200 M M 0 18 14 200
30 74 45 60 8 5 0 0.00 0.0 0 6.3 14 190 M M 3 18 17 210
================================================================================
SM 2085 1306 261 16 2.13 0.0 186.3 M 120
================================================================================
AV 69.5 43.5 6.2 FASTST M M 4 MAX(MPH)
MISC ----> # 28 310 37 40
================================================================================
NOTES:
# LAST OF SEVERAL OCCURRENCES
COLUMN 17 PEAK WIND IN M.P.H.
PRELIMINARY LOCAL CLIMATOLOGICAL DATA (WS FORM: F-6) , PAGE 2
STATION: SHREVEPORT
MONTH: NOVEMBER
YEAR: 2021
LATITUDE: 32 28 N
LONGITUDE: 93 49 W
[TEMPERATURE DATA] [PRECIPITATION DATA] SYMBOLS USED IN COLUMN 16
AVERAGE MONTHLY: 56.5 TOTAL FOR MONTH: 2.13 1 = FOG OR MIST
DPTR FM NORMAL: -0.1 DPTR FM NORMAL: -1.87 2 = FOG REDUCING VISIBILITY
HIGHEST: 82 ON 17 GRTST 24HR 0.80 ON 25-25 TO 1/4 MILE OR LESS
LOWEST: 33 ON 27 3 = THUNDER
SNOW, ICE PELLETS, HAIL 4 = ICE PELLETS
TOTAL MONTH: 0.0 INCH 5 = HAIL
GRTST 24HR 0.0 6 = FREEZING RAIN OR DRIZZLE
GRTST DEPTH: 0 7 = DUSTSTORM OR SANDSTORM:
VSBY 1/2 MILE OR LESS
8 = SMOKE OR HAZE
[NO. OF DAYS WITH] [WEATHER - DAYS WITH] 9 = BLOWING SNOW
X = TORNADO
MAX 32 OR BELOW: 0 0.01 INCH OR MORE: 6
MAX 90 OR ABOVE: 0 0.10 INCH OR MORE: 4
MIN 32 OR BELOW: 0 0.50 INCH OR MORE: 3
MIN 0 OR BELOW: 0 1.00 INCH OR MORE: 0
[HDD (BASE 65) ]
TOTAL THIS MO. 261 CLEAR (SCALE 0-3) 14
DPTR FM NORMAL -17 PTCLDY (SCALE 4-7) 13
TOTAL FM JUL 1 290 CLOUDY (SCALE 8-10) 3
DPTR FM NORMAL -60
[CDD (BASE 65) ]
TOTAL THIS MO. 16
DPTR FM NORMAL -10 [PRESSURE DATA]
TOTAL FM JAN 1 2819 HIGHEST SLP 30.49 ON 19
DPTR FM NORMAL 153 LOWEST SLP 29.81 ON 11
[REMARKS]
#FINAL-11-21#