000
CXUS54 KSHV 011500
CF6SHV
PRELIMINARY LOCAL CLIMATOLOGICAL DATA (WS FORM: F-6)
STATION: SHREVEPORT
MONTH: OCTOBER
YEAR: 2020
LATITUDE: 32 28 N
LONGITUDE: 93 49 W
TEMPERATURE IN F: :PCPN: SNOW: WIND :SUNSHINE: SKY :PK WND
================================================================================
1 2 3 4 5 6A 6B 7 8 9 10 11 12 13 14 15 16 17 18
12Z AVG MX 2MIN
DY MAX MIN AVG DEP HDD CDD WTR SNW DPTH SPD SPD DIR MIN PSBL S-S WX SPD DR
================================================================================
1 81 54 68 -3 0 3 0.00 0.0 0 5.1 15 20 M M 2 19 30
2 76 55 66 -5 0 1 0.00 0.0 0 5.7 13 350 M M 2 16 360
3 78 49 64 -7 1 0 0.00 0.0 0 4.0 13 150 M M 3 17 140
4 80 54 67 -3 0 2 T 0.0 0 5.2 15 60 M M 4 22 50
5 77 52 65 -5 0 0 0.00 0.0 0 4.2 12 40 M M 0 16 40
6 82 49 66 -4 0 1 0.00 0.0 0 1.2 9 350 M M 0 1 13 350
7 87 50 69 0 0 4 0.00 0.0 0 1.8 9 360 M M 2 1 18 350
8 76 65 71 2 0 6 0.05 0.0 0 4.6 12 80 M M 10 15 70
9 72 68 70 1 0 5 0.86 0.0 0 9.8 20 10 M M 10 1 25 10
10 87 67 77 9 0 12 0.07 0.0 0 9.9 20 290 M M 4 1 26 300
11 90 62 76 8 0 11 0.00 0.0 0 4.6 12 160 M M 0 1 18 160
12 86 63 75 7 0 10 0.00 0.0 0 10.1 18 310 M M 3 8 23 310
13 82 51 67 0 0 2 0.00 0.0 0 3.5 12 110 M M 1 8 15 120
14 84 48 66 -1 0 1 0.00 0.0 0 4.6 12 180 M M 0 18 15 170
15 82 59 71 4 0 6 0.03 0.0 0 10.7 23 360 M M 8 18 28 20
16 72 50 61 -5 4 0 T 0.0 0 9.8 23 40 M M 6 29 50
17 69 46 58 -8 7 0 0.00 0.0 0 7.9 17 160 M M 6 23 170
18 85 63 74 8 0 9 T 0.0 0 8.5 16 170 M M 6 21 170
19 88 71 80 15 0 15 0.00 0.0 0 8.1 14 150 M M 8 138 18 160
20 85 68 77 12 0 12 0.00 0.0 0 5.0 13 160 M M 5 128 17 170
21 88 64 76 11 0 11 0.00 0.0 0 4.1 15 180 M M 1 18 22 140
22 87 65 76 12 0 11 0.00 0.0 0 5.9 14 150 M M 2 1 19 150
23 82 59 71 7 0 6 0.13 0.0 0 7.2 23 300 M M 8 13 28 300
24 59 53 56 -8 9 0 0.00 0.0 0 7.5 17 10 M M 10 8 20 10
25 62 53 58 -6 7 0 0.01 0.0 0 5.7 10 100 M M 10 1 14 80
26 71 57 64 1 1 0 0.01 0.0 0 7.5 17 70 M M 10 1 22 70
27 65 57 61 -2 4 0 0.00 0.0 0 8.2 14 70 M M 10 18 18 60
28 63 46 55 -8 10 0 0.62 0.0 0 9.1 22 280 M M 10 18 27 270
29 53 39 46 -16 19 0 0.00 0.0 0 9.9 24 290 M M 5 31 310
30 67 43 55 -7 10 0 0.00 0.0 0 6.4 14 40 M M 2 20 50
31 70 40 55 -7 10 0 0.00 0.0 0 2.3 9 160 M M 2 1 13 160
================================================================================
SM 2386 1720 82 128 1.78 0.0 198.1 M 150
================================================================================
AV 77.0 55.5 6.4 FASTST M M 5 MAX(MPH)
MISC ----> # 24 290 # 31 310
================================================================================
NOTES:
# LAST OF SEVERAL OCCURRENCES
COLUMN 17 PEAK WIND IN M.P.H.
PRELIMINARY LOCAL CLIMATOLOGICAL DATA (WS FORM: F-6) , PAGE 2
STATION: SHREVEPORT
MONTH: OCTOBER
YEAR: 2020
LATITUDE: 32 28 N
LONGITUDE: 93 49 W
[TEMPERATURE DATA] [PRECIPITATION DATA] SYMBOLS USED IN COLUMN 16
AVERAGE MONTHLY: 66.2 TOTAL FOR MONTH: 1.78 1 = FOG OR MIST
DPTR FM NORMAL: -0.2 DPTR FM NORMAL: -3.18 2 = FOG REDUCING VISIBILITY
HIGHEST: 90 ON 11 GRTST 24HR 0.86 ON 9- 9 TO 1/4 MILE OR LESS
LOWEST: 39 ON 29 3 = THUNDER
SNOW, ICE PELLETS, HAIL 4 = ICE PELLETS
TOTAL MONTH: 0.0 INCH 5 = HAIL
GRTST 24HR 0.0 6 = FREEZING RAIN OR DRIZZLE
GRTST DEPTH: 0 7 = DUSTSTORM OR SANDSTORM:
VSBY 1/2 MILE OR LESS
8 = SMOKE OR HAZE
[NO. OF DAYS WITH] [WEATHER - DAYS WITH] 9 = BLOWING SNOW
X = TORNADO
MAX 32 OR BELOW: 0 0.01 INCH OR MORE: 8
MAX 90 OR ABOVE: 1 0.10 INCH OR MORE: 3
MIN 32 OR BELOW: 0 0.50 INCH OR MORE: 2
MIN 0 OR BELOW: 0 1.00 INCH OR MORE: 0
[HDD (BASE 65) ]
TOTAL THIS MO. 82 CLEAR (SCALE 0-3) 14
DPTR FM NORMAL 2 PTCLDY (SCALE 4-7) 8
TOTAL FM JUL 1 82 CLOUDY (SCALE 8-10) 9
DPTR FM NORMAL -4
[CDD (BASE 65) ]
TOTAL THIS MO. 128
DPTR FM NORMAL 4 [PRESSURE DATA]
TOTAL FM JAN 1 2609 HIGHEST SLP 30.35 ON 16
DPTR FM NORMAL 160 LOWEST SLP 29.65 ON 10
[REMARKS]
#FINAL-10-20#