000
CXUS54 KSJT 011000
CF6SJT
PRELIMINARY LOCAL CLIMATOLOGICAL DATA (WS FORM: F-6)
STATION: SAN ANGELO
MONTH: OCTOBER
YEAR: 2021
LATITUDE: 31 21 N
LONGITUDE: 100 30 W
TEMPERATURE IN F: :PCPN: SNOW: WIND :SUNSHINE: SKY :PK WND
================================================================================
1 2 3 4 5 6A 6B 7 8 9 10 11 12 13 14 15 16 17 18
12Z AVG MX 2MIN
DY MAX MIN AVG DEP HDD CDD WTR SNW DPTH SPD SPD DIR MIN PSBL S-S WX SPD DR
================================================================================
1 76 65 71 -1 0 6 T 0.0 0 5.1 17 100 M M 9 24 100
2 84 64 74 2 0 9 1.12 0.0 0 4.0 16 10 M M 4 13 20 10
3 86 61 74 2 0 9 0.00 0.0 0 3.1 13 30 M M 1 18 17 20
4 87 55 71 -1 0 6 0.00 0.0 0 3.7 10 50 M M 0 16 20
5 89 54 72 1 0 7 0.00 0.0 0 4.3 9 90 M M 0 14 90
6 89 55 72 1 0 7 0.00 0.0 0 4.6 13 130 M M 0 17 110
7 93 61 77 7 0 12 0.00 0.0 0 9.0 20 200 M M 0 30 200
8 93 67 80 10 0 15 0.00 0.0 0 11.7 22 210 M M 0 30 200
9 94 65 80 10 0 15 0.00 0.0 0 11.8 22 210 M M 0 29 200
10 95 65 80 10 0 15 0.00 0.0 0 14.6 30 310 M M 1 8 40 260
11 85 48 67 -2 0 2 0.00 0.0 0 6.2 16 330 M M 0 23 330
12 89 64 77 8 0 12 0.00 0.0 0 15.0 30 180 M M 2 44 190
13 82 57 70 2 0 5 1.01 0.0 0 8.9 25 170 M M 7 123 43 180
14 86 58 72 4 0 7 0.00 0.0 0 3.5 12 210 M M 5 12 16 200
15 75 50 63 -5 2 0 0.00 0.0 0 9.6 21 360 M M 0 27 10
16 70 40 55 -12 10 0 0.00 0.0 0 5.3 15 60 M M 0 19 60
17 72 39 56 -11 9 0 0.00 0.0 0 3.8 9 130 M M 0 14 150
18 77 46 62 -4 3 0 0.00 0.0 0 7.8 18 180 M M 0 27 180
19 84 61 73 7 0 8 0.00 0.0 0 9.6 18 170 M M 0 27 160
20 83 58 71 5 0 6 0.00 0.0 0 4.5 14 210 M M 3 18 220
21 81 59 70 5 0 5 T 0.0 0 3.8 12 20 M M 4 13 15 20
22 85 58 72 7 0 7 0.00 0.0 0 6.2 16 190 M M 3 1 22 160
23 87 63 75 10 0 10 0.00 0.0 0 11.0 21 190 M M 1 29 200
24 91 58 75 11 0 10 0.00 0.0 0 8.8 17 210 M M 0 24 220
25 95 52 74 10 0 9 0.00 0.0 0 5.6 15 180 M M 0 22 160
26 88 60 74 11 0 9 0.47 0.0 0 15.5 35 290 M M 0 13 49 280
27 72 51 62 -1 3 0 0.04 0.0 0 13.9 33 320 M M 3 3 43 320
28 75 46 61 -2 4 0 0.00 0.0 0 11.4 25 330 M M 0 8 34 340
29 77 45 61 -1 4 0 0.00 0.0 0 9.0 21 330 M M 0 8 28 350
30 85 40 63 1 2 0 0.00 0.0 0 6.7 17 210 M M 0 8 22 210
31 83 44 64 3 1 0 0.00 M M 5.2 16 40 M M 0 8 21 40
================================================================================
SM 2608 1709 38 191 2.64 0.0 243.2 M 43
================================================================================
AV 84.1 55.1 7.8 FASTST M M 1 MAX(MPH)
MISC ----> 35 290 49 280
================================================================================
NOTES:
# LAST OF SEVERAL OCCURRENCES
COLUMN 17 PEAK WIND IN M.P.H.
PRELIMINARY LOCAL CLIMATOLOGICAL DATA (WS FORM: F-6) , PAGE 2
STATION: SAN ANGELO
MONTH: OCTOBER
YEAR: 2021
LATITUDE: 31 21 N
LONGITUDE: 100 30 W
[TEMPERATURE DATA] [PRECIPITATION DATA] SYMBOLS USED IN COLUMN 16
AVERAGE MONTHLY: 69.6 TOTAL FOR MONTH: 2.64 1 = FOG OR MIST
DPTR FM NORMAL: 2.5 DPTR FM NORMAL: 0.22 2 = FOG REDUCING VISIBILITY
HIGHEST: 95 ON 25,10 GRTST 24HR 1.12 ON 2- 2 TO 1/4 MILE OR LESS
LOWEST: 39 ON 17 3 = THUNDER
SNOW, ICE PELLETS, HAIL 4 = ICE PELLETS
TOTAL MONTH: 0.0 INCH 5 = HAIL
GRTST 24HR 0.0 6 = FREEZING RAIN OR DRIZZLE
GRTST DEPTH: 0 7 = DUSTSTORM OR SANDSTORM:
VSBY 1/2 MILE OR LESS
8 = SMOKE OR HAZE
[NO. OF DAYS WITH] [WEATHER - DAYS WITH] 9 = BLOWING SNOW
X = TORNADO
MAX 32 OR BELOW: 0 0.01 INCH OR MORE: 4
MAX 90 OR ABOVE: 6 0.10 INCH OR MORE: 3
MIN 32 OR BELOW: 0 0.50 INCH OR MORE: 2
MIN 0 OR BELOW: 0 1.00 INCH OR MORE: 2
[HDD (BASE 65) ]
TOTAL THIS MO. 38 CLEAR (SCALE 0-3) 25
DPTR FM NORMAL -38 PTCLDY (SCALE 4-7) 5
TOTAL FM JUL 1 38 CLOUDY (SCALE 8-10) 1
DPTR FM NORMAL -46
[CDD (BASE 65) ]
TOTAL THIS MO. 191
DPTR FM NORMAL 49 [PRESSURE DATA]
TOTAL FM JAN 1 2564 HIGHEST SLP 30.44 ON 16
DPTR FM NORMAL -199 LOWEST SLP 29.49 ON 26
[REMARKS]
#FINAL-10-21#