000
CXUS56 KPQR 011610
CF6SLE
PRELIMINARY LOCAL CLIMATOLOGICAL DATA (WS FORM: F-6)
STATION: SALEM OR
MONTH: JUNE
YEAR: 2022
LATITUDE: 44 55 N
LONGITUDE: 123 0 W
TEMPERATURE IN F: :PCPN: SNOW: WIND :SUNSHINE: SKY :PK WND
================================================================================
1 2 3 4 5 6A 6B 7 8 9 10 11 12 13 14 15 16 17 18
12Z AVG MX 2MIN
DY MAX MIN AVG DEP HDD CDD WTR SNW DPTH SPD SPD DIR MIN PSBL S-S WX SPD DR
================================================================================
1 80 54 67 7 0 2 0.00 M M 3.8 12 320 M M 2 14 290
2 80 51 66 6 0 1 0.00 M M 4.0 13 310 M M 2 15 330
3 66 55 61 1 4 0 0.07 M M 7.9 15 180 M M 9 1 18 180
4 66 55 61 0 4 0 0.51 M M 6.6 18 180 M M 10 1 24 190
5 71 57 64 3 1 0 0.23 M M 8.6 20 250 M M 9 13 27 260
6 67 50 59 -2 6 0 0.27 M M 4.3 12 360 M M 8 18 14 360
7 72 45 59 -2 6 0 T M M 3.8 12 170 M M 3 1 14 170
8 75 57 66 5 0 1 0.00 M M 4.4 10 220 M M 4 16 200
9 78 53 66 5 0 1 0.40 M M 9.4 23 170 M M 7 1 30 150
10 69 58 64 2 1 0 0.81 M M 5.0 14 280 M M 10 1 17 200
11 68 55 62 0 3 0 0.03 M M 3.5 13 290 M M 9 1 15 300
12 61 51 56 -6 9 0 0.17 M M 8.1 21 280 M M 10 1 25 290
13 61 47 54 -8 11 0 0.01 M M 5.6 16 310 M M 9 21 190
14 69 50 60 -2 5 0 0.02 M M 5.0 14 360 M M 7 16 10
15 70 49 60 -2 5 0 T M M 5.0 10 300 M M 4 13 250
16 70 55 63 1 2 0 T M M 7.1 13 300 M M 8 16 180
17 64 52 58 -5 7 0 0.21 M M 5.1 12 290 M M 9 1 15 270
18 66 47 57 -6 8 0 T M M 5.1 16 280 M M 8 20 290
19 66 54 60 -3 5 0 0.02 M M 3.9 13 290 M M 9 15 270
20 73 55 64 1 1 0 0.00 M M 5.5 14 10 M M 5 17 360
21 83 52 68 4 0 3 0.00 M M 8.1 17 20 M M 0 22 20
22 84 55 70 6 0 5 0.00 M M 7.3 16 320 M M 1 21 310
23 77 49 63 -1 2 0 0.00 M M 9.2 15 360 M M 0 20 360
24 85 49 67 3 0 2 0.00 M M 9.1 18 10 M M 0 26 360
25 95 54 75 10 0 10 0.00 M M 8.8 23 350 M M 0 26 340
26 99 59 79 14 0 14 0.00 M M 4.6 12 280 M M 0 14 280
27 92 58 75 10 0 10 0.00 M M 6.1 16 260 M M 0 19 260
28 73 54 64 -1 1 0 0.00 M M 9.4 18 170 M M 4 23 190
29 79 53 66 0 0 1 0.00 M M 4.6 12 320 M M 5 15 340
30 82 52 67 1 0 2 0.00 M M 6.2 14 280 M M 1 20 270
================================================================================
SM 2241 1585 81 52 2.75 M 185.1 M 153
================================================================================
AV 74.7 52.8 6.2 FASTST M M 5 MAX(MPH)
MISC ----> # 23 170 30 150
================================================================================
NOTES:
# LAST OF SEVERAL OCCURRENCES
COLUMN 17 PEAK WIND IN M.P.H.
PRELIMINARY LOCAL CLIMATOLOGICAL DATA (WS FORM: F-6) , PAGE 2
STATION: SALEM OR
MONTH: JUNE
YEAR: 2022
LATITUDE: 44 55 N
LONGITUDE: 123 0 W
[TEMPERATURE DATA] [PRECIPITATION DATA] SYMBOLS USED IN COLUMN 16
AVERAGE MONTHLY: 63.8 TOTAL FOR MONTH: 2.75 1 = FOG OR MIST
DPTR FM NORMAL: 1.1 DPTR FM NORMAL: 1.50 2 = FOG REDUCING VISIBILITY
HIGHEST: 99 ON 26 GRTST 24HR 0.85 ON 9-10 TO 1/4 MILE OR LESS
LOWEST: 45 ON 7 3 = THUNDER
SNOW, ICE PELLETS, HAIL 4 = ICE PELLETS
TOTAL MONTH: M 5 = HAIL
GRTST 24HR M ON M 6 = FREEZING RAIN OR DRIZZLE
GRTST DEPTH: M ON M 7 = DUSTSTORM OR SANDSTORM:
VSBY 1/2 MILE OR LESS
8 = SMOKE OR HAZE
[NO. OF DAYS WITH] [WEATHER - DAYS WITH] 9 = BLOWING SNOW
X = TORNADO
MAX 32 OR BELOW: 0 0.01 INCH OR MORE: 12
MAX 90 OR ABOVE: 3 0.10 INCH OR MORE: 7
MIN 32 OR BELOW: 0 0.50 INCH OR MORE: 2
MIN 0 OR BELOW: 0 1.00 INCH OR MORE: 0
[HDD (BASE 65) ]
TOTAL THIS MO. 81 CLEAR (SCALE 0-3) 10
DPTR FM NORMAL -27 PTCLDY (SCALE 4-7) 9
TOTAL FM JUL 1 4165 CLOUDY (SCALE 8-10) 11
DPTR FM NORMAL -175
[CDD (BASE 65) ]
TOTAL THIS MO. 52
DPTR FM NORMAL 13 [PRESSURE DATA]
TOTAL FM JAN 1 54 HIGHEST SLP 30.32 ON 20
DPTR FM NORMAL 3 LOWEST SLP 29.63 ON 5
[REMARKS]
#FINAL-06-22#