000
CXUS53 KICT 062231
CF6SLN
PRELIMINARY LOCAL CLIMATOLOGICAL DATA (WS FORM: F-6)
STATION: SALINA KS
MONTH: JULY
YEAR: 2022
LATITUDE: 38 47 N
LONGITUDE: 97 39 W
TEMPERATURE IN F: :PCPN: SNOW: WIND :SUNSHINE: SKY :PK WND
================================================================================
1 2 3 4 5 6A 6B 7 8 9 10 11 12 13 14 15 16 17 18
12Z AVG MX 2MIN
DY MAX MIN AVG DEP HDD CDD WTR SNW DPTH SPD SPD DIR MIN PSBL S-S WX SPD DR
================================================================================
1 83 70 77 -3 0 12 0.51 M M 11.5 22 80 M M 4 13 30 70
2 86 70 78 -2 0 13 2.47 M M 7.9 18 360 M M 7 13 27 340
3 92 71 82 2 0 17 0.00 M M 11.2 21 150 M M 1 26 160
4 97 76 87 7 0 22 0.00 M M 15.0 25 200 M M 0 35 200
5 96 76 86 6 0 21 0.00 M M 14.3 23 170 M M 1 33 170
6 95 72 84 4 0 19 0.20 M M 13.4 28 140 M M 3 3 36 150
7 94 73 84 3 0 19 0.12 M M 7.3 17 290 M M 2 13 23 170
8 88 73 81 0 0 16 0.00 M M 9.8 16 340 M M 4 21 350
9 89 69 79 -2 0 14 0.00 M M 6.4 12 110 M M 1 17 80
10 97 67 82 1 0 17 0.00 M M 11.5 20 170 M M 0 25 160
11 97 67 82 1 0 17 0.00 M M 10.2 24 20 M M 0 33 360
12 89 66 78 -3 0 13 0.00 M M 6.3 15 30 M M 1 20 20
13 96 64 80 -1 0 15 0.00 M M 9.8 20 140 M M 0 24 160
14 102 70 86 5 0 21 0.00 M M 14.6 25 160 M M 0 32 170
15 106 80 93 12 0 28 0.00 M M 10.7 31 190 M M 0 44 200
16 101 74 88 7 0 23 T M M 7.9 25 20 M M 0 39 10
17 92 72 82 1 0 17 0.01 M M 8.2 21 10 M M 2 27 20
18 97 67 82 1 0 17 0.00 M M 5.3 14 150 M M 0 18 130
19 106 68 87 6 0 22 0.00 M M 9.3 22 200 M M 0 29 190
20 96 67 82 1 0 17 0.00 M M 7.9 16 20 M M 0 22 20
21 103 61 82 1 0 17 0.00 M M 6.2 18 200 M M 0 23 200
22 101 72 87 6 0 22 0.00 M M 11.1 22 190 M M 0 33 190
23 105 71 88 7 0 23 0.00 M M 15.0 29 190 M M 0 38 170
24 91 76 84 3 0 19 0.00 M M 12.2 23 30 M M 1 30 30
25 81 68 75 -6 0 10 0.11 M M 11.6 22 110 M M 7 1 29 120
26 85 67 76 -5 0 11 0.54 M M 8.1 28 310 M M 5 13 35 310
27 89 70 80 -1 0 15 0.00 M M 4.3 10 80 M M 3 1 14 120
28 86 68 77 -4 0 12 0.29 M M 9.2 40 290 M M 2 13 50 300
29 80 63 72 -9 0 7 0.00 M M 5.3 12 40 M M 2 20 80
30 85 61 73 -8 0 8 0.00 M M 5.4 15 210 M M 2 20 210
31 96 67 82 1 0 17 0.00 M M 7.0 15 200 M M 4 20 230
================================================================================
SM 2901 2156 0 521 4.25 M 293.9 M 52
================================================================================
AV 93.6 69.5 9.5 FASTST M M 2 MAX(MPH)
MISC ----> 40 290 50 300
================================================================================
NOTES:
# LAST OF SEVERAL OCCURRENCES
COLUMN 17 PEAK WIND IN M.P.H.
PRELIMINARY LOCAL CLIMATOLOGICAL DATA (WS FORM: F-6) , PAGE 2
STATION: SALINA KS
MONTH: JULY
YEAR: 2022
LATITUDE: 38 47 N
LONGITUDE: 97 39 W
[TEMPERATURE DATA] [PRECIPITATION DATA] SYMBOLS USED IN COLUMN 16
AVERAGE MONTHLY: 81.6 TOTAL FOR MONTH: 4.25 1 = FOG OR MIST
DPTR FM NORMAL: 0.7 DPTR FM NORMAL: 0.33 2 = FOG REDUCING VISIBILITY
HIGHEST: 106 ON 19,15 GRTST 24HR 2.98 ON 1- 2 TO 1/4 MILE OR LESS
LOWEST: 61 ON 30,21 3 = THUNDER
SNOW, ICE PELLETS, HAIL 4 = ICE PELLETS
TOTAL MONTH: M 5 = HAIL
GRTST 24HR M ON M 6 = FREEZING RAIN OR DRIZZLE
GRTST DEPTH: M ON M 7 = DUSTSTORM OR SANDSTORM:
VSBY 1/2 MILE OR LESS
8 = SMOKE OR HAZE
[NO. OF DAYS WITH] [WEATHER - DAYS WITH] 9 = BLOWING SNOW
X = TORNADO
MAX 32 OR BELOW: 0 0.01 INCH OR MORE: 8
MAX 90 OR ABOVE: 20 0.10 INCH OR MORE: 7
MIN 32 OR BELOW: 0 0.50 INCH OR MORE: 3
MIN 0 OR BELOW: 0 1.00 INCH OR MORE: 1
[HDD (BASE 65) ]
TOTAL THIS MO. 0 CLEAR (SCALE 0-3) 24
DPTR FM NORMAL 0 PTCLDY (SCALE 4-7) 7
TOTAL FM JUL 1 0 CLOUDY (SCALE 8-10) 0
DPTR FM NORMAL 0
[CDD (BASE 65) ]
TOTAL THIS MO. 521
DPTR FM NORMAL 27 [PRESSURE DATA]
TOTAL FM JAN 1 1140 HIGHEST SLP 30.17 ON 9
DPTR FM NORMAL 174 LOWEST SLP 29.66 ON 19
[REMARKS]
#FINAL-07-22#