000
CXUS56 KLOX 011655
CF6SMX
PRELIMINARY LOCAL CLIMATOLOGICAL DATA (WS FORM: F-6)
STATION: SANTA MARIA AIRPORT CA
MONTH: APRIL
YEAR: 2020
LATITUDE: 34 54 N
LONGITUDE: 120 27 W
TEMPERATURE IN F: :PCPN: SNOW: WIND :SUNSHINE: SKY :PK WND
================================================================================
1 2 3 4 5 6A 6B 7 8 9 10 11 12 13 14 15 16 17 18
12Z AVG MX 2MIN
DY MAX MIN AVG DEP HDD CDD WTR SNW DPTH SPD SPD DIR MIN PSBL S-S WX SPD DR
================================================================================
1 64 45 55 0 10 0 0.00 0.0 0 16.2 30 300 M M 1 178 34 310
2 70 38 54 -1 11 0 0.00 0.0 0 10.3 30 300 M M 0 17 36 300
3 61 41 51 -4 14 0 0.00 0.0 0 11.1 29 300 M M 0 17 34 290
4 62 42 52 -3 13 0 T M 0 6.7 21 300 M M 6 18 24 300
5 58 50 54 -1 11 0 0.95 0.0 0 11.9 24 150 M M 10 18 31 150
6 60 43 52 -3 13 0 0.17 M 0 6.3 15 260 M M 6 1 20 280
7 62 38 50 -5 15 0 0.24 M 0 4.3 18 310 M M 5 1 28 280
8 59 42 51 -4 14 0 0.01 M 0 3.4 14 160 M M 9 18 170
9 56 45 51 -4 14 0 0.41 M 0 7.0 16 150 M M 9 1 20 160
10 68 40 54 -1 11 0 0.00 0.0 0 7.8 24 300 M M 3 1 29 290
11 62 47 55 0 10 0 0.00 0.0 0 10.1 24 310 M M 6 128 28 290
12 60 52 56 1 9 0 T 0.0 0 5.8 14 330 M M 10 18 18 320
13 58 52 55 0 10 0 0.01 0.0 0 6.9 14 310 M M 10 18 26 290
14 68 47 58 3 7 0 0.00 0.0 0 5.8 18 310 M M 3 1 22 310
15 76 43 60 4 5 0 0.00 0.0 0 5.3 18 300 M M 0 1 22 310
16 65 51 58 2 7 0 0.00 0.0 0 5.4 16 300 M M 8 1 20 320
17 62 52 57 1 8 0 T 0.0 0 5.7 15 300 M M 10 19 290
18 62 46 54 -2 11 0 0.00 0.0 0 5.6 16 300 M M 8 19 300
19 65 43 54 -2 11 0 0.00 0.0 0 6.1 20 310 M M 5 24 310
20 65 50 58 2 7 0 T 0.0 0 10.2 24 290 M M 7 28 300
21 71 46 59 3 6 0 0.00 0.0 0 10.0 29 290 M M 3 18 34 290
22 73 47 60 4 5 0 0.00 0.0 0 8.6 24 310 M M 1 18 30 300
23 72 52 62 6 3 0 0.00 0.0 0 8.3 25 300 M M 0 178 31 300
24 83 50 67 11 0 2 0.00 0.0 0 6.6 18 300 M M 0 18 24 290
25 85 50 68 12 0 3 0.00 0.0 0 5.4 18 300 M M 0 18 22 300
26 72 49 61 5 4 0 0.00 0.0 0 5.8 18 300 M M 1 18 21 300
27 71 46 59 2 6 0 0.00 0.0 0 8.6 26 310 M M 0 178 33 310
28 80 51 66 9 0 1 0.00 0.0 0 5.8 17 300 M M 0 18 22 300
29 72 50 61 4 4 0 0.00 0.0 0 4.7 15 320 M M 4 18 18 300
30 75 50 63 6 2 0 0.00 0.0 0 10.9 30 300 M M 3 128 36 300
================================================================================
SM 2017 1398 241 6 1.79 0.0 226.6 M 128
================================================================================
AV 67.2 46.6 7.6 FASTST M M 4 MAX(MPH)
MISC ----> # 30 300 # 36 300
================================================================================
NOTES:
# LAST OF SEVERAL OCCURRENCES
COLUMN 17 PEAK WIND IN M.P.H.
PRELIMINARY LOCAL CLIMATOLOGICAL DATA (WS FORM: F-6) , PAGE 2
STATION: SANTA MARIA AIRPORT CA
MONTH: APRIL
YEAR: 2020
LATITUDE: 34 54 N
LONGITUDE: 120 27 W
[TEMPERATURE DATA] [PRECIPITATION DATA] SYMBOLS USED IN COLUMN 16
AVERAGE MONTHLY: 56.9 TOTAL FOR MONTH: 1.79 1 = FOG OR MIST
DPTR FM NORMAL: 1.3 DPTR FM NORMAL: 0.81 2 = FOG REDUCING VISIBILITY
HIGHEST: 85 ON 25 GRTST 24HR 0.95 ON 5- 5 TO 1/4 MILE OR LESS
LOWEST: 38 ON 7, 2 3 = THUNDER
SNOW, ICE PELLETS, HAIL 4 = ICE PELLETS
TOTAL MONTH: 0.0 INCH 5 = HAIL
GRTST 24HR 0.0 6 = FREEZING RAIN OR DRIZZLE
GRTST DEPTH: 0 7 = DUSTSTORM OR SANDSTORM:
VSBY 1/2 MILE OR LESS
8 = SMOKE OR HAZE
[NO. OF DAYS WITH] [WEATHER - DAYS WITH] 9 = BLOWING SNOW
X = TORNADO
MAX 32 OR BELOW: 0 0.01 INCH OR MORE: 6
MAX 90 OR ABOVE: 0 0.10 INCH OR MORE: 4
MIN 32 OR BELOW: 0 0.50 INCH OR MORE: 1
MIN 0 OR BELOW: 0 1.00 INCH OR MORE: 0
[HDD (BASE 65) ]
TOTAL THIS MO. 241 CLEAR (SCALE 0-3) 13
DPTR FM NORMAL -45 PTCLDY (SCALE 4-7) 11
TOTAL FM JUL 1 1934 CLOUDY (SCALE 8-10) 6
DPTR FM NORMAL -525
[CDD (BASE 65) ]
TOTAL THIS MO. 6
DPTR FM NORMAL 2 [PRESSURE DATA]
TOTAL FM JAN 1 7 HIGHEST SLP 30.24 ON 22
DPTR FM NORMAL 1 LOWEST SLP 29.74 ON 5
[REMARKS]
#FINAL-04-20#