000
CXUS56 KPQR 011155
CF6SPB
PRELIMINARY LOCAL CLIMATOLOGICAL DATA (WS FORM: F-6)
STATION: SCAPPOOSE OR
MONTH: NOVEMBER
YEAR: 2021
LATITUDE: 45 46 N
LONGITUDE: 122 50 W
TEMPERATURE IN F: :PCPN: SNOW: WIND :SUNSHINE: SKY :PK WND
================================================================================
1 2 3 4 5 6A 6B 7 8 9 10 11 12 13 14 15 16 17 18
12Z AVG MX 2MIN
DY MAX MIN AVG DEP HDD CDD WTR SNW DPTH SPD SPD DIR MIN PSBL S-S WX SPD DR
================================================================================
1 49 37 43 -5 22 0 0.29 M M 2.1 7 180 M M 8 1 10 190
2 52 45 49 1 16 0 0.02 M M 0.7 7 60 M M 9 1 8 150
3 58 44 51 3 14 0 0.29 M M 3.0 14 230 M M 8 1 16 230
4 59 45 52 4 13 0 0.62 M M 4.4 16 170 M M 9 1 27 150
5 58 41 50 3 15 0 0.11 M M 3.7 13 150 M M 7 1 16 210
6 55 42 49 2 16 0 0.33 M M 6.2 15 160 M M 8 1 29 240
7 49 43 46 -1 19 0 0.12 M M 5.4 14 150 M M 9 1 18 140
8 58 42 50 4 15 0 0.11 M M 3.5 13 130 M M 6 1 16 130
9 54 42 48 2 17 0 0.48 M M 4.6 21 220 M M 8 1 28 230
10 54 41 48 2 17 0 0.08 M M 1.0 8 150 M M 9 1 11 140
11 60 49 55 9 10 0 1.37 M M 3.8 13 150 M M 10 1 16 130
12 60 46 53 7 12 0 0.62 M M 4.2 10 160 M M 9 12 16 160
13 60 37 49 4 16 0 T M M 2.3 9 180 M M 9 12 14 190
14 67 59 63 18 2 0 T M M 7.8 13 160 M M 10 19 170
15 61 40 51 6 14 0 0.45 M M 8.0 23 290 M M 7 1 37 280
16 52 35 44 -1 21 0 0.03 M M 2.9 9 200 M M 4 1 12 210
17 54 31 43 -1 22 0 0.00 M M 2.4 7 140 M M 1 1 10 280
18 50 41 46 2 19 0 0.30 M M 3.5 12 150 M M 9 1 14 160
19 53 45 49 5 16 0 0.16 M M 3.0 14 350 M M 10 1 19 350
20 51 32 42 -2 23 0 T M M 2.1 7 280 M M 6 1 10 290
21 40 30 35 -9 30 0 0.00 M M 0.9 7 130 M M 9 12 8 140
22 43 28 36 -7 29 0 0.41 M M 1.0 7 140 M M 9 12 9 140
23 53 32 43 0 22 0 0.07 M M 2.5 12 280 M M 7 1 15 280
24 45 32 39 -4 26 0 0.00 M M 0.5 6 150 M M 9 12 7 110
25 54 41 48 5 17 0 0.12 M M 3.7 13 140 M M 7 1 17 130
26 52 47 50 8 15 0 0.04 M M 1.9 9 140 M M 10 1 12 140
27 61 50 56 14 9 0 0.12 M M 4.2 12 150 M M 9 1 15 140
28 62 51 57 15 8 0 T M M 4.7 14 170 M M 5 1 20 180
29 58 53 56 14 9 0 0.01 M M 2.6 13 150 M M 10 1 15 160
30 59 49 54 12 11 0 T M M 2.4 12 150 M M 9 1 15 150
================================================================================
SM 1641 1250 495 0 6.15 M 99.0 M 240
================================================================================
AV 54.7 41.7 3.3 FASTST M M 8 MAX(MPH)
MISC ----> 23 290 37 280
================================================================================
NOTES:
# LAST OF SEVERAL OCCURRENCES
COLUMN 17 PEAK WIND IN M.P.H.
PRELIMINARY LOCAL CLIMATOLOGICAL DATA (WS FORM: F-6) , PAGE 2
STATION: SCAPPOOSE OR
MONTH: NOVEMBER
YEAR: 2021
LATITUDE: 45 46 N
LONGITUDE: 122 50 W
[TEMPERATURE DATA] [PRECIPITATION DATA] SYMBOLS USED IN COLUMN 16
AVERAGE MONTHLY: 48.2 TOTAL FOR MONTH: 6.15 1 = FOG OR MIST
DPTR FM NORMAL: 3.4 DPTR FM NORMAL: -0.11 2 = FOG REDUCING VISIBILITY
HIGHEST: 67 ON 14 GRTST 24HR 1.56 ON 11-12 TO 1/4 MILE OR LESS
LOWEST: 28 ON 22 3 = THUNDER
SNOW, ICE PELLETS, HAIL 4 = ICE PELLETS
TOTAL MONTH: M 5 = HAIL
GRTST 24HR M ON M 6 = FREEZING RAIN OR DRIZZLE
GRTST DEPTH: M ON M 7 = DUSTSTORM OR SANDSTORM:
VSBY 1/2 MILE OR LESS
8 = SMOKE OR HAZE
[NO. OF DAYS WITH] [WEATHER - DAYS WITH] 9 = BLOWING SNOW
X = TORNADO
MAX 32 OR BELOW: 0 0.01 INCH OR MORE: 22
MAX 90 OR ABOVE: 0 0.10 INCH OR MORE: 16
MIN 32 OR BELOW: 6 0.50 INCH OR MORE: 3
MIN 0 OR BELOW: 0 1.00 INCH OR MORE: 1
[HDD (BASE 65) ]
TOTAL THIS MO. 495 CLEAR (SCALE 0-3) 1
DPTR FM NORMAL -111 PTCLDY (SCALE 4-7) 11
TOTAL FM JUL 1 933 CLOUDY (SCALE 8-10) 18
DPTR FM NORMAL -201
[CDD (BASE 65) ]
TOTAL THIS MO. 0
DPTR FM NORMAL 0 [PRESSURE DATA]
TOTAL FM JAN 1 684 HIGHEST SLP 30.52 ON 20
DPTR FM NORMAL 350 LOWEST SLP 29.48 ON 9
[REMARKS]
#FINAL-11-21#