000
CXUS53 KILX 010900
CF6SPI
PRELIMINARY LOCAL CLIMATOLOGICAL DATA (WS FORM: F-6)
STATION: SPRINGFIELD IL
MONTH: SEPTEMBER
YEAR: 2021
LATITUDE: 39 50 N
LONGITUDE: 89 41 W
TEMPERATURE IN F: :PCPN: SNOW: WIND :SUNSHINE: SKY :PK WND
================================================================================
1 2 3 4 5 6A 6B 7 8 9 10 11 12 13 14 15 16 17 18
12Z AVG MX 2MIN
DY MAX MIN AVG DEP HDD CDD WTR SNW DPTH SPD SPD DIR MIN PSBL S-S WX SPD DR
================================================================================
1 81 59 70 -3 0 5 T 0.0 0 8.0 15 60 M M 4 23 40
2 80 55 68 -4 0 3 0.00 0.0 0 5.3 13 130 M M 1 17 130
3 74 60 67 -5 0 2 T 0.0 0 8.4 15 150 M M 5 25 150
4 74 65 70 -2 0 5 2.36 0.0 0 6.9 14 240 M M 8 1 21 240
5 81 57 69 -3 0 4 0.00 0.0 0 4.2 13 330 M M 0 1 18 320
6 85 59 72 1 0 7 0.00 0.0 0 6.2 15 250 M M 2 20 250
7 87 64 76 5 0 11 T 0.0 0 10.7 21 210 M M 1 37 240
8 79 54 67 -4 0 2 0.00 0.0 0 7.1 20 330 M M 0 31 280
9 78 52 65 -5 0 0 0.00 0.0 0 4.5 15 330 M M 0 20 330
10 81 51 66 -4 0 1 0.00 0.0 0 7.9 16 180 M M 1 1 24 180
11 85 66 76 6 0 11 0.00 0.0 0 11.2 18 190 M M 0 26 190
12 87 68 78 8 0 13 0.00 0.0 0 11.3 18 200 M M 0 27 200
13 86 63 75 6 0 10 0.00 0.0 0 9.6 21 200 M M 0 29 200
14 88 66 77 8 0 12 0.00 0.0 0 11.1 22 250 M M 2 29 230
15 82 56 69 1 0 4 0.00 0.0 0 4.1 12 30 M M 0 15 350
16 83 55 69 1 0 4 0.00 0.0 0 3.8 14 130 M M 0 18 130
17 89 58 74 6 0 9 0.00 0.0 0 1.9 8 50 M M 0 13 220
18 91 61 76 9 0 11 0.00 0.0 0 2.3 8 30 M M 0 11 10
19 89 64 77 10 0 12 0.00 0.0 0 8.2 23 160 M M 1 30 170
20 86 66 76 9 0 11 0.69 0.0 0 11.8 20 170 M M 7 13 29 180
21 72 57 65 -1 0 0 0.70 0.0 0 8.3 16 330 M M 7 13 23 330
22 71 45 58 -8 7 0 0.00 0.0 0 10.7 26 350 M M 2 37 20
23 73 42 58 -7 7 0 0.00 0.0 0 6.4 20 330 M M 0 27 310
24 80 46 63 -2 2 0 0.05 0.0 0 9.8 21 200 M M 1 1 30 200
25 73 46 60 -5 5 0 0.04 0.0 0 5.7 17 270 M M 3 12 27 250
26 83 49 66 2 0 1 0.00 0.0 0 11.2 22 190 M M 0 30 190
27 91 63 77 13 0 12 0.00 0.0 0 12.3 23 250 M M 0 32 250
28 88 55 72 9 0 7 0.00 0.0 0 3.2 9 90 M M 0 13 90
29 87 59 73 10 0 8 0.00 0.0 0 3.3 12 140 M M 0 1 17 120
30 88 62 75 12 0 10 0.00 0.0 0 4.1 15 150 M M 0 20 160
================================================================================
SM 2472 1723 21 175 3.84 0.0 219.5 M 45
================================================================================
AV 82.4 57.4 7.3 FASTST M M 2 MAX(MPH)
MISC ----> 26 350 # 37 240
================================================================================
NOTES:
# LAST OF SEVERAL OCCURRENCES
COLUMN 17 PEAK WIND IN M.P.H.
PRELIMINARY LOCAL CLIMATOLOGICAL DATA (WS FORM: F-6) , PAGE 2
STATION: SPRINGFIELD IL
MONTH: SEPTEMBER
YEAR: 2021
LATITUDE: 39 50 N
LONGITUDE: 89 41 W
[TEMPERATURE DATA] [PRECIPITATION DATA] SYMBOLS USED IN COLUMN 16
AVERAGE MONTHLY: 69.9 TOTAL FOR MONTH: 3.84 1 = FOG OR MIST
DPTR FM NORMAL: 1.9 DPTR FM NORMAL: 0.96 2 = FOG REDUCING VISIBILITY
HIGHEST: 91 ON 27,18 GRTST 24HR 2.36 ON 3- 4 TO 1/4 MILE OR LESS
LOWEST: 42 ON 23 3 = THUNDER
SNOW, ICE PELLETS, HAIL 4 = ICE PELLETS
TOTAL MONTH: 0.0 INCH 5 = HAIL
GRTST 24HR 0.0 6 = FREEZING RAIN OR DRIZZLE
GRTST DEPTH: 0 7 = DUSTSTORM OR SANDSTORM:
VSBY 1/2 MILE OR LESS
8 = SMOKE OR HAZE
[NO. OF DAYS WITH] [WEATHER - DAYS WITH] 9 = BLOWING SNOW
X = TORNADO
MAX 32 OR BELOW: 0 0.01 INCH OR MORE: 5
MAX 90 OR ABOVE: 2 0.10 INCH OR MORE: 3
MIN 32 OR BELOW: 0 0.50 INCH OR MORE: 3
MIN 0 OR BELOW: 0 1.00 INCH OR MORE: 1
[HDD (BASE 65) ]
TOTAL THIS MO. 21 CLEAR (SCALE 0-3) 25
DPTR FM NORMAL -40 PTCLDY (SCALE 4-7) 5
TOTAL FM JUL 1 23 CLOUDY (SCALE 8-10) 0
DPTR FM NORMAL -41
[CDD (BASE 65) ]
TOTAL THIS MO. 175
DPTR FM NORMAL 24 [PRESSURE DATA]
TOTAL FM JAN 1 1305 HIGHEST SLP 30.18 ON 22
DPTR FM NORMAL 85 LOWEST SLP 29.70 ON 7
[REMARKS]
#FINAL-09-21#