000
CXUS54 KLZK 011230
CF6SRC
PRELIMINARY LOCAL CLIMATOLOGICAL DATA (WS FORM: F-6)
STATION: SEARCY AIRPORT
MONTH: JULY
YEAR: 2023
LATITUDE: 35 12 N
LONGITUDE: 91 44 W
TEMPERATURE IN F: :PCPN: SNOW: WIND :SUNSHINE: SKY :PK WND
================================================================================
1 2 3 4 5 6A 6B 7 8 9 10 11 12 13 14 15 16 17 18
12Z AVG MX 2MIN
DY MAX MIN AVG DEP HDD CDD WTR SNW DPTH SPD SPD DIR MIN PSBL S-S WX SPD DR
================================================================================
1 96 76 86 6 0 21 0.00 M M 6.6 17 190 M M 1 1 22 190
2 96 74 85 4 0 20 0.00 M M 5.5 15 200 M M 1 20 200
3 96 71 84 3 0 19 0.01 M M 3.3 10 100 M M 1 3 M M
4 91 70 81 0 0 16 0.00 M M 4.6 13 170 M M 0 M M
5 95 69 82 1 0 17 0.00 M M 4.4 14 340 M M 2 1 27 340
6 95 70 83 2 0 18 0.02 M M 4.4 10 140 M M 4 13 M M
7 90 72 81 0 0 16 0.20 M M 4.2 9 200 M M 5 M M
8 89 74 82 1 0 17 T M M 3.0 9 270 M M 3 12 M M
9 77 67 72 -9 0 7 0.19 M M 4.3 13 30 M M 7 13 M M
10 86 63 75 -6 0 10 0.00 M M 3.8 7 50 M M 1 M M
11 89 62 76 -5 0 11 0.00 M M 3.7 9 80 M M 2 1 M M
12 88 73 81 0 0 16 0.00 M M 5.4 14 170 M M 6 1 17 200
13 91 72 82 1 0 17 0.16 M M 5.6 10 190 M M 4 13 M M
14 91 71 81 -1 0 16 0.88 M M 5.5 14 270 M M 6 13 28 270
15 93 70 82 0 0 17 0.02 M M 3.6 8 220 M M 4 M M
16 92 69 81 -1 0 16 0.00 M M 2.3 8 150 M M 0 1 M M
17 93 70 82 0 0 17 T M M 4.5 12 180 M M 2 12 M M
18 96 76 86 4 0 21 0.00 M M 6.0 14 190 M M 1 12 16 210
19 95 77 86 4 0 21 0.01 M M 7.6 13 180 M M 0 23 230
20 96 74 85 3 0 20 0.00 M M 3.7 8 190 M M 1 1 M M
21 82 69 76 -6 0 11 0.76 M M 4.1 24 300 M M 5 13 55 300
22 87 69 78 -4 0 13 0.00 M M 3.7 9 360 M M 4 M M
23 92 66 79 -3 0 14 0.00 M M 2.5 7 330 M M 1 1 M M
24 94 67 81 -1 0 16 0.00 M M 3.9 12 190 M M 0 1 M M
25 94 67 81 -1 0 16 0.00 M M 5.6 13 180 M M 0 12 M M
26 93 75 84 2 0 19 T M M 6.1 14 180 M M 0 17 180
27 99 75 87 5 0 22 0.00 M M 5.2 13 190 M M 0 17 210
28 98 72 85 3 0 20 0.00 M M 5.2 13 180 M M 0 12 M M
29 100 71 86 4 0 21 0.00 M M 3.1 13 360 M M 0 1 25 360
30 98 72 85 3 0 20 0.00 M M 4.4 9 100 M M 1 M M
31 93 71 82 0 0 17 0.07 M M 4.1 16 350 M M 2 21 350
================================================================================
SM 2865 2194 0 522 2.32 M 139.7 M 64
================================================================================
AV 92.4 70.8 4.5 FASTST M M 2 MAX(MPH)
MISC ----> 24 300 55 300
================================================================================
NOTES:
# LAST OF SEVERAL OCCURRENCES
COLUMN 17 PEAK WIND IN M.P.H.
PRELIMINARY LOCAL CLIMATOLOGICAL DATA (WS FORM: F-6) , PAGE 2
STATION: SEARCY AIRPORT
MONTH: JULY
YEAR: 2023
LATITUDE: 35 12 N
LONGITUDE: 91 44 W
[TEMPERATURE DATA] [PRECIPITATION DATA] SYMBOLS USED IN COLUMN 16
AVERAGE MONTHLY: 81.6 TOTAL FOR MONTH: 2.32 1 = FOG OR MIST
DPTR FM NORMAL: 0.3 DPTR FM NORMAL: -1.41 2 = FOG REDUCING VISIBILITY
HIGHEST: 100 ON 29 GRTST 24HR 0.90 ON 14-15 TO 1/4 MILE OR LESS
LOWEST: 62 ON 11 3 = THUNDER
SNOW, ICE PELLETS, HAIL 4 = ICE PELLETS
TOTAL MONTH: M 5 = HAIL
GRTST 24HR M ON M 6 = FREEZING RAIN OR DRIZZLE
GRTST DEPTH: M ON M 7 = DUSTSTORM OR SANDSTORM:
VSBY 1/2 MILE OR LESS
8 = SMOKE OR HAZE
[NO. OF DAYS WITH] [WEATHER - DAYS WITH] 9 = BLOWING SNOW
X = TORNADO
MAX 32 OR BELOW: 0 0.01 INCH OR MORE: 10
MAX 90 OR ABOVE: 24 0.10 INCH OR MORE: 5
MIN 32 OR BELOW: 0 0.50 INCH OR MORE: 2
MIN 0 OR BELOW: 0 1.00 INCH OR MORE: 0
[HDD (BASE 65) ]
TOTAL THIS MO. 0 CLEAR (SCALE 0-3) 21
DPTR FM NORMAL 0 PTCLDY (SCALE 4-7) 10
TOTAL FM JUL 1 0 CLOUDY (SCALE 8-10) 0
DPTR FM NORMAL 0
[CDD (BASE 65) ]
TOTAL THIS MO. 522
DPTR FM NORMAL 15 [PRESSURE DATA]
TOTAL FM JAN 1 1208 HIGHEST SLP 30.14 ON 25
DPTR FM NORMAL 89 LOWEST SLP 29.80 ON 15
[REMARKS]
#FINAL-07-23#