000
CXUS52 KTBW 011000
CF6SRQ
PRELIMINARY LOCAL CLIMATOLOGICAL DATA (WS FORM: F-6)
STATION: SARASOTA BRADENTON
MONTH: OCTOBER
YEAR: 2023
LATITUDE: 27 23 N
LONGITUDE: 82 33 W
TEMPERATURE IN F: :PCPN: SNOW: WIND :SUNSHINE: SKY :PK WND
================================================================================
1 2 3 4 5 6A 6B 7 8 9 10 11 12 13 14 15 16 17 18
12Z AVG MX 2MIN
DY MAX MIN AVG DEP HDD CDD WTR SNW DPTH SPD SPD DIR MIN PSBL S-S WX SPD DR
================================================================================
1 93 76 85 5 0 20 0.00 0.0 0 10.3 25 80 M M 5 35 60
2 92 74 83 3 0 18 T 0.0 0 11.5 22 70 M M 1 31 80
3 90 73 82 2 0 17 0.00 0.0 0 10.1 20 70 M M 1 18 29 60
4 91 73 82 2 0 17 0.00 0.0 0 10.4 21 80 M M 1 32 70
5 93 74 84 4 0 19 0.00 0.0 0 8.0 15 330 M M 3 19 80
6 89 74 82 2 0 17 0.00 0.0 0 7.5 15 290 M M 1 25 290
7 88 75 82 3 0 17 T 0.0 0 6.9 21 300 M M 4 29 310
8 81 70 76 -3 0 11 0.00 0.0 0 8.2 15 360 M M 2 21 10
9 82 65 74 -5 0 9 T 0.0 0 7.2 14 60 M M 0 19 50
10 87 69 78 -1 0 13 0.00 0.0 0 7.2 13 50 M M 1 16 30
11 89 75 82 3 0 17 0.33 0.0 0 10.7 23 170 M M 5 13 30 160
12 86 77 82 4 0 17 0.36 0.0 0 14.1 24 230 M M 8 138 35 230
13 85 78 82 4 0 17 T 0.0 0 5.9 12 290 M M 5 8 16 280
14 83 74 79 1 0 14 0.00 0.0 0 7.8 17 310 M M 3 26 310
15 81 72 77 -1 0 12 T 0.0 0 13.1 22 290 M M 5 30 330
16 74 63 69 -9 0 4 T 0.0 0 11.8 22 330 M M 8 30 320
17 74 56 65 -12 0 0 0.00 0.0 0 8.3 17 320 M M 2 25 20
18 81 54 68 -9 0 3 0.00 0.0 0 6.2 14 90 M M 1 19 100
19 85 62 74 -3 0 9 0.00 0.0 0 7.0 14 80 M M 1 19 70
20 80 62 71 -5 0 6 0.00 0.0 0 5.9 13 260 M M 1 18 260
21 85 71 78 2 0 13 0.01 0.0 0 7.3 15 270 M M 1 23 260
22 86 65 76 0 0 11 0.00 0.0 0 4.6 12 300 M M 1 17 260
23 91 64 78 2 0 13 0.00 0.0 0 6.8 16 80 M M 0 18 24 70
24 90 68 79 4 0 14 0.00 0.0 0 11.6 21 80 M M 1 31 60
25 88 68 78 3 0 13 T 0.0 0 10.3 28 80 M M 4 39 70
26 90 71 81 6 0 16 T 0.0 0 10.2 22 90 M M 2 30 80
27 90 69 80 5 0 15 0.00 0.0 0 9.2 20 90 M M 1 27 100
28 90 69 80 6 0 15 0.00 0.0 0 9.3 18 100 M M 1 26 60
29 90 68 79 5 0 14 0.00 0.0 0 9.6 21 70 M M 1 28 70
30 88 68 78 4 0 13 0.00 0.0 0 6.4 13 60 M M 2 17 80
31 86 69 78 4 0 13 0.00 0.0 0 7.9 17 310 M M 0 24 310
================================================================================
SM 2678 2146 0 407 0.70 0.0 271.3 M 72
================================================================================
AV 86.4 69.2 8.8 FASTST M M 2 MAX(MPH)
MISC ----> 28 80 39 70
================================================================================
NOTES:
# LAST OF SEVERAL OCCURRENCES
COLUMN 17 PEAK WIND IN M.P.H.
PRELIMINARY LOCAL CLIMATOLOGICAL DATA (WS FORM: F-6) , PAGE 2
STATION: SARASOTA BRADENTON
MONTH: OCTOBER
YEAR: 2023
LATITUDE: 27 23 N
LONGITUDE: 82 33 W
[TEMPERATURE DATA] [PRECIPITATION DATA] SYMBOLS USED IN COLUMN 16
AVERAGE MONTHLY: 77.8 TOTAL FOR MONTH: 0.70 1 = FOG OR MIST
DPTR FM NORMAL: 0.5 DPTR FM NORMAL: -2.06 2 = FOG REDUCING VISIBILITY
HIGHEST: 93 ON 5, 1 GRTST 24HR 0.69 ON 11-12 TO 1/4 MILE OR LESS
LOWEST: 54 ON 18 3 = THUNDER
SNOW, ICE PELLETS, HAIL 4 = ICE PELLETS
TOTAL MONTH: 0.0 INCH 5 = HAIL
GRTST 24HR 0.0 6 = FREEZING RAIN OR DRIZZLE
GRTST DEPTH: 0 7 = DUSTSTORM OR SANDSTORM:
VSBY 1/2 MILE OR LESS
8 = SMOKE OR HAZE
[NO. OF DAYS WITH] [WEATHER - DAYS WITH] 9 = BLOWING SNOW
X = TORNADO
MAX 32 OR BELOW: 0 0.01 INCH OR MORE: 3
MAX 90 OR ABOVE: 11 0.10 INCH OR MORE: 2
MIN 32 OR BELOW: 0 0.50 INCH OR MORE: 0
MIN 0 OR BELOW: 0 1.00 INCH OR MORE: 0
[HDD (BASE 65) ]
TOTAL THIS MO. 0 CLEAR (SCALE 0-3) 22
DPTR FM NORMAL -2 PTCLDY (SCALE 4-7) 8
TOTAL FM JUL 1 0 CLOUDY (SCALE 8-10) 1
DPTR FM NORMAL 0
[CDD (BASE 65) ]
TOTAL THIS MO. 407
DPTR FM NORMAL 23 [PRESSURE DATA]
TOTAL FM JAN 1 4041 HIGHEST SLP 30.16 ON 25
DPTR FM NORMAL 600 LOWEST SLP 29.67 ON 12
[REMARKS]
#FINAL-10-23#