000
CXUS54 KEPZ 011030
CF6SRR
PRELIMINARY LOCAL CLIMATOLOGICAL DATA (WS FORM: F-6)
STATION: RUIDOSO AWOS
MONTH: APRIL
YEAR: 2021
LATITUDE: 33 28 N
LONGITUDE: 105 32 W
TEMPERATURE IN F: :PCPN: SNOW: WIND :SUNSHINE: SKY :PK WND
================================================================================
1 2 3 4 5 6A 6B 7 8 9 10 11 12 13 14 15 16 17 18
12Z AVG MX 2MIN
DY MAX MIN AVG DEP HDD CDD WTR SNW DPTH SPD SPD DIR MIN PSBL S-S WX SPD DR
================================================================================
1 55 27 41 M 24 0 0.00 M M 9.4 14 110 M M 1 22 110
2 68 37 53 M 12 0 0.00 M M 5.9 15 140 M M 2 24 110
3 66 46 56 M 9 0 0.00 M M 8.8 28 200 M M 4 35 200
4 72 45 59 M 6 0 0.00 M M 6.3 17 140 M M 1 22 140
5 73 48 61 M 4 0 0.00 M M 11.6 22 230 M M 0 29 220
6 70 48 59 M 6 0 0.00 M M 16.8 32 270 M M 0 44 250
7 64 43 54 M 11 0 0.00 M M 12.1 23 280 M M 0 30 320
8 72 48 60 M 5 0 0.00 M M 11.7 24 280 M M 2 43 300
9 66 41 54 M 11 0 0.00 M M 14.8 27 310 M M 0 36 290
10 68 32 50 M 15 0 0.00 M M 7.1 17 270 M M 0 27 270
11 70 46 58 M 7 0 0.00 M M 10.6 20 290 M M 0 30 290
12 59 37 48 M 17 0 0.00 M M 9.4 22 310 M M 3 32 310
13 55 30 43 M 22 0 0.00 M M 11.2 18 110 M M 0 28 120
14 63 36 50 M 15 0 0.00 M M 11.4 21 140 M M 2 29 120
15 66 41 54 M 11 0 0.00 M M 14.6 29 240 M M 4 1 46 250
16 59 32 46 M 19 0 0.03 M M 12.6 23 190 M M 3 32 300
17 43 28 36 M 29 0 0.00 M M 10.8 13 100 M M 9 21 160
18 43 30 37 M 28 0 0.03 M M 7.5 14 130 M M 7 1 21 100
19 59 28 44 M 21 0 0.00 M M 7.9 22 230 M M 0 31 230
20 48 27 38 M 27 0 0.00 M M 11.4 16 120 M M 0 23 240
21 54 25 40 M 25 0 0.00 M M 12.5 17 140 M M 0 26 120
22 64 28 46 M 19 0 0.00 M M 12.4 26 230 M M 0 38 230
23 59 45 52 M 13 0 0.00 M M 15.1 25 290 M M 3 41 310
24 68 37 53 M 12 0 0.00 M M 11.7 24 220 M M 0 32 220
25 73 50 62 M 3 0 0.00 M M 13.7 28 230 M M 0 44 210
26 68 50 59 M 6 0 0.00 M M 16.9 32 200 M M 1 44 210
27 61 41 51 M 14 0 0.01 M M 18.5 30 240 M M 5 43 240
28 50 36 43 M 22 0 0.48 M M 7.7 15 270 M M 7 24 270
29 52 36 44 M 21 0 0.21 M M 10.6 20 60 M M 7 35 50
30 57 41 49 M 16 0 0.00 M M 8.6 20 120 M M 2 24 130
================================================================================
SM 1845 1139 450 0 0.76 M 339.6 M 63
================================================================================
AV 61.5 38.0 11.3 FASTST M M 2 MAX(MPH)
MISC ----> # 32 270 46 250
================================================================================
NOTES:
# LAST OF SEVERAL OCCURRENCES
COLUMN 17 PEAK WIND IN M.P.H.
PRELIMINARY LOCAL CLIMATOLOGICAL DATA (WS FORM: F-6) , PAGE 2
STATION: RUIDOSO AWOS
MONTH: APRIL
YEAR: 2021
LATITUDE: 33 28 N
LONGITUDE: 105 32 W
[TEMPERATURE DATA] [PRECIPITATION DATA] SYMBOLS USED IN COLUMN 16
AVERAGE MONTHLY: 49.7 TOTAL FOR MONTH: 0.76 1 = FOG OR MIST
DPTR FM NORMAL: 0.0 DPTR FM NORMAL: M 2 = FOG REDUCING VISIBILITY
HIGHEST: 73 ON 25, 5 GRTST 24HR 0.48 ON 28-28 TO 1/4 MILE OR LESS
LOWEST: 25 ON 21 3 = THUNDER
SNOW, ICE PELLETS, HAIL 4 = ICE PELLETS
TOTAL MONTH: M 5 = HAIL
GRTST 24HR M ON M 6 = FREEZING RAIN OR DRIZZLE
GRTST DEPTH: M ON M 7 = DUSTSTORM OR SANDSTORM:
VSBY 1/2 MILE OR LESS
8 = SMOKE OR HAZE
[NO. OF DAYS WITH] [WEATHER - DAYS WITH] 9 = BLOWING SNOW
X = TORNADO
MAX 32 OR BELOW: 0 0.01 INCH OR MORE: 5
MAX 90 OR ABOVE: 0 0.10 INCH OR MORE: 2
MIN 32 OR BELOW: 10 0.50 INCH OR MORE: 0
MIN 0 OR BELOW: 0 1.00 INCH OR MORE: 0
[HDD (BASE 65) ]
TOTAL THIS MO. 450 CLEAR (SCALE 0-3) 23
DPTR FM NORMAL M PTCLDY (SCALE 4-7) 6
TOTAL FM JUL 1 4482 CLOUDY (SCALE 8-10) 1
DPTR FM NORMAL M
[CDD (BASE 65) ]
TOTAL THIS MO. 0
DPTR FM NORMAL M [PRESSURE DATA]
TOTAL FM JAN 1 0 HIGHEST SLP M ON M
DPTR FM NORMAL M LOWEST SLP M ON M
[REMARKS]
#FINAL-04-21#