000
CXUS54 KEWX 011110
CF6SSF
PRELIMINARY LOCAL CLIMATOLOGICAL DATA (WS FORM: F-6)
STATION: SAN ANTONIO STINSON FIELD
MONTH: JANUARY
YEAR: 2022
LATITUDE: 29 19 N
LONGITUDE: 98 29 W
TEMPERATURE IN F: :PCPN: SNOW: WIND :SUNSHINE: SKY :PK WND
================================================================================
1 2 3 4 5 6A 6B 7 8 9 10 11 12 13 14 15 16 17 18
12Z AVG MX 2MIN
DY MAX MIN AVG DEP HDD CDD WTR SNW DPTH SPD SPD DIR MIN PSBL S-S WX SPD DR
================================================================================
1 82 55 69 16 0 4 0.00 M M 6.7 26 10 M M 4 18 40 10
2 55 32 44 -9 21 0 0.00 M M 12.1 24 10 M M 2 37 350
3 60 25 43 -10 22 0 0.00 M M 2.3 10 210 M M 0 13 200
4 72 36 54 1 11 0 0.00 M M 4.9 18 200 M M 0 30 230
5 81 38 60 7 5 0 0.00 M M 2.5 10 190 M M 0 15 170
6 73 39 56 3 9 0 0.00 M M 7.7 20 30 M M 0 30 30
7 47 36 42 -11 23 0 T M M 7.0 15 40 M M 8 18 24 40
8 62 45 54 1 11 0 0.08 M M 2.4 8 270 M M 10 128 10 280
9 75 53 64 11 1 0 0.00 M M 8.3 21 20 M M 5 18 32 20
10 65 47 56 3 9 0 T M M 11.2 21 30 M M 2 31 10
11 56 43 50 -3 15 0 0.00 M M 6.3 13 50 M M 7 18 50
12 67 42 55 2 10 0 0.00 M M 2.1 12 230 M M 2 8 16 230
13 80 35 58 5 7 0 0.00 M M 3.0 12 280 M M 0 8 17 260
14 82 38 60 7 5 0 0.00 M M 3.9 16 210 M M 0 8 23 190
15 67 47 57 4 8 0 T M M 15.4 31 350 M M 0 48 340
16 69 30 50 -3 15 0 0.00 M M 4.9 15 270 M M 0 22 260
17 74 30 52 -1 13 0 0.00 M M 3.6 13 140 M M 0 8 21 160
18 80 39 60 7 5 0 0.00 M M 6.2 17 180 M M 0 24 160
19 82 52 67 14 0 2 0.00 M M 7.0 28 10 M M 4 41 360
20 52 37 45 -9 20 0 T M M 14.7 26 10 M M 6 39 360
21 56 37 47 -7 18 0 0.00 M M 6.7 15 10 M M 6 23 30
22 58 36 47 -7 18 0 0.00 M M 7.0 15 60 M M 6 21 70
23 60 51 56 2 9 0 0.00 M M 2.3 7 130 M M 10 9 140
24 57 40 49 -5 16 0 0.01 M M 1.7 8 260 M M 8 128 10 300
25 63 40 52 -2 13 0 0.00 M M 7.4 16 60 M M 8 128 23 60
26 59 51 55 1 10 0 0.00 M M 8.2 16 60 M M 10 22 70
27 66 46 56 2 9 0 0.00 M M 3.3 13 50 M M 8 22 40
28 64 39 52 -3 13 0 T M M 10.1 21 10 M M 4 34 20
29 69 30 50 -5 15 0 0.00 M M 4.0 14 200 M M 0 21 220
30 74 32 53 -2 12 0 0.00 M M 5.4 15 160 M M 0 21 170
31 65 57 61 6 4 0 0.17 M M 4.4 13 40 M M 9 18 19 50
================================================================================
SM 2072 1258 347 6 0.26 M 192.7 M 119
================================================================================
AV 66.8 40.6 6.2 FASTST M M 4 MAX(MPH)
MISC ----> 31 350 48 340
================================================================================
NOTES:
# LAST OF SEVERAL OCCURRENCES
COLUMN 17 PEAK WIND IN M.P.H.
PRELIMINARY LOCAL CLIMATOLOGICAL DATA (WS FORM: F-6) , PAGE 2
STATION: SAN ANTONIO STINSON FIELD
MONTH: JANUARY
YEAR: 2022
LATITUDE: 29 19 N
LONGITUDE: 98 29 W
[TEMPERATURE DATA] [PRECIPITATION DATA] SYMBOLS USED IN COLUMN 16
AVERAGE MONTHLY: 53.7 TOTAL FOR MONTH: 0.26 1 = FOG OR MIST
DPTR FM NORMAL: 0.2 DPTR FM NORMAL: -1.53 2 = FOG REDUCING VISIBILITY
HIGHEST: 82 ON 19,14 GRTST 24HR 0.17 ON 31-31 TO 1/4 MILE OR LESS
LOWEST: 25 ON 3 3 = THUNDER
SNOW, ICE PELLETS, HAIL 4 = ICE PELLETS
TOTAL MONTH: M 5 = HAIL
GRTST 24HR M ON M 6 = FREEZING RAIN OR DRIZZLE
GRTST DEPTH: M ON M 7 = DUSTSTORM OR SANDSTORM:
VSBY 1/2 MILE OR LESS
8 = SMOKE OR HAZE
[NO. OF DAYS WITH] [WEATHER - DAYS WITH] 9 = BLOWING SNOW
X = TORNADO
MAX 32 OR BELOW: 0 0.01 INCH OR MORE: 3
MAX 90 OR ABOVE: 0 0.10 INCH OR MORE: 1
MIN 32 OR BELOW: 6 0.50 INCH OR MORE: 0
MIN 0 OR BELOW: 0 1.00 INCH OR MORE: 0
[HDD (BASE 65) ]
TOTAL THIS MO. 347 CLEAR (SCALE 0-3) 15
DPTR FM NORMAL -20 PTCLDY (SCALE 4-7) 11
TOTAL FM JUL 1 497 CLOUDY (SCALE 8-10) 5
DPTR FM NORMAL -373
[CDD (BASE 65) ]
TOTAL THIS MO. 6
DPTR FM NORMAL -5 [PRESSURE DATA]
TOTAL FM JAN 1 6 HIGHEST SLP 30.63 ON 10
DPTR FM NORMAL -5 LOWEST SLP 29.56 ON 1
[REMARKS]
#FINAL-01-22#