000
CXUS52 KJAX 010800
CF6SSI
PRELIMINARY LOCAL CLIMATOLOGICAL DATA (WS FORM: F-6)
STATION: ST SIMONS ISLAND
MONTH: APRIL
YEAR: 2020
LATITUDE: 31 9 N
LONGITUDE: 81 23 W
TEMPERATURE IN F: :PCPN: SNOW: WIND :SUNSHINE: SKY :PK WND
================================================================================
1 2 3 4 5 6A 6B 7 8 9 10 11 12 13 14 15 16 17 18
12Z AVG MX 2MIN
DY MAX MIN AVG DEP HDD CDD WTR SNW DPTH SPD SPD DIR MIN PSBL S-S WX SPD DR
================================================================================
1 70 52 61 -2 4 0 0.00 0.0 0 7.9 20 300 M M 3 31 320
2 68 51 60 -4 5 0 0.00 0.0 0 4.8 14 80 M M 3 18 100
3 74 51 63 -1 2 0 0.00 0.0 0 5.0 14 140 M M 0 1 17 130
4 78 60 69 5 0 4 0.00 0.0 0 8.0 14 80 M M 0 17 100
5 75 61 68 4 0 3 0.03 0.0 0 4.6 14 100 M M 6 1 18 90
6 78 57 68 4 0 3 0.00 0.0 0 4.4 10 110 M M 3 12 14 130
7 83 65 74 9 0 9 T 0.0 0 7.2 13 170 M M 2 20 190
8 87 65 76 11 0 11 0.64 0.0 0 7.2 18 320 M M 6 13 29 330
9 91 70 81 16 0 16 0.00 0.0 0 9.0 18 280 M M 3 1 26 280
10 77 59 68 3 0 3 0.03 0.0 0 8.2 17 330 M M 2 25 310
11 74 52 63 -2 2 0 0.00 0.0 0 6.5 12 100 M M 0 16 70
12 77 66 72 6 0 7 0.00 0.0 0 12.3 20 140 M M 8 138 28 160
13 78 62 70 4 0 5 1.30 0.0 0 8.5 20 170 M M 6 138 32 310
14 77 68 73 7 0 8 0.82 0.0 0 4.0 14 220 M M 6 13 17 230
15 75 58 67 1 0 2 0.77 0.0 0 8.4 20 340 M M 8 13 31 310
16 69 57 63 -3 2 0 0.00 0.0 0 10.9 22 50 M M 1 29 30
17 76 59 68 1 0 3 0.00 0.0 0 8.0 14 90 M M 1 18 100
18 85 70 78 11 0 13 0.00 0.0 0 8.6 16 270 M M 2 22 280
19 77 65 71 4 0 6 0.59 0.0 0 8.0 21 30 M M 5 13 27 40
20 81 67 74 6 0 9 0.52 0.0 0 9.5 22 270 M M 5 13 31 320
21 83 60 72 4 0 7 0.00 0.0 0 5.6 17 260 M M 0 22 250
22 75 59 67 -1 0 2 0.00 0.0 0 8.0 17 20 M M 0 21 40
23 78 66 72 4 0 7 1.41 0.0 0 10.1 30 260 M M 4 13 46 260
24 81 67 74 6 0 9 0.28 0.0 0 8.0 18 140 M M 5 13 23 130
25 80 66 73 4 0 8 0.00 0.0 0 9.0 17 150 M M 4 12 24 150
26 82 66 74 5 0 9 0.00 0.0 0 11.3 20 260 M M 0 28 270
27 78 55 67 -2 0 2 0.00 0.0 0 6.9 17 310 M M 0 24 320
28 76 57 67 -3 0 2 0.00 0.0 0 7.0 16 150 M M 0 22 150
29 79 69 74 4 0 9 0.00 0.0 0 12.5 21 140 M M 1 30 130
30 79 62 71 1 0 6 0.37 0.0 0 10.7 21 270 M M 5 13 29 290
================================================================================
SM 2341 1842 15 163 6.76 0.0 240.1 M 89
================================================================================
AV 78.0 61.4 8.0 FASTST M M 3 MAX(MPH)
MISC ----> 30 260 46 260
================================================================================
NOTES:
# LAST OF SEVERAL OCCURRENCES
COLUMN 17 PEAK WIND IN M.P.H.
PRELIMINARY LOCAL CLIMATOLOGICAL DATA (WS FORM: F-6) , PAGE 2
STATION: ST SIMONS ISLAND
MONTH: APRIL
YEAR: 2020
LATITUDE: 31 9 N
LONGITUDE: 81 23 W
[TEMPERATURE DATA] [PRECIPITATION DATA] SYMBOLS USED IN COLUMN 16
AVERAGE MONTHLY: 69.7 TOTAL FOR MONTH: 6.76 1 = FOG OR MIST
DPTR FM NORMAL: 3.2 DPTR FM NORMAL: 4.27 2 = FOG REDUCING VISIBILITY
HIGHEST: 91 ON 9 GRTST 24HR 1.69 ON 23-24 TO 1/4 MILE OR LESS
LOWEST: 51 ON 3, 2 3 = THUNDER
SNOW, ICE PELLETS, HAIL 4 = ICE PELLETS
TOTAL MONTH: 0.0 INCH 5 = HAIL
GRTST 24HR 0.0 6 = FREEZING RAIN OR DRIZZLE
GRTST DEPTH: 0 7 = DUSTSTORM OR SANDSTORM:
VSBY 1/2 MILE OR LESS
8 = SMOKE OR HAZE
[NO. OF DAYS WITH] [WEATHER - DAYS WITH] 9 = BLOWING SNOW
X = TORNADO
MAX 32 OR BELOW: 0 0.01 INCH OR MORE: 11
MAX 90 OR ABOVE: 1 0.10 INCH OR MORE: 9
MIN 32 OR BELOW: 0 0.50 INCH OR MORE: 7
MIN 0 OR BELOW: 0 1.00 INCH OR MORE: 2
[HDD (BASE 65) ]
TOTAL THIS MO. 15 CLEAR (SCALE 0-3) 16
DPTR FM NORMAL -41 PTCLDY (SCALE 4-7) 14
TOTAL FM JUL 1 937 CLOUDY (SCALE 8-10) 0
DPTR FM NORMAL -548
[CDD (BASE 65) ]
TOTAL THIS MO. 163
DPTR FM NORMAL 60 [PRESSURE DATA]
TOTAL FM JAN 1 391 HIGHEST SLP 30.28 ON 16
DPTR FM NORMAL 248 LOWEST SLP 29.52 ON 20
[REMARKS]
#FINAL-04-20#