000
CXUS53 KLSX 031746 CCB
CF6STL
PRELIMINARY LOCAL CLIMATOLOGICAL DATA (WS FORM: F-6)
STATION: ST. LOUIS
MONTH: FEBRUARY
YEAR: 2020
LATITUDE: 38 45 N
LONGITUDE: 90 23 W
TEMPERATURE IN F: :PCPN: SNOW: WIND :SUNSHINE: SKY :PK WND
================================================================================
1 2 3 4 5 6A 6B 7 8 9 10 11 12 13 14 15 16 17 18
12Z AVG MX 2MIN
DY MAX MIN AVG DEP HDD CDD WTR SNW DPTH SPD SPD DIR MIN PSBL S-S WX SPD DR
================================================================================
1 45 34 40 7 25 0 T 0.0 0 9.4 20 220 M M 7 27 230
2 70 42 56 23 9 0 0.00 0.0 0 9.1 22 250 M M 3 30 210
3 74 40 57 24 8 0 0.00 0.0 0 9.1 22 200 M M 9 33 210
4 54 33 44 10 21 0 0.13 T 0 12.1 16 30 M M 10 16 25 30
5 34 29 32 -2 33 0 0.23 0.5 0 11.0 17 60 M M 10 146 25 20
6 31 27 29 -5 36 0 T 0.1 T 9.6 15 340 M M 10 16 20 350
7 39 25 32 -2 33 0 0.05 0.1 T 7.5 16 290 M M 9 1 22 280
8 37 27 32 -2 33 0 T T T 9.2 17 280 M M 7 22 280
9 58 30 44 9 21 0 0.53 T 0 11.3 22 220 M M 10 13458 30 210
10 43 32 38 3 27 0 0.05 0.0 0 7.9 16 10 M M 10 1 21 10
11 45 33 39 4 26 0 T T 0 5.8 15 310 M M 9 20 280
12 37 32 35 0 30 0 0.43 0.1 0 6.4 15 100 M M 10 14 19 100
13 34 8 21 -15 44 0 0.02 0.1 0 13.8 23 290 M M 9 1 32 310
14 25 5 15 -21 50 0 T T 0 7.0 17 150 M M 2 22 150
15 47 23 35 -1 30 0 0.00 0.0 0 9.0 20 200 M M 8 29 210
16 50 31 41 4 24 0 0.00 0.0 0 5.4 12 90 M M 6 14 90
17 53 35 44 7 21 0 0.12 0.0 0 7.8 15 210 M M 10 1 20 210
18 53 31 42 5 23 0 0.00 0.0 0 11.5 24 330 M M 7 30 330
19 43 26 35 -2 30 0 0.00 0.0 0 7.3 14 40 M M 5 19 50
20 32 21 27 -11 38 0 0.00 0.0 0 11.9 18 10 M M 5 26 360
21 44 16 30 -8 35 0 0.00 0.0 0 5.7 12 180 M M 0 8 20 180
22 55 23 39 1 26 0 0.00 0.0 0 9.1 16 210 M M 4 18 220
23 62 41 52 13 13 0 0.00 0.0 0 7.6 12 180 M M 8 12 180
24 48 43 46 7 19 0 0.76 0.0 0 11.0 21 120 M M 10 13 27 30
25 43 34 39 0 26 0 0.17 T 0 12.0 17 350 M M 10 1 23 360
26 36 30 33 -7 32 0 0.18 1.9 1 13.4 23 340 M M 9 1 32 310
27 45 24 35 -5 30 0 0.00 0.0 T 8.7 21 260 M M 6 27 250
28 49 26 38 -2 27 0 0.00 0.0 0 9.0 23 280 M M 6 29 270
29 50 22 36 -5 29 0 0.00 0.0 0 7.4 17 140 M M 2 23 150
================================================================================
SM 1336 823 799 0 2.67 2.8 266.0 M 211
================================================================================
AV 46.1 28.4 9.2 FASTST M M 7 MAX(MPH)
MISC ----> 24 330 33 210
================================================================================
NOTES:
# LAST OF SEVERAL OCCURRENCES
COLUMN 17 PEAK WIND IN M.P.H.
PRELIMINARY LOCAL CLIMATOLOGICAL DATA (WS FORM: F-6) , PAGE 2
STATION: ST. LOUIS
MONTH: FEBRUARY
YEAR: 2020
LATITUDE: 38 45 N
LONGITUDE: 90 23 W
[TEMPERATURE DATA] [PRECIPITATION DATA] SYMBOLS USED IN COLUMN 16
AVERAGE MONTHLY: 37.2 TOTAL FOR MONTH: 2.67 1 = FOG OR MIST
DPTR FM NORMAL: 0.9 DPTR FM NORMAL: 0.43 2 = FOG REDUCING VISIBILITY
HIGHEST: 74 ON 3 GRTST 24HR 0.76 ON 24-24 TO 1/4 MILE OR LESS
LOWEST: 5 ON 14 3 = THUNDER
SNOW, ICE PELLETS, HAIL 4 = ICE PELLETS
TOTAL MONTH: 2.8 INCHES 5 = HAIL
GRTST 24HR 1.9 ON 26 6 = FREEZING RAIN OR DRIZZLE
GRTST DEPTH: 1 ON 26 7 = DUSTSTORM OR SANDSTORM:
VSBY 1/2 MILE OR LESS
8 = SMOKE OR HAZE
[NO. OF DAYS WITH] [WEATHER - DAYS WITH] 9 = BLOWING SNOW
X = TORNADO
MAX 32 OR BELOW: 3 0.01 INCH OR MORE: 11
MAX 90 OR ABOVE: 0 0.10 INCH OR MORE: 8
MIN 32 OR BELOW: 20 0.50 INCH OR MORE: 2
MIN 0 OR BELOW: 0 1.00 INCH OR MORE: 0
[HDD (BASE 65) ]
TOTAL THIS MO. 799 CLEAR (SCALE 0-3) 4
DPTR FM NORMAL -30 PTCLDY (SCALE 4-7) 9
TOTAL FM JUL 1 3444 CLOUDY (SCALE 8-10) 16
DPTR FM NORMAL -203
[CDD (BASE 65) ]
TOTAL THIS MO. 0
DPTR FM NORMAL 0 [PRESSURE DATA]
TOTAL FM JAN 1 0 HIGHEST SLP 30.79 ON 20
DPTR FM NORMAL 0 LOWEST SLP 29.57 ON 3
[REMARKS]
#FINAL-02-20#