124
CXUS53 KFSD 011617
CF6SUX
PRELIMINARY LOCAL CLIMATOLOGICAL DATA (WS FORM: F-6)
STATION: SIOUX CITY IA
MONTH: MAY
YEAR: 2020
LATITUDE: 42 24 N
LONGITUDE: 96 23 W
TEMPERATURE IN F: :PCPN: SNOW: WIND :SUNSHINE: SKY :PK WND
================================================================================
1 2 3 4 5 6A 6B 7 8 9 10 11 12 13 14 15 16 17 18
12Z AVG MX 2MIN
DY MAX MIN AVG DEP HDD CDD WTR SNW DPTH SPD SPD DIR MIN PSBL S-S WX SPD DR
================================================================================
1 89 54 72 16 0 7 T 0.0 0 13.6 23 200 M M 0 31 190
2 66 49 58 2 7 0 0.03 0.0 0 7.0 15 310 M M 5 21 340
3 79 49 64 7 1 0 0.00 0.0 0 3.1 13 80 M M 1 17 40
4 60 50 55 -2 10 0 0.21 0.0 0 8.0 15 110 M M 7 1 19 100
5 57 39 48 -9 17 0 T 0.0 0 15.1 37 330 M M 7 55 330
6 62 41 52 -6 13 0 0.01 0.0 0 8.4 18 320 M M 7 22 320
7 57 34 46 -12 19 0 0.34 0.0 0 4.0 22 350 M M 5 1 30 350
8 58 34 46 -12 19 0 0.00 0.0 0 11.0 21 320 M M 0 31 330
9 67 31 49 -10 16 0 0.08 0.0 0 14.2 33 320 M M 6 1 46 310
10 56 34 45 -14 20 0 0.00 0.0 0 18.9 30 320 M M 3 42 330
11 57 29 43 -16 22 0 0.00 0.0 0 6.8 17 300 M M 4 25 300
12 60 42 51 -9 14 0 0.00 0.0 0 7.0 15 170 M M 9 21 190
13 58 39 49 -11 16 0 0.01 0.0 0 12.0 28 160 M M 9 13 37 160
14 78 50 64 4 1 0 0.00 0.0 0 5.6 16 330 M M 3 1 21 320
15 75 44 60 -1 5 0 0.00 0.0 0 6.2 14 360 M M 2 22 30
16 73 50 62 1 3 0 0.25 0.0 0 9.8 23 40 M M 6 1 33 50
17 57 53 55 -6 10 0 0.13 0.0 0 16.9 29 340 M M 10 1 43 350
18 62 51 57 -5 8 0 0.00 0.0 0 11.7 18 360 M M 10 25 350
19 63 53 58 -4 7 0 0.00 0.0 0 7.9 15 130 M M 10 1 20 110
20 68 57 63 1 2 0 0.00 0.0 0 10.5 21 110 M M 10 1 27 120
21 68 58 63 0 2 0 0.00 0.0 0 11.9 20 130 M M 9 1 26 120
22 73 57 65 2 0 0 0.23 0.0 0 9.0 18 130 M M 9 1 24 140
23 74 60 67 4 0 2 0.12 0.0 0 6.9 16 60 M M 5 1 21 60
24 77 60 69 5 0 4 0.75 0.0 0 7.6 23 280 M M 6 13 32 280
25 70 59 65 1 0 0 0.02 0.0 0 10.3 18 330 M M 8 1 25 320
26 64 60 62 -2 3 0 0.38 0.0 0 11.0 20 350 M M 10 1 26 350
27 78 57 68 3 0 3 0.00 0.0 0 7.8 15 20 M M 8 1 23 30
28 81 55 68 3 0 3 0.00 0.0 0 14.6 31 330 M M 1 42 300
29 75 45 60 -5 5 0 0.00 0.0 0 7.4 20 340 M M 0 26 340
30 65 53 59 -7 6 0 T 0.0 0 3.5 12 220 M M 9 15 220
31 80 57 69 3 0 4 T 0.0 0 14.4 29 160 M M 5 38 150
================================================================================
SM 2107 1504 226 23 2.56 0.0 302.1 M 184
================================================================================
AV 68.0 48.5 9.7 FASTST M M 6 MAX(MPH)
MISC ----> 37 330 55 330
================================================================================
NOTES:
# LAST OF SEVERAL OCCURRENCES
-COLUMN 17 PEAK WIND IN M.P.H.
-PRECIPITATION AMOUNTS IN COLUMNS 7,8,AND 9 ARE THE OFFICAL PRECIPITATION
AMOUNTS FOR SIOUX CITY, IA.
-SNOW DEPTH IN COLUMN 9 IS RECORDED AT 6 AM CST (12Z).
PRELIMINARY LOCAL CLIMATOLOGICAL DATA (WS FORM: F-6) , PAGE 2
STATION: SIOUX CITY IA
MONTH: MAY
YEAR: 2020
LATITUDE: 42 24 N
LONGITUDE: 96 23 W
[TEMPERATURE DATA] [PRECIPITATION DATA] SYMBOLS USED IN COLUMN 16
AVERAGE MONTHLY: 58.2 TOTAL FOR MONTH: 2.56 1 = FOG OR MIST
DPTR FM NORMAL: -2.6 DPTR FM NORMAL: -1.18 2 = FOG REDUCING VISIBILITY
HIGHEST: 89 ON 1 GRTST 24HR 0.75 ON 24 TO 1/4 MILE OR LESS
LOWEST: 29 ON 11 3 = THUNDER
SNOW, ICE PELLETS, HAIL 4 = ICE PELLETS
TOTAL MONTH: 0.0 INCH 5 = HAIL
GRTST 24HR 0.0 6 = FREEZING RAIN OR DRIZZLE
GRTST DEPTH: 0 7 = DUSTSTORM OR SANDSTORM:
VSBY 1/2 MILE OR LESS
8 = SMOKE OR HAZE
[NO. OF DAYS WITH] [WEATHER - DAYS WITH] 9 = BLOWING SNOW
X = TORNADO
MAX 32 OR BELOW: 0 0.01 INCH OR MORE: 13
MAX 90 OR ABOVE: 0 0.10 INCH OR MORE: 8
MIN 32 OR BELOW: 2 0.50 INCH OR MORE: 1
MIN 0 OR BELOW: 0 1.00 INCH OR MORE: 0
[HDD (BASE 65) ]
TOTAL THIS MO. 226 CLEAR (SCALE 0-3) 7
DPTR FM NORMAL 44 PTCLDY (SCALE 4-7) 13
TOTAL FM JUL 1 6637 CLOUDY (SCALE 8-10) 11
DPTR FM NORMAL -197
[CDD (BASE 65) ]
TOTAL THIS MO. 23
DPTR FM NORMAL -30 [PRESSURE DATA]
TOTAL FM JAN 1 27 HIGHEST SLP 30.42 ON 11
DPTR FM NORMAL -37 LOWEST SLP 29.65 ON 1
[REMARKS]
#FINAL-05-20#