000
CXUS54 KEPZ 011130
CF6SVC
PRELIMINARY LOCAL CLIMATOLOGICAL DATA (WS FORM: F-6)
STATION: SILVER CITY
MONTH: JANUARY
YEAR: 2022
LATITUDE: 32 37 N
LONGITUDE: 108 10 W
TEMPERATURE IN F: :PCPN: SNOW: WIND :SUNSHINE: SKY :PK WND
================================================================================
1 2 3 4 5 6A 6B 7 8 9 10 11 12 13 14 15 16 17 18
12Z AVG MX 2MIN
DY MAX MIN AVG DEP HDD CDD WTR SNW DPTH SPD SPD DIR MIN PSBL S-S WX SPD DR
================================================================================
1 40 21 31 M 34 0 0.05 M M 15.7 32 280 M M 6 43 270
2 39 13 26 M 39 0 0.00 M M 5.1 15 350 M M 0 M M
3 46 16 31 M 34 0 0.00 M M 5.5 10 360 M M 0 M M
4 56 22 39 M 26 0 0.00 M M 12.3 20 300 M M 0 23 310
5 60 28 44 M 21 0 0.00 M M 13.4 21 280 M M 0 22 290
6 61 32 47 M 18 0 0.00 M M 7.1 14 320 M M 0 M M
7 65 31 48 M 17 0 0.00 M M 9.3 17 290 M M 0 23 280
8 59 32 46 M 19 0 0.00 M M 11.2 23 270 M M 0 32 280
9 56 26 41 M 24 0 0.00 M M 7.4 14 110 M M 0 20 160
10 49 21 35 M 30 0 0.00 M M 8.5 18 140 M M 4 25 0
11 50 21 36 M 29 0 0.00 M M 4.8 9 350 M M 0 M M
12 58 21 40 M 25 0 0.00 M M 7.2 12 10 M M 0 M M
13 62 22 42 M 23 0 0.00 M M 5.9 12 350 M M 0 M M
14 64 36 50 M 15 0 0.00 M M 14.4 25 360 M M 0 32 360
15 48 20 34 M 31 0 0.00 M M 5.1 10 310 M M 0 M M
16 54 20 37 M 28 0 0.00 M M 6.5 10 360 M M 0 M M
17 59 25 42 M 23 0 0.00 M M 8.0 15 290 M M 1 M M
18 58 30 44 M 21 0 T M M 10.0 20 290 M M 5 24 290
19 54 31 43 M 22 0 0.00 M M 10.1 20 280 M M 3 25 280
20 49 21 35 M 30 0 T M M 4.1 10 160 M M 3 M M
21 51 17 34 M 31 0 0.00 M M 5.5 10 350 M M 0 M M
22 51 23 37 M 28 0 0.00 M M 10.5 23 110 M M 3 30 90
23 38 20 29 M 36 0 0.03 M M 6.7 12 320 M M 7 1 M M
24 54 28 41 M 24 0 0.00 M M 14.8 24 290 M M 1 1 29 290
25 56 26 41 M 24 0 0.00 M M 9.9 18 270 M M 0 22 310
26 52 22 37 M 28 0 0.00 M M 8.4 15 280 M M 0 20 310
27 56 21 39 M 26 0 0.00 M M 9.2 17 300 M M 0 23 300
28 48 16 32 M 33 0 0.00 M M 9.2 17 130 M M 0 23 130
29 53 16 35 M 30 0 0.00 M M 5.7 13 130 M M 0 16 130
30 54 28 41 M 24 0 0.00 M M 8.8 22 330 M M 6 28 300
31 62 27 45 M 20 0 0.00 M M 12.2 20 280 M M 0 25 290
================================================================================
SM 1662 733 813 0 0.08 M 272.5 M 39
================================================================================
AV 53.6 23.6 8.8 FASTST M M 1 MAX(MPH)
MISC ----> 32 280 43 270
================================================================================
NOTES:
# LAST OF SEVERAL OCCURRENCES
COLUMN 17 PEAK WIND IN M.P.H.
PRELIMINARY LOCAL CLIMATOLOGICAL DATA (WS FORM: F-6) , PAGE 2
STATION: SILVER CITY
MONTH: JANUARY
YEAR: 2022
LATITUDE: 32 37 N
LONGITUDE: 108 10 W
[TEMPERATURE DATA] [PRECIPITATION DATA] SYMBOLS USED IN COLUMN 16
AVERAGE MONTHLY: 38.6 TOTAL FOR MONTH: 0.08 1 = FOG OR MIST
DPTR FM NORMAL: 0.0 DPTR FM NORMAL: M 2 = FOG REDUCING VISIBILITY
HIGHEST: 65 ON 7 GRTST 24HR 0.05 ON 1- 1 TO 1/4 MILE OR LESS
LOWEST: 13 ON 2 3 = THUNDER
SNOW, ICE PELLETS, HAIL 4 = ICE PELLETS
TOTAL MONTH: M 5 = HAIL
GRTST 24HR M ON M 6 = FREEZING RAIN OR DRIZZLE
GRTST DEPTH: M ON M 7 = DUSTSTORM OR SANDSTORM:
VSBY 1/2 MILE OR LESS
8 = SMOKE OR HAZE
[NO. OF DAYS WITH] [WEATHER - DAYS WITH] 9 = BLOWING SNOW
X = TORNADO
MAX 32 OR BELOW: 0 0.01 INCH OR MORE: 2
MAX 90 OR ABOVE: 0 0.10 INCH OR MORE: 0
MIN 32 OR BELOW: 30 0.50 INCH OR MORE: 0
MIN 0 OR BELOW: 0 1.00 INCH OR MORE: 0
[HDD (BASE 65) ]
TOTAL THIS MO. 813 CLEAR (SCALE 0-3) 25
DPTR FM NORMAL M PTCLDY (SCALE 4-7) 6
TOTAL FM JUL 1 2150 CLOUDY (SCALE 8-10) 0
DPTR FM NORMAL M
[CDD (BASE 65) ]
TOTAL THIS MO. 0
DPTR FM NORMAL M [PRESSURE DATA]
TOTAL FM JAN 1 0 HIGHEST SLP M ON M
DPTR FM NORMAL M LOWEST SLP M ON M
[REMARKS]
#FINAL-01-22#