000
CXUS51 KBGM 141358
CF6SYR
PRELIMINARY LOCAL CLIMATOLOGICAL DATA (WS FORM: F-6)
STATION: SYRACUSE NY
MONTH: AUGUST
YEAR: 2020
LATITUDE: 43 7 N
LONGITUDE: 76 7 W
TEMPERATURE IN F: :PCPN: SNOW: WIND :SUNSHINE: SKY :PK WND
================================================================================
1 2 3 4 5 6A 6B 7 8 9 10 11 12 13 14 15 16 17 18
12Z AVG MX 2MIN
DY MAX MIN AVG DEP HDD CDD WTR SNW DPTH SPD SPD DIR MIN PSBL S-S WX SPD DR
================================================================================
1 87 62 75 4 0 10 0.03 0.0 0 3.0 9 30 M M 5 12 80
2 91 69 80 9 0 15 0.24 0.0 0 12.5 31 240 M M 7 39 230
3 83 70 77 6 0 12 T 0.0 0 11.2 24 250 M M 7 32 230
4 74 69 72 1 0 7 1.23 0.0 0 7.2 13 160 M M 9 1 19 140
5 79 64 72 1 0 7 T 0.0 0 9.4 22 250 M M 7 27 250
6 79 57 68 -3 0 3 0.00 0.0 0 3.6 12 330 M M 6 14 330
7 80 57 69 -2 0 4 0.00 0.0 0 3.6 12 70 M M 7 15 70
8 86 65 76 5 0 11 T 0.0 0 3.2 14 280 M M 6 17 280
9 87 65 76 5 0 11 0.00 0.0 0 4.7 15 240 M M 5 21 250
10 91 72 82 11 0 17 T 0.0 0 4.2 15 360 M M 7 3 18 310
11 93 68 81 10 0 16 0.54 0.0 0 7.0 25 230 M M 5 13 31 240
12 84 65 75 5 0 10 0.00 0.0 0 5.1 12 300 M M 6 15 260
13 87 62 75 5 0 10 0.00 0.0 0 2.7 8 20 M M 6 11 70
14 87 64 76 6 0 11 0.00 0.0 0 4.6 12 330 M M 3 14 10
15 86 64 75 5 0 10 T 0.0 0 7.1 13 80 M M 6 16 120
16 83 65 74 4 0 9 T 0.0 0 8.5 16 90 M M 6 19 90
17 81 63 72 2 0 7 0.14 0.0 0 6.9 23 290 M M 7 29 300
18 78 64 71 1 0 6 T 0.0 0 9.7 21 310 M M 5 3 30 310
19 74 58 66 -4 0 1 T 0.0 0 5.7 18 330 M M 5 22 290
20 80 54 67 -3 0 2 0.00 0.0 0 3.6 14 240 M M 3 19 210
21 86 56 71 2 0 6 0.00 0.0 0 6.1 17 270 M M 4 24 260
22 87 65 76 7 0 11 0.00 0.0 0 4.6 14 260 M M 6 18 330
23 91 65 78 9 0 13 0.00 0.0 0 4.4 14 330 M M 5 3 17 260
24 92 65 79 10 0 14 0.00 0.0 0 5.5 15 250 M M 3 19 250
25 84 63 74 5 0 9 0.16 0.0 0 12.2 35 280 M M 6 13 43 280
26 72 54 63 -5 2 0 0.02 0.0 0 6.2 17 280 M M 8 26 310
27 84 62 73 5 0 8 1.91 0.0 0 7.9 23 310 M M 8 123 33 300
28 78 64 71 3 0 6 T 0.0 0 4.9 12 320 M M 8 16 330
29 86 65 76 8 0 11 0.26 0.0 0 13.1 32 290 M M 7 1 47 290
30 72 58 65 -3 0 0 0.08 0.0 0 9.8 21 340 M M 5 1 24 330
31 78 52 65 -2 0 0 0.00 0.0 0 6.2 14 130 M M 5 18 130
================================================================================
SM 2580 1946 2 257 4.61 0.0 204.4 M 183
================================================================================
AV 83.2 62.8 6.6 FASTST M M 6 MAX(MPH)
MISC ----> # 35 280 # 47 290
================================================================================
NOTES:
# LAST OF SEVERAL OCCURRENCES
COLUMN 17 PEAK WIND IN M.P.H.
PRELIMINARY LOCAL CLIMATOLOGICAL DATA (WS FORM: F-6) , PAGE 2
STATION: SYRACUSE NY
MONTH: AUGUST
YEAR: 2020
LATITUDE: 43 7 N
LONGITUDE: 76 7 W
[TEMPERATURE DATA] [PRECIPITATION DATA] SYMBOLS USED IN COLUMN 16
AVERAGE MONTHLY: 73.0 TOTAL FOR MONTH: 4.61 1 = FOG OR MIST
DPTR FM NORMAL: 3.2 DPTR FM NORMAL: 1.04 2 = FOG REDUCING VISIBILITY
HIGHEST: 93 ON 11 GRTST 24HR 1.91 ON 27-27 TO 1/4 MILE OR LESS
LOWEST: 52 ON 31 3 = THUNDER
SNOW, ICE PELLETS, HAIL 4 = ICE PELLETS
TOTAL MONTH: 0.0 INCH 5 = HAIL
GRTST 24HR 0.0 6 = FREEZING RAIN OR DRIZZLE
GRTST DEPTH: 0 7 = DUSTSTORM OR SANDSTORM:
VSBY 1/2 MILE OR LESS
8 = SMOKE OR HAZE
[NO. OF DAYS WITH] [WEATHER - DAYS WITH] 9 = BLOWING SNOW
X = TORNADO
MAX 32 OR BELOW: 0 0.01 INCH OR MORE: 10
MAX 90 OR ABOVE: 5 0.10 INCH OR MORE: 7
MIN 32 OR BELOW: 0 0.50 INCH OR MORE: 3
MIN 0 OR BELOW: 0 1.00 INCH OR MORE: 2
[HDD (BASE 65) ]
TOTAL THIS MO. 2 CLEAR (SCALE 0-3) 0
DPTR FM NORMAL -16 PTCLDY (SCALE 4-7) 29
TOTAL FM JUL 1 2 CLOUDY (SCALE 8-10) 2
DPTR FM NORMAL -24
[CDD (BASE 65) ]
TOTAL THIS MO. 257
DPTR FM NORMAL 90 [PRESSURE DATA]
TOTAL FM JAN 1 897 HIGHEST SLP 30.17 ON 6
DPTR FM NORMAL 384 LOWEST SLP 29.37 ON 29
[REMARKS]
#FINAL-08-20#