000
CXUS54 KFWD 010730
CF6T35
PRELIMINARY LOCAL CLIMATOLOGICAL DATA (WS FORM: F-6)
STATION: CAMERON
MONTH: JULY
YEAR: 2023
LATITUDE: 30 52 N
LONGITUDE: 96 58 W
TEMPERATURE IN F: :PCPN: SNOW: WIND :SUNSHINE: SKY :PK WND
================================================================================
1 2 3 4 5 6A 6B 7 8 9 10 11 12 13 14 15 16 17 18
12Z AVG MX 2MIN
DY MAX MIN AVG DEP HDD CDD WTR SNW DPTH SPD SPD DIR MIN PSBL S-S WX SPD DR
================================================================================
1 99 76 88 M 0 23 0.00 M M 5.8 12 220 M M 2 20 220
2 95 78 87 M 0 22 0.00 M M 3.7 10 180 M M 1 M M
3 97 78 88 M 0 23 0.00 M M 6.2 10 220 M M 1 21 140
4 95 78 87 M 0 22 0.00 M M 6.3 10 190 M M 1 9 190
5 97 78 88 M 0 23 0.04 M M 7.2 16 200 M M 2 20 160
6 93 75 84 M 0 19 0.00 M M 7.8 17 170 M M 3 25 170
7 95 73 84 M 0 19 0.00 M M 7.5 13 170 M M 3 20 180
8 101 75 88 M 0 23 0.00 M M 7.2 13 180 M M 3 18 190
9 101 78 90 M 0 25 0.00 M M 8.8 14 210 M M 1 21 190
10 102 79 91 M 0 26 0.00 M M 7.5 16 190 M M 0 22 190
11 102 80 91 M 0 26 0.00 M M 9.1 16 170 M M 1 24 190
12 104 79 92 M 0 27 0.00 M M 11.7 17 200 M M 2 26 200
13 105 79 92 M 0 27 0.00 M M 11.4 16 200 M M 1 23 190
14 103 79 91 M 0 26 0.00 M M 10.8 15 170 M M 2 23 180
15 104 80 92 M 0 27 0.00 M M 8.3 16 220 M M 2 22 190
16 101 78 90 M 0 25 0.00 M M 6.9 14 200 M M 1 21 200
17 104 78 91 M 0 26 0.00 M M 9.0 13 210 M M 0 20 210
18 105 78 92 M 0 27 0.00 M M 9.6 15 190 M M 0 22 190
19 104 78 91 M 0 26 0.00 M M 10.2 17 210 M M 0 22 200
20 103 78 91 M 0 26 0.00 M M 8.2 15 200 M M 1 26 210
21 102 78 90 M 0 25 0.00 M M 6.4 13 200 M M 0 18 200
22 101 77 89 M 0 24 0.00 M M 5.7 12 190 M M 1 17 60
23 101 76 89 M 0 24 0.00 M M 4.9 12 60 M M 1 17 10
24 102 73 88 M 0 23 0.00 M M 5.5 10 180 M M 1 M M
25 101 77 89 M 0 24 0.00 M M 7.5 14 190 M M 1 18 190
26 102 77 90 M 0 25 0.00 M M 7.6 14 180 M M 1 20 220
27 101 76 89 M 0 24 0.00 M M 6.1 12 200 M M 2 16 190
28 100 75 88 M 0 23 0.00 M M 5.3 12 180 M M 0 17 160
29 101 77 89 M 0 24 0.00 M M 6.1 10 180 M M 0 17 200
30 103 77 90 M 0 25 0.00 M M 4.7 10 190 M M 1 M M
31 105 79 92 M 0 27 0.00 M M 5.1 10 200 M M 1 8 9 90
================================================================================
SM 3129 2397 0 756 0.04 M 228.1 M 36
================================================================================
AV100.9 77.3 7.4 FASTST M M 1 MAX(MPH)
MISC ----> # 17 170 # 26 200
================================================================================
NOTES:
# LAST OF SEVERAL OCCURRENCES
COLUMN 17 PEAK WIND IN M.P.H.
PRELIMINARY LOCAL CLIMATOLOGICAL DATA (WS FORM: F-6) , PAGE 2
STATION: CAMERON
MONTH: JULY
YEAR: 2023
LATITUDE: 30 52 N
LONGITUDE: 96 58 W
[TEMPERATURE DATA] [PRECIPITATION DATA] SYMBOLS USED IN COLUMN 16
AVERAGE MONTHLY: 89.1 TOTAL FOR MONTH: 0.04 1 = FOG OR MIST
DPTR FM NORMAL: 0.0 DPTR FM NORMAL: M 2 = FOG REDUCING VISIBILITY
HIGHEST: 105 ON 31,18 GRTST 24HR 0.04 ON 5- 5 TO 1/4 MILE OR LESS
LOWEST: 73 ON 24, 7 3 = THUNDER
SNOW, ICE PELLETS, HAIL 4 = ICE PELLETS
TOTAL MONTH: M 5 = HAIL
GRTST 24HR M ON M 6 = FREEZING RAIN OR DRIZZLE
GRTST DEPTH: M ON M 7 = DUSTSTORM OR SANDSTORM:
VSBY 1/2 MILE OR LESS
8 = SMOKE OR HAZE
[NO. OF DAYS WITH] [WEATHER - DAYS WITH] 9 = BLOWING SNOW
X = TORNADO
MAX 32 OR BELOW: 0 0.01 INCH OR MORE: 1
MAX 90 OR ABOVE: 31 0.10 INCH OR MORE: 0
MIN 32 OR BELOW: 0 0.50 INCH OR MORE: 0
MIN 0 OR BELOW: 0 1.00 INCH OR MORE: 0
[HDD (BASE 65) ]
TOTAL THIS MO. 0 CLEAR (SCALE 0-3) 31
DPTR FM NORMAL M PTCLDY (SCALE 4-7) 0
TOTAL FM JUL 1 0 CLOUDY (SCALE 8-10) 0
DPTR FM NORMAL M
[CDD (BASE 65) ]
TOTAL THIS MO. 756
DPTR FM NORMAL M [PRESSURE DATA]
TOTAL FM JAN 1 1919 HIGHEST SLP M ON M
DPTR FM NORMAL M LOWEST SLP M ON M
[REMARKS]
#FINAL-07-23#