000
CXUS54 KFWD 010831
CF6T35
PRELIMINARY LOCAL CLIMATOLOGICAL DATA (WS FORM: F-6)
STATION: CAMERON
MONTH: DECEMBER
YEAR: 2023
LATITUDE: 30 52 N
LONGITUDE: 96 58 W
TEMPERATURE IN F: :PCPN: SNOW: WIND :SUNSHINE: SKY :PK WND
================================================================================
1 2 3 4 5 6A 6B 7 8 9 10 11 12 13 14 15 16 17 18
12Z AVG MX 2MIN
DY MAX MIN AVG DEP HDD CDD WTR SNW DPTH SPD SPD DIR MIN PSBL S-S WX SPD DR
================================================================================
1 65 49 57 M 8 0 0.00 M M 6.6 15 350 M M 0 20 350
2 65 43 54 M 11 0 0.00 M M 4.7 10 330 M M 1 8 M M
3 73 44 59 M 6 0 0.00 M M 6.6 10 210 M M 0 17 210
4 66 42 54 M 11 0 0.00 M M 4.6 10 20 M M 0 M M
5 71 36 54 M 11 0 0.00 M M 0.9 3 110 M M 0 M M
6 68 39 54 M 11 0 0.00 M M 2.8 7 90 M M 0 M M
7 73 44 59 M 6 0 0.00 M M 10.0 17 190 M M 3 25 190
8 78 64 71 M 0 6 0.00 M M 11.2 20 200 M M 7 28 200
9 74 49 62 M 3 0 0.00 M M 11.7 17 340 M M 6 24 330
10 57 35 46 M 19 0 0.00 M M 9.2 15 330 M M 0 23 340
11 65 29 47 M 18 0 0.00 M M 4.6 10 180 M M 0 M M
12 68 37 53 M 12 0 0.00 M M 4.7 8 130 M M 3 M M
13 61 47 54 M 11 0 0.00 M M 4.9 8 70 M M 8 M M
14 71 44 58 M 7 0 0.00 M M 5.0 12 120 M M 6 17 120
15 63 54 59 M 6 0 0.13 M M 5.7 10 340 M M 9 1 16 150
16 62 41 52 M 13 0 0.00 M M 7.6 15 320 M M 0 21 320
17 70 33 52 M 13 0 0.00 M M 3.0 8 190 M M 0 M M
18 67 40 54 M 11 0 0.00 M M 6.4 14 20 M M 0 20 360
19 69 36 53 M 12 0 0.00 M M 4.4 10 140 M M 0 18 140
20 73 49 61 M 4 0 0.00 M M 7.8 14 170 M M 3 22 170
21 65 59 62 M 3 0 0.03 M M 4.8 9 130 M M 10 M M
22 71 59 65 M 0 0 0.28 M M 3.6 7 130 M M 8 1 M M
23 71 60 66 M 0 1 0.31 M M 6.7 13 150 M M 9 12 22 150
24 71 52 62 M 3 0 1.61 M M 6.9 14 310 M M 6 22 320
25 54 38 46 M 19 0 0.00 M M 10.3 17 340 M M 0 26 340
26 59 32 46 M 19 0 0.00 M M 5.4 13 200 M M 1 16 180
27 60 36 48 M 17 0 0.00 M M 6.1 12 330 M M 0 17 330
28 58 37 48 M 17 0 M M M 3.8 10 310 M M 2 18 310
29 59 32 46 M 19 0 0.00 M M 7.4 14 260 M M 0 20 270
30 67 32 50 M 15 0 0.00 M M 4.6 9 180 M M 0 M M
31 73 38 56 M 9 0 0.00 M M 7.1 14 190 M M 0 18 190
================================================================================
SM 2067 1330 314 7 2.36 M 189.2 M 82
================================================================================
AV 66.7 42.9 6.1 FASTST M M 3 MAX(MPH)
MISC ----> 20 200 28 200
================================================================================
NOTES:
# LAST OF SEVERAL OCCURRENCES
COLUMN 17 PEAK WIND IN M.P.H.
PRELIMINARY LOCAL CLIMATOLOGICAL DATA (WS FORM: F-6) , PAGE 2
STATION: CAMERON
MONTH: DECEMBER
YEAR: 2023
LATITUDE: 30 52 N
LONGITUDE: 96 58 W
[TEMPERATURE DATA] [PRECIPITATION DATA] SYMBOLS USED IN COLUMN 16
AVERAGE MONTHLY: 54.8 TOTAL FOR MONTH: 2.36 1 = FOG OR MIST
DPTR FM NORMAL: 0.0 DPTR FM NORMAL: M 2 = FOG REDUCING VISIBILITY
HIGHEST: 78 ON 8 GRTST 24HR 1.61 ON 24-24 TO 1/4 MILE OR LESS
LOWEST: 29 ON 11 3 = THUNDER
SNOW, ICE PELLETS, HAIL 4 = ICE PELLETS
TOTAL MONTH: M 5 = HAIL
GRTST 24HR M ON M 6 = FREEZING RAIN OR DRIZZLE
GRTST DEPTH: M ON M 7 = DUSTSTORM OR SANDSTORM:
VSBY 1/2 MILE OR LESS
8 = SMOKE OR HAZE
[NO. OF DAYS WITH] [WEATHER - DAYS WITH] 9 = BLOWING SNOW
X = TORNADO
MAX 32 OR BELOW: 0 0.01 INCH OR MORE: 5
MAX 90 OR ABOVE: 0 0.10 INCH OR MORE: 4
MIN 32 OR BELOW: 4 0.50 INCH OR MORE: 1
MIN 0 OR BELOW: 0 1.00 INCH OR MORE: 1
[HDD (BASE 65) ]
TOTAL THIS MO. 314 CLEAR (SCALE 0-3) 21
DPTR FM NORMAL M PTCLDY (SCALE 4-7) 7
TOTAL FM JUL 1 591 CLOUDY (SCALE 8-10) 3
DPTR FM NORMAL M
[CDD (BASE 65) ]
TOTAL THIS MO. 7
DPTR FM NORMAL M [PRESSURE DATA]
TOTAL FM JAN 1 3439 HIGHEST SLP M ON M
DPTR FM NORMAL M LOWEST SLP M ON M
[REMARKS]
#FINAL-12-23#