000
CXUS54 KEWX 011011
CF6T82
PRELIMINARY LOCAL CLIMATOLOGICAL DATA (WS FORM: F-6)
STATION: FREDERICKSBURG
MONTH: OCTOBER
YEAR: 2023
LATITUDE: 30 15 N
LONGITUDE: 98 55 W
TEMPERATURE IN F: :PCPN: SNOW: WIND :SUNSHINE: SKY :PK WND
================================================================================
1 2 3 4 5 6A 6B 7 8 9 10 11 12 13 14 15 16 17 18
12Z AVG MX 2MIN
DY MAX MIN AVG DEP HDD CDD WTR SNW DPTH SPD SPD DIR MIN PSBL S-S WX SPD DR
================================================================================
1 87 69 78 M 0 13 0.00 M M 4.7 10 80 M M 5 18 120
2 89 65 77 M 0 12 0.00 M M 4.0 12 140 M M 2 17 170
3 90 67 79 M 0 14 0.00 M M 4.6 8 210 M M 5 M M
4 92 73 83 M 0 18 0.00 M M 7.0 13 170 M M 3 18 190
5 79 66 73 M 0 8 0.96 M M 5.6 16 30 M M 5 3 25 30
6 81 63 72 M 0 7 0.00 M M 3.8 13 50 M M 1 16 20
7 73 56 65 M 0 0 0.00 M M 5.7 12 30 M M 0 17 30
8 78 48 63 M 2 0 0.00 M M 3.7 10 210 M M 0 M M
9 79 53 66 M 0 1 0.00 M M 5.4 14 220 M M 0 21 220
10 74 62 68 M 0 3 0.00 M M 7.2 15 210 M M 8 18 210
11 74 64 69 M 0 4 0.00 M M 7.5 13 170 M M 10 1 18 220
12 80 67 74 M 0 9 0.00 M M 9.9 15 200 M M 7 22 200
13 87 66 77 M 0 12 0.00 M M 7.0 14 180 M M 6 18 180
14 74 53 64 M 1 0 0.00 M M 6.7 14 30 M M 1 18 30
15 72 49 61 M 4 0 0.00 M M 9.4 21 360 M M 2 29 360
16 72 42 57 M 8 0 0.00 M M 5.8 16 340 M M 0 24 350
17 76 39 58 M 7 0 0.00 M M 2.9 8 190 M M 0 M M
18 80 46 63 M 2 0 0.00 M M 6.3 16 190 M M 0 24 190
19 84 50 67 M 0 2 0.00 M M 3.8 12 50 M M 0 17 20
20 91 48 70 M 0 5 0.00 M M 2.3 6 280 M M 0 M M
21 90 50 70 M 0 5 0.00 M M 2.3 10 180 M M 0 M M
22 84 60 72 M 0 7 0.00 M M 6.3 13 150 M M 2 18 140
23 77 71 74 M 0 9 0.00 M M 8.6 17 150 M M 8 29 150
24 77 70 74 M 0 9 0.33 M M 10.5 15 180 M M 9 23 170
25 81 71 76 M 0 11 0.38 M M 10.1 17 180 M M 10 23 150
26 84 65 75 M 0 10 1.88 M M 6.2 24 320 M M 9 18 210
27 85 70 78 M 0 13 0.40 M M 6.8 12 190 M M 8 3 30 150
28 81 70 76 M 0 11 0.02 M M 6.3 12 150 M M 6 18 200
29 73 38 56 M 9 0 0.06 M M 10.9 21 360 M M 10 29 10
30 45 36 41 M 24 0 0.11 M M 14.8 21 10 M M 10 3 30 360
31 56 36 46 M 19 0 0.00 M M 8.0 14 360 M M 4 20 10
================================================================================
SM 2445 1783 76 183 4.14 M 204.0 M 131
================================================================================
AV 78.9 57.5 6.6 FASTST M M 4 MAX(MPH)
MISC ----> 24 320 # 30 360
================================================================================
NOTES:
# LAST OF SEVERAL OCCURRENCES
COLUMN 17 PEAK WIND IN M.P.H.
PRELIMINARY LOCAL CLIMATOLOGICAL DATA (WS FORM: F-6) , PAGE 2
STATION: FREDERICKSBURG
MONTH: OCTOBER
YEAR: 2023
LATITUDE: 30 15 N
LONGITUDE: 98 55 W
[TEMPERATURE DATA] [PRECIPITATION DATA] SYMBOLS USED IN COLUMN 16
AVERAGE MONTHLY: 68.2 TOTAL FOR MONTH: 4.14 1 = FOG OR MIST
DPTR FM NORMAL: 0.0 DPTR FM NORMAL: M 2 = FOG REDUCING VISIBILITY
HIGHEST: 92 ON 4 GRTST 24HR 1.88 ON 26-26 TO 1/4 MILE OR LESS
LOWEST: 36 ON 31,30 3 = THUNDER
SNOW, ICE PELLETS, HAIL 4 = ICE PELLETS
TOTAL MONTH: M 5 = HAIL
GRTST 24HR M ON M 6 = FREEZING RAIN OR DRIZZLE
GRTST DEPTH: M ON M 7 = DUSTSTORM OR SANDSTORM:
VSBY 1/2 MILE OR LESS
8 = SMOKE OR HAZE
[NO. OF DAYS WITH] [WEATHER - DAYS WITH] 9 = BLOWING SNOW
X = TORNADO
MAX 32 OR BELOW: 0 0.01 INCH OR MORE: 8
MAX 90 OR ABOVE: 4 0.10 INCH OR MORE: 6
MIN 32 OR BELOW: 0 0.50 INCH OR MORE: 2
MIN 0 OR BELOW: 0 1.00 INCH OR MORE: 1
[HDD (BASE 65) ]
TOTAL THIS MO. 76 CLEAR (SCALE 0-3) 14
DPTR FM NORMAL M PTCLDY (SCALE 4-7) 11
TOTAL FM JUL 1 76 CLOUDY (SCALE 8-10) 6
DPTR FM NORMAL M
[CDD (BASE 65) ]
TOTAL THIS MO. 183
DPTR FM NORMAL M [PRESSURE DATA]
TOTAL FM JAN 1 2947 HIGHEST SLP M ON M
DPTR FM NORMAL M LOWEST SLP M ON M
[REMARKS]
#FINAL-10-23#