000
CXUS55 KPUB 011210
CF6TAD
PRELIMINARY LOCAL CLIMATOLOGICAL DATA (WS FORM: F-6)
STATION: TRINIDAD CO
MONTH: JUNE
YEAR: 2020
LATITUDE: 37 16 N
LONGITUDE: 104 20 W
TEMPERATURE IN F: :PCPN: SNOW: WIND :SUNSHINE: SKY :PK WND
================================================================================
1 2 3 4 5 6A 6B 7 8 9 10 11 12 13 14 15 16 17 18
12Z AVG MX 2MIN
DY MAX MIN AVG DEP HDD CDD WTR SNW DPTH SPD SPD DIR MIN PSBL S-S WX SPD DR
================================================================================
1 91 58 75 11 0 10 T M M 9.6 25 250 M M 2 3 35 330
2 89 54 72 8 0 7 0.18 0.0 M 13.1 24 200 M M 3 3 30 210
3 89 53 71 7 0 6 0.00 0.0 M 9.5 25 250 M M 0 37 270
4 94 53 74 9 0 9 T M M 10.5 23 240 M M 0 3 33 240
5 96 56 76 11 0 11 T M M 12.8 30 110 M M 0 3 42 70
6 92 73 83 17 0 18 T M M 25.8 44 170 M M 0 66 170
7 96 67 82 16 0 17 0.00 M M 20.3 39 170 M M 0 55 170
8 92 58 75 9 0 10 0.00 M M 17.1 33 220 M M 0 46 230
9 66 41 54 -12 11 0 0.02 M M 9.8 26 270 M M 4 38 270
10 83 41 62 -5 3 0 0.00 M M 10.3 23 170 M M 1 33 170
11 88 50 69 2 0 4 0.00 M M 10.4 21 70 M M 0 30 80
12 91 51 71 4 0 6 0.00 M M 11.3 37 270 M M 0 3 47 280
13 93 65 79 11 0 14 0.00 M M 18.2 40 200 M M 1 3 53 200
14 91 67 79 11 0 14 0.01 M M 25.9 45 200 M M 1 3 60 210
15 95 68 82 14 0 17 T 0.0 M 17.6 35 200 M M 0 45 190
16 93 62 78 9 0 13 T M M 17.3 38 190 M M 1 3 50 210
17 97 61 79 10 0 14 0.00 M M 14.3 32 250 M M 0 40 250
18 80 43 62 -7 3 0 2.32 M M 11.7 45 270 M M 2 123 66 280
19 66 44 55 -15 10 0 0.24 M M 7.5 22 340 M M 8 13 32 350
20 84 48 66 -4 0 1 0.00 M M 7.8 21 230 M M 0 35 240
21 89 55 72 2 0 7 0.00 M M 9.6 25 40 M M 0 34 50
22 87 55 71 1 0 6 0.01 0.0 M 8.8 26 40 M M 2 3 34 40
23 83 56 70 -1 0 5 T M M 10.2 26 250 M M 1 31 260
24 91 60 76 5 0 11 T 0.0 M 11.5 32 300 M M 1 3 49 300
25 93 63 78 7 0 13 T M M 12.4 36 260 M M 1 3 46 250
26 90 57 74 2 0 9 T M M 8.6 20 110 M M 0 3 28 120
27 91 54 73 1 0 8 T M M 9.2 26 360 M M 0 3 35 360
28 95 59 77 5 0 12 0.00 M M 11.2 28 220 M M 0 35 220
29 94 64 79 7 0 14 0.00 M M 15.2 28 250 M M 0 35 260
30 87 59 73 1 0 8 0.00 M M 9.6 26 230 M M 0 35 240
================================================================================
SM 2666 1695 27 264 2.78 0.0 387.1 M 28
================================================================================
AV 88.9 56.5 12.9 FASTST M M 1 MAX(MPH)
MISC ----> # 45 200 # 66 170
================================================================================
NOTES:
# LAST OF SEVERAL OCCURRENCES
COLUMN 17 PEAK WIND IN M.P.H.
PRELIMINARY LOCAL CLIMATOLOGICAL DATA (WS FORM: F-6) , PAGE 2
STATION: TRINIDAD CO
MONTH: JUNE
YEAR: 2020
LATITUDE: 37 16 N
LONGITUDE: 104 20 W
[TEMPERATURE DATA] [PRECIPITATION DATA] SYMBOLS USED IN COLUMN 16
AVERAGE MONTHLY: 72.7 TOTAL FOR MONTH: 2.78 1 = FOG OR MIST
DPTR FM NORMAL: 4.3 DPTR FM NORMAL: 1.37 2 = FOG REDUCING VISIBILITY
HIGHEST: 97 ON 17 GRTST 24HR 2.56 ON 18-19 TO 1/4 MILE OR LESS
LOWEST: 41 ON 10, 9 3 = THUNDER
SNOW, ICE PELLETS, HAIL 4 = ICE PELLETS
TOTAL MONTH: 0.0 INCH 5 = HAIL
GRTST 24HR 0.0 6 = FREEZING RAIN OR DRIZZLE
GRTST DEPTH: M ON M 7 = DUSTSTORM OR SANDSTORM:
VSBY 1/2 MILE OR LESS
8 = SMOKE OR HAZE
[NO. OF DAYS WITH] [WEATHER - DAYS WITH] 9 = BLOWING SNOW
X = TORNADO
MAX 32 OR BELOW: 0 0.01 INCH OR MORE: 6
MAX 90 OR ABOVE: 18 0.10 INCH OR MORE: 3
MIN 32 OR BELOW: 0 0.50 INCH OR MORE: 1
MIN 0 OR BELOW: 0 1.00 INCH OR MORE: 1
[HDD (BASE 65) ]
TOTAL THIS MO. 27 CLEAR (SCALE 0-3) 28
DPTR FM NORMAL -12 PTCLDY (SCALE 4-7) 2
TOTAL FM JUL 1 5181 CLOUDY (SCALE 8-10) 0
DPTR FM NORMAL -352
[CDD (BASE 65) ]
TOTAL THIS MO. 264
DPTR FM NORMAL 123 [PRESSURE DATA]
TOTAL FM JAN 1 337 HIGHEST SLP 30.21 ON 12
DPTR FM NORMAL 168 LOWEST SLP 29.33 ON 8
[REMARKS]
#FINAL-06-20#