000
CXUS52 KTBW 011131
CF6TBW
PRELIMINARY LOCAL CLIMATOLOGICAL DATA (WS FORM: F-6)
STATION: RUSKIN WFO
MONTH: APRIL
YEAR: 2023
LATITUDE: 27 42 N
LONGITUDE: 82 24 W
TEMPERATURE IN F: :PCPN: SNOW: WIND :SUNSHINE: SKY :PK WND
================================================================================
1 2 3 4 5 6A 6B 7 8 9 10 11 12 13 14 15 16 17 18
12Z AVG MX 2MIN
DY MAX MIN AVG DEP HDD CDD WTR SNW DPTH SPD SPD DIR MIN PSBL S-S WX SPD DR
================================================================================
1 85 64 75 5 0 10 0.00 0.0 0 M M M M M M M M
2 85 69 77 7 0 12 0.00 0.0 0 M M M M M M M M
3 88 65 77 7 0 12 0.00 0.0 0 M M M M M M 1 M M
4 88 66 77 7 0 12 0.00 0.0 0 M M M M M M 1 M M
5 91 69 80 10 0 15 0.00 0.0 0 M M M M M M M M
6 89 69 79 8 0 14 0.00 0.0 0 M M M M M M M M
7 88 68 78 7 0 13 0.00 0.0 0 M M M M M M M M
8 86 68 77 6 0 12 0.00 0.0 0 M M M M M M M M
9 80 67 74 3 0 9 0.02 0.0 0 M M M M M M M M
10 85 66 76 5 0 11 0.00 0.0 0 M M M M M M M M
11 84 63 74 2 0 9 0.00 0.0 0 M M M M M M M M
12 78 65 72 0 0 7 0.01 0.0 0 M M M M M M M M
13 85 67 76 4 0 11 0.00 0.0 0 M M M M M M M M
14 87 69 78 6 0 13 0.00 0.0 0 M M M M M M M M
15 88 69 79 7 0 14 0.00 0.0 0 M M M M M M M M
16 88 67 78 6 0 13 0.18 0.0 0 M M M M M M 13 M M
17 79 68 74 2 0 9 1.06 0.0 0 M M M M M M 13 M M
18 84 55 70 -3 0 5 0.00 0.0 0 M M M M M M M M
19 86 61 74 1 0 9 0.00 0.0 0 M M M M M M M M
20 87 64 76 3 0 11 0.00 0.0 0 M M M M M M M M
21 86 65 76 3 0 11 0.00 0.0 0 M M M M M M M M
22 85 65 75 2 0 10 0.00 0.0 0 M M M M M M M M
23 89 68 79 5 0 14 0.00 0.0 0 M M M M M M M M
24 83 69 76 2 0 11 0.45 0.0 0 M M M M M M 13 M M
25 85 67 76 2 0 11 0.00 0.0 0 M M M M M M M M
26 88 66 77 3 0 12 0.00 0.0 0 M M M M M M M M
27 89 68 79 5 0 14 0.20 0.0 0 M M M M M M 13 M M
28 89 70 80 6 0 15 0.03 0.0 0 M M M M M M M M
29 83 70 77 2 0 12 0.08 0.0 0 M M M M M M 3 M M
30 79 70 75 0 0 10 0.09 0.0 0 M M M M M M 3 M M
================================================================================
SM 2567 1997 0 341 2.12 0.0 M M M
================================================================================
AV 85.6 66.6 M FASTST M M M MAX(MPH)
MISC ----> M M M M
================================================================================
NOTES:
# LAST OF SEVERAL OCCURRENCES
COLUMN 17 PEAK WIND IN M.P.H.
PRELIMINARY LOCAL CLIMATOLOGICAL DATA (WS FORM: F-6) , PAGE 2
STATION: RUSKIN WFO
MONTH: APRIL
YEAR: 2023
LATITUDE: 27 42 N
LONGITUDE: 82 24 W
[TEMPERATURE DATA] [PRECIPITATION DATA] SYMBOLS USED IN COLUMN 16
AVERAGE MONTHLY: 76.1 TOTAL FOR MONTH: 2.12 1 = FOG OR MIST
DPTR FM NORMAL: 3.8 DPTR FM NORMAL: -0.62 2 = FOG REDUCING VISIBILITY
HIGHEST: 91 ON 5 GRTST 24HR 1.06 ON 17-17 TO 1/4 MILE OR LESS
LOWEST: 55 ON 18 3 = THUNDER
SNOW, ICE PELLETS, HAIL 4 = ICE PELLETS
TOTAL MONTH: 0.0 INCH 5 = HAIL
GRTST 24HR 0.0 6 = FREEZING RAIN OR DRIZZLE
GRTST DEPTH: 0 7 = DUSTSTORM OR SANDSTORM:
VSBY 1/2 MILE OR LESS
8 = SMOKE OR HAZE
[NO. OF DAYS WITH] [WEATHER - DAYS WITH] 9 = BLOWING SNOW
X = TORNADO
MAX 32 OR BELOW: 0 0.01 INCH OR MORE: 9
MAX 90 OR ABOVE: 1 0.10 INCH OR MORE: 4
MIN 32 OR BELOW: 0 0.50 INCH OR MORE: 1
MIN 0 OR BELOW: 0 1.00 INCH OR MORE: 1
[HDD (BASE 65) ]
TOTAL THIS MO. 0 CLEAR (SCALE 0-3) 0
DPTR FM NORMAL -10 PTCLDY (SCALE 4-7) 0
TOTAL FM JUL 1 289 CLOUDY (SCALE 8-10) 30
DPTR FM NORMAL -206
[CDD (BASE 65) ]
TOTAL THIS MO. 341
DPTR FM NORMAL 114 [PRESSURE DATA]
TOTAL FM JAN 1 831 HIGHEST SLP M ON M
DPTR FM NORMAL 351 LOWEST SLP M ON M
[REMARKS]
#FINAL-04-23#