785
CXUS52 KTBW 030308
CF6TBW
PRELIMINARY LOCAL CLIMATOLOGICAL DATA (WS FORM: F-6)
STATION: Ruskin WFO
MONTH: OCTOBER
YEAR: 2020
LATITUDE: 27 42 N
LONGITUDE: 82 24 W
TEMPERATURE IN F: :PCPN: SNOW: WIND :SUNSHINE: SKY :PK WND
================================================================================
1 2 3 4 5 6A 6B 7 8 9 10 11 12 13 14 15 16 17 18
12Z AVG MX 2MIN
DY MAX MIN AVG DEP HDD CDD WTR SNW DPTH SPD SPD DIR MIN PSBL S-S WX SPD DR
================================================================================
1 86 68 77 M 0 12 0.00 0.0 0 M M M M M M M M
2 83 68 76 M 0 11 0.00 0.0 0 M M M M M M M M
3 82 68 75 M 0 10 0.15 0.0 0 M M M M M M M M
4 76 71 74 M 0 9 0.42 0.0 0 M M M M M M M M
5 89 73 81 M 0 16 0.00 0.0 0 M M M M M M M M
6 94 75 85 M 0 20 0.00 0.0 0 M M M M M M M M
7 93 76 85 M 0 20 0.00 0.0 0 M M M M M M M M
8 93 74 84 M 0 19 0.00 0.0 0 M M M M M M M M
9 92 73 83 M 0 18 0.00 0.0 0 M M M M M M M M
10 90 74 82 M 0 17 0.15 0.0 0 M M M M M M M M
11 88 75 82 M 0 17 0.06 0.0 0 M M M M M M M M
12 87 73 80 M 0 15 0.00 0.0 0 M M M M M M M M
13 88 71 80 M 0 15 0.00 0.0 0 M M M M M M M M
14 91 70 81 M 0 16 0.00 0.0 0 M M M M M M M M
15 91 69 80 M 0 15 0.00 0.0 0 M M M M M M M M
16 90 72 81 M 0 16 0.00 0.0 0 M M M M M M M M
17 89 71 80 M 0 15 0.00 0.0 0 M M M M M M M M
18 91 70 81 M 0 16 0.00 0.0 0 M M M M M M M M
19 88 71 80 M 0 15 0.44 0.0 0 M M M M M M 3 M M
20 88 71 80 M 0 15 0.01 0.0 0 M M M M M M 3 M M
21 83 72 78 M 0 13 0.02 0.0 0 M M M M M M M M
22 88 71 80 M 0 15 T 0.0 0 M M M M M M M M
23 87 71 79 M 0 14 0.13 0.0 0 M M M M M M M M
24 88 70 79 M 0 14 0.00 0.0 0 M M M M M M M M
25 91 72 82 M 0 17 T 0.0 0 M M M M M M M M
26 91 72 82 M 0 17 0.08 0.0 0 M M M M M M 3 M M
27 91 74 83 M 0 18 0.05 0.0 0 M M M M M M M M
28 92 74 83 M 0 18 0.21 0.0 0 M M M M M M M M
29 88 73 81 M 0 16 0.03 0.0 0 M M M M M M M M
30 78 63 71 M 0 6 0.00 0.0 0 M M M M M M M M
31 84 62 73 M 0 8 0.00 0.0 0 M M M M M M M M
================================================================================
SM 2730 2207 0 463 1.75 0.0 M M M
================================================================================
AV 88.1 71.2 M FASTST M M 4 MAX(MPH)
MISC ----> M M M M
================================================================================
NOTES:
# LAST OF SEVERAL OCCURRENCES
COLUMN 17 PEAK WIND IN M.P.H.
PRELIMINARY LOCAL CLIMATOLOGICAL DATA (WS FORM: F-6) , PAGE 2
STATION: Ruskin WFO
MONTH: OCTOBER
YEAR: 2020
LATITUDE: 27 42 N
LONGITUDE: 82 24 W
[TEMPERATURE DATA] [PRECIPITATION DATA] SYMBOLS USED IN COLUMN 16
AVERAGE MONTHLY: 79.6 TOTAL FOR MONTH: 1.75 1 = FOG OR MIST
DPTR FM NORMAL: M DPTR FM NORMAL: M 2 = FOG REDUCING VISIBILITY
HIGHEST: 94 ON 6 GRTST 24HR 0.44 ON 19-19 TO 1/4 MILE OR LESS
LOWEST: 62 ON 31 3 = THUNDER
SNOW, ICE PELLETS, HAIL 4 = ICE PELLETS
TOTAL MONTH: 0.0 INCH 5 = HAIL
GRTST 24HR 0.0 6 = FREEZING RAIN OR DRIZZLE
GRTST DEPTH: 0 7 = DUSTSTORM OR SANDSTORM:
VSBY 1/2 MILE OR LESS
8 = SMOKE OR HAZE
[NO. OF DAYS WITH] [WEATHER - DAYS WITH] 9 = BLOWING SNOW
X = TORNADO
MAX 32 OR BELOW: 0 0.01 INCH OR MORE: 12
MAX 90 OR ABOVE: 13 0.10 INCH OR MORE: 6
MIN 32 OR BELOW: 0 0.50 INCH OR MORE: 0
MIN 0 OR BELOW: 0 1.00 INCH OR MORE: 0
[HDD (BASE 65) ]
TOTAL THIS MO. 0 CLEAR (SCALE 0-3) 0
DPTR FM NORMAL M PTCLDY (SCALE 4-7) 0
TOTAL FM JUL 1 0 CLOUDY (SCALE 8-10) 0
DPTR FM NORMAL M
[CDD (BASE 65) ]
TOTAL THIS MO. 463
DPTR FM NORMAL M [PRESSURE DATA]
TOTAL FM JAN 1 3840 HIGHEST SLP M ON M
DPTR FM NORMAL M LOWEST SLP M ON M
[REMARKS]
#FINAL-10-20#