000
CXUS52 KTBW 011136
CF6TBW
PRELIMINARY LOCAL CLIMATOLOGICAL DATA (WS FORM: F-6)
STATION: Ruskin WFO
MONTH: JUNE
YEAR: 2020
LATITUDE: 27 42 N
LONGITUDE: 82 24 W
TEMPERATURE IN F: :PCPN: SNOW: WIND :SUNSHINE: SKY :PK WND
================================================================================
1 2 3 4 5 6A 6B 7 8 9 10 11 12 13 14 15 16 17 18
12Z AVG MX 2MIN
DY MAX MIN AVG DEP HDD CDD WTR SNW DPTH SPD SPD DIR MIN PSBL S-S WX SPD DR
================================================================================
1 93 73 83 M 0 18 0.00 0.0 0 M M M M M M M M
2 89 74 82 M 0 17 0.00 0.0 0 M M M M M M M M
3 86 71 79 M 0 14 1.43 0.0 0 M M M M M M 13 M M
4 84 71 78 M 0 13 0.23 0.0 0 M M M M M M 3 M M
5 88 71 80 M 0 15 0.44 0.0 0 M M M M M M 13 M M
6 82 72 77 M 0 12 3.69 0.0 0 M M M M M M 13 M M
7 89 73 81 M 0 16 0.12 0.0 0 M M M M M M M M
8 90 77 84 M 0 19 0.04 0.0 0 M M M M M M M M
9 92 75 84 M 0 19 0.00 0.0 0 M M M M M M M M
10 94 76 85 M 0 20 0.00 0.0 0 M M M M M M M M
11 93 73 83 M 0 18 0.00 0.0 0 M M M M M M M M
12 92 71 82 M 0 17 T 0.0 0 M M M M M M M M
13 88 72 80 M 0 15 1.11 0.0 0 M M M M M M 3 M M
14 91 71 81 M 0 16 T 0.0 0 M M M M M M M M
15 92 72 82 M 0 17 0.00 0.0 0 M M M M M M M M
16 89 67 78 M 0 13 0.00 0.0 0 M M M M M M M M
17 89 70 80 M 0 15 0.00 0.0 0 M M M M M M M M
18 91 72 82 M 0 17 0.00 0.0 0 M M M M M M M M
19 90 73 82 M 0 17 0.00 0.0 0 M M M M M M M M
20 91 72 82 M 0 17 0.00 0.0 0 M M M M M M M M
21 92 73 83 M 0 18 0.00 0.0 0 M M M M M M M M
22 92 73 83 M 0 18 0.00 0.0 0 M M M M M M M M
23 92 73 83 M 0 18 0.00 0.0 0 M M M M M M M M
24 93 75 84 M 0 19 0.00 0.0 0 M M M M M M M M
25 96 75 86 M 0 21 0.00 0.0 0 M M M M M M M M
26 98 76 87 M 0 22 0.00 0.0 0 M M M M M M M M
27 97 75 86 M 0 21 0.00 0.0 0 M M M M M M M M
28 95 76 86 M 0 21 0.00 0.0 0 M M M M M M M M
29 94 76 85 M 0 20 0.00 0.0 0 M M M M M M M M
30 93 76 85 M 0 20 0.00 0.0 0 M M M M M M M M
================================================================================
SM 2735 2194 0 523 7.06 0.0 M M M
================================================================================
AV 91.2 73.1 M FASTST M M 4 MAX(MPH)
MISC ----> M M M M
================================================================================
NOTES:
# LAST OF SEVERAL OCCURRENCES
COLUMN 17 PEAK WIND IN M.P.H.
PRELIMINARY LOCAL CLIMATOLOGICAL DATA (WS FORM: F-6) , PAGE 2
STATION: Ruskin WFO
MONTH: JUNE
YEAR: 2020
LATITUDE: 27 42 N
LONGITUDE: 82 24 W
[TEMPERATURE DATA] [PRECIPITATION DATA] SYMBOLS USED IN COLUMN 16
AVERAGE MONTHLY: 82.2 TOTAL FOR MONTH: 7.06 1 = FOG OR MIST
DPTR FM NORMAL: M DPTR FM NORMAL: M 2 = FOG REDUCING VISIBILITY
HIGHEST: 98 ON 26 GRTST 24HR 3.69 ON 6- 6 TO 1/4 MILE OR LESS
LOWEST: 67 ON 16 3 = THUNDER
SNOW, ICE PELLETS, HAIL 4 = ICE PELLETS
TOTAL MONTH: 0.0 INCH 5 = HAIL
GRTST 24HR 0.0 6 = FREEZING RAIN OR DRIZZLE
GRTST DEPTH: 0 7 = DUSTSTORM OR SANDSTORM:
VSBY 1/2 MILE OR LESS
8 = SMOKE OR HAZE
[NO. OF DAYS WITH] [WEATHER - DAYS WITH] 9 = BLOWING SNOW
X = TORNADO
MAX 32 OR BELOW: 0 0.01 INCH OR MORE: 7
MAX 90 OR ABOVE: 21 0.10 INCH OR MORE: 6
MIN 32 OR BELOW: 0 0.50 INCH OR MORE: 3
MIN 0 OR BELOW: 0 1.00 INCH OR MORE: 3
[HDD (BASE 65) ]
TOTAL THIS MO. 0 CLEAR (SCALE 0-3) 0
DPTR FM NORMAL M PTCLDY (SCALE 4-7) 0
TOTAL FM JUL 1 298 CLOUDY (SCALE 8-10) 0
DPTR FM NORMAL M
[CDD (BASE 65) ]
TOTAL THIS MO. 523
DPTR FM NORMAL M [PRESSURE DATA]
TOTAL FM JAN 1 1706 HIGHEST SLP M ON M
DPTR FM NORMAL M LOWEST SLP M ON M
[REMARKS]
#FINAL-06-20#