000
CXUS54 KEPZ 011030
CF6TCS
PRELIMINARY LOCAL CLIMATOLOGICAL DATA (WS FORM: F-6)
STATION: TRUTH OR CONSEQUENCES
MONTH: JUNE
YEAR: 2020
LATITUDE: 33 13 N
LONGITUDE: 107 16 W
TEMPERATURE IN F: :PCPN: SNOW: WIND :SUNSHINE: SKY :PK WND
================================================================================
1 2 3 4 5 6A 6B 7 8 9 10 11 12 13 14 15 16 17 18
12Z AVG MX 2MIN
DY MAX MIN AVG DEP HDD CDD WTR SNW DPTH SPD SPD DIR MIN PSBL S-S WX SPD DR
================================================================================
1 93 63 78 3 0 13 0.00 M M 7.5 28 310 M M 0 41 320
2 93 63 78 3 0 13 0.00 M M 8.2 28 240 M M 0 38 240
3 97 66 82 7 0 17 T M M 6.4 23 30 M M 0 3 37 330
4 102 67 85 9 0 20 0.00 M M 7.2 21 210 M M 0 32 210
5 104 71 88 12 0 23 0.15 M M 10.2 31 190 M M 1 3 49 180
6 98 69 84 8 0 19 0.01 M M 12.3 36 220 M M 2 3 52 230
7 96 61 79 3 0 14 0.00 M M 12.7 28 200 M M 0 40 220
8 91 61 76 0 0 11 0.00 M M 14.5 26 250 M M 0 40 330
9 84 53 69 -8 0 4 0.00 M M 9.0 25 330 M M 0 44 330
10 91 57 74 -3 0 9 0.00 M M 8.1 18 190 M M 0 26 190
11 97 62 80 3 0 15 0.36 M M 8.9 25 200 M M 2 3 34 210
12 89 58 74 -3 0 9 0.00 M M 7.8 37 310 M M 0 51 310
13 93 59 76 -2 0 11 T M M 11.6 30 200 M M 1 44 190
14 92 64 78 0 0 13 T M M 10.2 38 170 M M 1 3 57 190
15 90 63 77 -1 0 12 T M M 7.2 21 280 M M 2 3 32 290
16 94 64 79 1 0 14 0.00 M M 8.9 25 260 M M 1 41 250
17 96 64 80 2 0 15 0.00 M M 8.9 21 240 M M 0 29 280
18 95 63 79 1 0 14 0.00 M M 9.1 20 250 M M 1 28 220
19 95 65 80 2 0 15 0.00 M M 9.1 20 230 M M 0 29 230
20 96 63 80 1 0 15 0.00 M M 9.3 21 230 M M 0 28 230
21 99 70 85 6 0 20 0.00 M M 9.8 20 180 M M 0 28 200
22 101 75 88 9 0 23 0.00 M M 9.9 18 310 M M 0 28 180
23 97 71 84 5 0 19 0.02 M M 9.6 31 190 M M 0 3 49 200
24 96 67 82 3 0 17 T M M 7.9 36 300 M M 0 3 48 300
25 98 66 82 3 0 17 T M M 8.4 30 190 M M 0 49 180
26 100 71 86 7 0 21 0.00 M M 7.2 21 140 M M 0 29 140
27 98 70 84 5 0 19 T M M 10.3 35 260 M M 0 3 49 270
28 94 71 83 3 0 18 0.00 M M 7.6 21 240 M M 0 28 220
29 94 68 81 1 0 16 0.00 0.0 M 9.9 22 260 M M 0 32 260
30 94 63 79 -1 0 14 0.00 M M 10.2 23 240 M M 0 35 210
================================================================================
SM 2857 1948 0 460 0.54 0.0 277.9 M 11
================================================================================
AV 95.2 64.9 9.3 FASTST M M 0 MAX(MPH)
MISC ----> 38 170 57 190
================================================================================
NOTES:
# LAST OF SEVERAL OCCURRENCES
COLUMN 17 PEAK WIND IN M.P.H.
PRELIMINARY LOCAL CLIMATOLOGICAL DATA (WS FORM: F-6) , PAGE 2
STATION: TRUTH OR CONSEQUENCES
MONTH: JUNE
YEAR: 2020
LATITUDE: 33 13 N
LONGITUDE: 107 16 W
[TEMPERATURE DATA] [PRECIPITATION DATA] SYMBOLS USED IN COLUMN 16
AVERAGE MONTHLY: 80.1 TOTAL FOR MONTH: 0.54 1 = FOG OR MIST
DPTR FM NORMAL: 2.4 DPTR FM NORMAL: -0.30 2 = FOG REDUCING VISIBILITY
HIGHEST: 104 ON 5 GRTST 24HR 0.36 ON 11-11 TO 1/4 MILE OR LESS
LOWEST: 53 ON 9 3 = THUNDER
SNOW, ICE PELLETS, HAIL 4 = ICE PELLETS
TOTAL MONTH: 0.0 INCH 5 = HAIL
GRTST 24HR 0.0 6 = FREEZING RAIN OR DRIZZLE
GRTST DEPTH: M ON M 7 = DUSTSTORM OR SANDSTORM:
VSBY 1/2 MILE OR LESS
8 = SMOKE OR HAZE
[NO. OF DAYS WITH] [WEATHER - DAYS WITH] 9 = BLOWING SNOW
X = TORNADO
MAX 32 OR BELOW: 0 0.01 INCH OR MORE: 4
MAX 90 OR ABOVE: 28 0.10 INCH OR MORE: 2
MIN 32 OR BELOW: 0 0.50 INCH OR MORE: 0
MIN 0 OR BELOW: 0 1.00 INCH OR MORE: 0
[HDD (BASE 65) ]
TOTAL THIS MO. 0 CLEAR (SCALE 0-3) 30
DPTR FM NORMAL 0 PTCLDY (SCALE 4-7) 0
TOTAL FM JUL 1 2734 CLOUDY (SCALE 8-10) 0
DPTR FM NORMAL -526
[CDD (BASE 65) ]
TOTAL THIS MO. 460
DPTR FM NORMAL 80 [PRESSURE DATA]
TOTAL FM JAN 1 858 HIGHEST SLP 30.20 ON 11
DPTR FM NORMAL 287 LOWEST SLP 29.47 ON 28
[REMARKS]
#FINAL-06-20#