000
CXUS54 KFWD 010731
CF6TKI
PRELIMINARY LOCAL CLIMATOLOGICAL DATA (WS FORM: F-6)
STATION: MCKINNEY
MONTH: JULY
YEAR: 2021
LATITUDE: 33 10 N
LONGITUDE: 96 35 W
TEMPERATURE IN F: :PCPN: SNOW: WIND :SUNSHINE: SKY :PK WND
================================================================================
1 2 3 4 5 6A 6B 7 8 9 10 11 12 13 14 15 16 17 18
12Z AVG MX 2MIN
DY MAX MIN AVG DEP HDD CDD WTR SNW DPTH SPD SPD DIR MIN PSBL S-S WX SPD DR
================================================================================
1 94 74 84 1 0 19 0.07 M M 5.5 25 40 M M 2 3 32 40
2 87 75 81 -2 0 16 0.70 M M 4.6 10 20 M M 6 13 15 50
3 82 69 76 -7 0 11 0.02 M M 5.8 15 140 M M 9 1 23 90
4 87 73 80 -3 0 15 0.00 M M 5.1 13 140 M M 6 17 150
5 86 69 78 -5 0 13 0.00 M M 5.8 13 120 M M 5 20 140
6 90 79 85 2 0 20 0.00 M M 4.3 13 130 M M 3 21 140
7 94 72 83 0 0 18 0.00 M M 3.4 12 170 M M 0 3 16 180
8 93 74 84 0 0 19 0.00 M M 7.4 20 170 M M 0 26 170
9 89 73 81 -3 0 16 T M M 12.8 30 170 M M 3 38 170
10 93 74 84 0 0 19 0.00 M M 11.6 22 200 M M 4 27 170
11 91 69 80 -4 0 15 0.69 M M 8.4 30 340 M M 2 1 43 330
12 90 68 79 -5 0 14 0.00 M M 4.9 20 180 M M 1 24 180
13 92 71 82 -2 0 17 0.00 M M 9.3 17 150 M M 1 23 120
14 91 69 80 -4 0 15 0.00 M M 9.8 23 170 M M 1 32 160
15 92 72 82 -2 0 17 0.00 M M 11.5 21 170 M M 2 27 180
16 93 76 85 1 0 20 0.00 M M 10.1 20 170 M M 2 26 180
17 93 78 86 1 0 21 0.00 M M 10.0 20 180 M M 2 25 180
18 94 78 86 1 0 21 0.17 M M 6.3 15 150 M M 4 1 20 200
19 82 74 78 -7 0 13 0.89 M M 4.0 15 150 M M 4 13 19 160
20 88 71 80 -5 0 15 0.00 M M 6.3 17 50 M M 4 12 24 60
21 90 70 80 -5 0 15 0.00 M M 4.3 13 60 M M 1 18 70
22 91 69 80 -5 0 15 0.00 M M 5.6 15 140 M M 1 18 20 140
23 94 74 84 -1 0 19 0.00 M M 8.9 17 150 M M 3 24 150
24 94 76 85 0 0 20 0.00 M M 9.1 15 140 M M 0 21 130
25 96 74 85 0 0 20 0.00 M M 5.5 15 140 M M 0 20 140
26 97 76 87 2 0 22 0.00 M M 5.6 13 160 M M 0 16 140
27 98 77 88 2 0 23 T M M 4.2 18 90 M M 0 3 27 100
28 97 74 86 0 0 21 0.00 M M 4.4 15 170 M M 1 19 140
29 97 74 86 0 0 21 0.00 M M 3.4 12 110 M M 0 3 16 100
30 98 76 87 1 0 22 0.00 M M 3.8 12 120 M M 0 17 130
31 98 77 88 2 0 23 0.00 M M 5.6 14 150 M M 0 19 150
================================================================================
SM 2851 2275 0 555 2.54 M 207.3 M 67
================================================================================
AV 92.0 73.4 6.7 FASTST M M 2 MAX(MPH)
MISC ----> # 30 170 43 330
================================================================================
NOTES:
# LAST OF SEVERAL OCCURRENCES
COLUMN 17 PEAK WIND IN M.P.H.
PRELIMINARY LOCAL CLIMATOLOGICAL DATA (WS FORM: F-6) , PAGE 2
STATION: MCKINNEY
MONTH: JULY
YEAR: 2021
LATITUDE: 33 10 N
LONGITUDE: 96 35 W
[TEMPERATURE DATA] [PRECIPITATION DATA] SYMBOLS USED IN COLUMN 16
AVERAGE MONTHLY: 82.7 TOTAL FOR MONTH: 2.54 1 = FOG OR MIST
DPTR FM NORMAL: -1.7 DPTR FM NORMAL: 0.58 2 = FOG REDUCING VISIBILITY
HIGHEST: 98 ON 31,30 GRTST 24HR 0.89 ON 19-19 TO 1/4 MILE OR LESS
LOWEST: 68 ON 12 3 = THUNDER
SNOW, ICE PELLETS, HAIL 4 = ICE PELLETS
TOTAL MONTH: M 5 = HAIL
GRTST 24HR M ON M 6 = FREEZING RAIN OR DRIZZLE
GRTST DEPTH: M ON M 7 = DUSTSTORM OR SANDSTORM:
VSBY 1/2 MILE OR LESS
8 = SMOKE OR HAZE
[NO. OF DAYS WITH] [WEATHER - DAYS WITH] 9 = BLOWING SNOW
X = TORNADO
MAX 32 OR BELOW: 0 0.01 INCH OR MORE: 6
MAX 90 OR ABOVE: 24 0.10 INCH OR MORE: 4
MIN 32 OR BELOW: 0 0.50 INCH OR MORE: 3
MIN 0 OR BELOW: 0 1.00 INCH OR MORE: 0
[HDD (BASE 65) ]
TOTAL THIS MO. 0 CLEAR (SCALE 0-3) 22
DPTR FM NORMAL 0 PTCLDY (SCALE 4-7) 8
TOTAL FM JUL 1 0 CLOUDY (SCALE 8-10) 1
DPTR FM NORMAL 0
[CDD (BASE 65) ]
TOTAL THIS MO. 555
DPTR FM NORMAL -46 [PRESSURE DATA]
TOTAL FM JAN 1 1263 HIGHEST SLP M ON M
DPTR FM NORMAL -162 LOWEST SLP 29.83 ON 11
[REMARKS]
#FINAL-07-21#