000
CXUS54 KFWD 251721
CF6TKI
PRELIMINARY LOCAL CLIMATOLOGICAL DATA (WS FORM: F-6)
STATION: MCKINNEY
MONTH: MARCH
YEAR: 2021
LATITUDE: 33 10 N
LONGITUDE: 96 35 W
TEMPERATURE IN F: :PCPN: SNOW: WIND :SUNSHINE: SKY :PK WND
================================================================================
1 2 3 4 5 6A 6B 7 8 9 10 11 12 13 14 15 16 17 18
12Z AVG MX 2MIN
DY MAX MIN AVG DEP HDD CDD WTR SNW DPTH SPD SPD DIR MIN PSBL S-S WX SPD DR
================================================================================
1 58 44 51 -1 14 0 0.09 M M 9.6 25 350 M M 7 3 33 10
2 62 36 49 -4 16 0 0.00 M M 1.9 9 360 M M 2 12 340
3 68 36 52 -1 13 0 0.00 M M 6.6 15 140 M M 0 21 130
4 72 40 56 3 9 0 0.00 M M 8.1 21 150 M M 0 27 150
5 63 47 55 2 10 0 0.00 M M 11.9 18 10 M M 8 24 10
6 64 39 52 -2 13 0 0.00 M M 5.0 13 130 M M 0 20 120
7 66 34 50 -4 15 0 0.00 M M 5.7 16 190 M M 0 22 170
8 69 37 53 -1 12 0 0.00 M M 9.4 23 160 M M 0 30 180
9 71 54 63 8 2 0 0.00 M M 15.2 24 170 M M 7 33 190
10 74 61 68 13 0 3 0.00 M M 18.5 31 180 M M 10 45 180
11 76 69 73 18 0 8 0.00 M M 15.8 28 170 M M 8 38 180
12 75 64 70 15 0 5 T M M 10.9 20 160 M M 8 27 160
13 78 65 72 16 0 7 0.00 M M 13.0 23 160 M M 8 31 150
14 72 51 62 6 3 0 0.06 M M 9.0 20 150 M M 6 1 26 140
15 77 46 62 6 3 0 0.00 M M 8.2 24 250 M M 1 36 240
16 78 51 65 8 0 0 0.00 M M 8.6 21 180 M M 3 28 170
17 72 47 60 3 5 0 0.17 M M 17.4 37 300 M M 6 138 50 300
18 60 42 51 -6 14 0 0.00 M M 15.0 29 310 M M 6 41 320
19 65 40 53 -4 12 0 0.00 M M 9.5 20 10 M M 0 25 360
20 66 41 54 -4 11 0 0.00 M M 6.9 16 170 M M 0 20 170
21 67 39 53 -5 12 0 0.00 M M 11.5 22 150 M M 0 8 29 150
22 63 53 58 0 7 0 0.83 M M 13.2 33 160 M M 6 138 43 160
23 71 48 60 2 5 0 0.00 M M 10.4 22 260 M M 2 32 250
24 77 43 60 1 5 0 0.95 M M 9.3 22 320 M M 2 13 32 330
25 66 47 57 -2 8 0 0.38 M M 7.7 20 330 M M 6 13 27 320
26 76 45 61 2 4 0 0.00 M M 7.7 21 170 M M 0 27 170
27 80 50 65 5 0 0 0.00 M M 9.4 29 350 M M 5 18 39 350
28 71 47 59 -1 6 0 0.00 M M 9.2 20 350 M M 0 28 350
29 75 41 58 -2 7 0 0.00 M M 10.2 21 160 M M 0 33 180
30 77 57 67 7 0 2 0.15 M M 12.5 24 190 M M 6 13 34 190
31 66 44 55 -5 10 0 T M M 14.8 29 20 M M 5 39 20
================================================================================
SM 2175 1458 216 25 2.63 M 322.1 M 112
================================================================================
AV 70.2 47.0 10.4 FASTST M M 4 MAX(MPH)
MISC ----> 37 300 50 300
================================================================================
NOTES:
# LAST OF SEVERAL OCCURRENCES
COLUMN 17 PEAK WIND IN M.P.H.
PRELIMINARY LOCAL CLIMATOLOGICAL DATA (WS FORM: F-6) , PAGE 2
STATION: MCKINNEY
MONTH: MARCH
YEAR: 2021
LATITUDE: 33 10 N
LONGITUDE: 96 35 W
[TEMPERATURE DATA] [PRECIPITATION DATA] SYMBOLS USED IN COLUMN 16
AVERAGE MONTHLY: 58.6 TOTAL FOR MONTH: 2.63 1 = FOG OR MIST
DPTR FM NORMAL: 2.1 DPTR FM NORMAL: -0.88 2 = FOG REDUCING VISIBILITY
HIGHEST: 80 ON 27 GRTST 24HR 0.95 ON 24-24 TO 1/4 MILE OR LESS
LOWEST: 34 ON 7 3 = THUNDER
SNOW, ICE PELLETS, HAIL 4 = ICE PELLETS
TOTAL MONTH: M 5 = HAIL
GRTST 24HR M ON M 6 = FREEZING RAIN OR DRIZZLE
GRTST DEPTH: M ON M 7 = DUSTSTORM OR SANDSTORM:
VSBY 1/2 MILE OR LESS
8 = SMOKE OR HAZE
[NO. OF DAYS WITH] [WEATHER - DAYS WITH] 9 = BLOWING SNOW
X = TORNADO
MAX 32 OR BELOW: 0 0.01 INCH OR MORE: 7
MAX 90 OR ABOVE: 0 0.10 INCH OR MORE: 5
MIN 32 OR BELOW: 0 0.50 INCH OR MORE: 2
MIN 0 OR BELOW: 0 1.00 INCH OR MORE: 0
[HDD (BASE 65) ]
TOTAL THIS MO. 216 CLEAR (SCALE 0-3) 16
DPTR FM NORMAL -73 PTCLDY (SCALE 4-7) 12
TOTAL FM JUL 1 2439 CLOUDY (SCALE 8-10) 3
DPTR FM NORMAL 68
[CDD (BASE 65) ]
TOTAL THIS MO. 25
DPTR FM NORMAL 0 [PRESSURE DATA]
TOTAL FM JAN 1 25 HIGHEST SLP 30.49 ON 31
DPTR FM NORMAL -8 LOWEST SLP 29.56 ON 17
[REMARKS]
#FINAL-03-21#