000
CXUS52 KMFL 011030
CF6TMB
PRELIMINARY LOCAL CLIMATOLOGICAL DATA (WS FORM: F-6)
STATION: KENDALL-TAMIAMI EXEC ARPT
MONTH: MAY
YEAR: 2021
LATITUDE: 25 38 N
LONGITUDE: 80 26 W
TEMPERATURE IN F: :PCPN: SNOW: WIND :SUNSHINE: SKY :PK WND
================================================================================
1 2 3 4 5 6A 6B 7 8 9 10 11 12 13 14 15 16 17 18
12Z AVG MX 2MIN
DY MAX MIN AVG DEP HDD CDD WTR SNW DPTH SPD SPD DIR MIN PSBL S-S WX SPD DR
================================================================================
1 91 71 81 4 0 16 T 0.0 0 5.1 14 170 M M 1 18 150
2 90 71 81 4 0 16 0.00 0.0 0 6.4 16 130 M M 1 8 20 130
3 89 77 83 6 0 18 T M M 9.0 17 140 M M 2 24 130
4 90 76 83 6 0 18 T M M 7.4 16 140 M M 1 24 130
5 91 73 82 5 0 17 0.00 M M 5.2 15 130 M M 1 20 140
6 92 73 83 5 0 18 0.03 0.0 0 3.6 15 220 M M 3 38 20 220
7 95 71 83 5 0 18 0.18 M M 7.2 21 110 M M 3 13 25 50
8 87 70 79 1 0 14 T 0.0 0 11.9 23 90 M M 2 28 80
9 87 75 81 3 0 16 0.02 0.0 0 10.8 20 120 M M 4 3 24 100
10 90 75 83 5 0 18 0.01 M M 7.2 17 120 M M 3 22 130
11 91 71 81 3 0 16 T M M 6.7 16 100 M M 0 27 110
12 92 76 84 6 0 19 0.01 M M 5.5 18 100 M M 3 3 24 70
13 96 73 85 7 0 20 1.75 M M 6.6 33 140 M M 3 13 46 130
14 88 74 81 3 0 16 T M M 8.5 17 50 M M 2 23 60
15 88 70 79 0 0 14 T M M 11.6 24 70 M M 2 29 60
16 88 67 78 -1 0 13 T M M 10.1 21 80 M M 3 27 80
17 85 74 80 1 0 15 T M M 11.8 20 100 M M 4 24 70
18 87 73 80 1 0 15 0.01 M M 15.7 26 90 M M 4 31 80
19 86 76 81 2 0 16 0.02 M M 18.8 29 80 M M 6 39 80
20 84 75 80 1 0 15 0.08 M M 18.7 30 70 M M 5 36 90
21 85 74 80 0 0 15 T M M 17.0 28 90 M M 4 34 90
22 85 73 79 -1 0 14 0.00 M M 13.2 25 80 M M 1 32 70
23 85 67 76 -4 0 11 0.00 M M 11.0 21 90 M M 2 24 110
24 85 65 75 -5 0 10 0.00 M M 8.7 18 100 M M 2 23 110
25 86 70 78 -2 0 13 0.00 M M 10.5 18 110 M M 2 23 80
26 87 73 80 0 0 15 0.00 M M 10.8 18 100 M M 1 24 120
27 87 68 78 -2 0 13 0.00 M M 6.4 14 90 M M 1 18 100
28 89 68 79 -1 0 14 T M M 6.1 15 110 M M 1 22 140
29 90 68 79 -2 0 14 0.00 M M 5.2 17 130 M M 2 23 120
30 91 70 81 0 0 16 0.04 M M 5.0 16 130 M M 2 38 20 130
31 90 70 80 -1 0 15 T M M 9.3 22 90 M M 1 138 26 90
================================================================================
SM 2747 2227 0 478 2.15 0.0 291.0 M 72
================================================================================
AV 88.6 71.8 9.4 FASTST M M 2 MAX(MPH)
MISC ----> 33 140 46 130
================================================================================
NOTES:
# LAST OF SEVERAL OCCURRENCES
COLUMN 17 PEAK WIND IN M.P.H.
PRELIMINARY LOCAL CLIMATOLOGICAL DATA (WS FORM: F-6) , PAGE 2
STATION: KENDALL-TAMIAMI EXEC ARPT
MONTH: MAY
YEAR: 2021
LATITUDE: 25 38 N
LONGITUDE: 80 26 W
[TEMPERATURE DATA] [PRECIPITATION DATA] SYMBOLS USED IN COLUMN 16
AVERAGE MONTHLY: 80.2 TOTAL FOR MONTH: 2.15 1 = FOG OR MIST
DPTR FM NORMAL: 1.3 DPTR FM NORMAL: -3.01 2 = FOG REDUCING VISIBILITY
HIGHEST: 96 ON 13 GRTST 24HR 1.85 ON 30- 1 TO 1/4 MILE OR LESS
LOWEST: 65 ON 24 3 = THUNDER
SNOW, ICE PELLETS, HAIL 4 = ICE PELLETS
TOTAL MONTH: 0.0 INCH 5 = HAIL
GRTST 24HR 0.0 6 = FREEZING RAIN OR DRIZZLE
GRTST DEPTH: 0 7 = DUSTSTORM OR SANDSTORM:
VSBY 1/2 MILE OR LESS
8 = SMOKE OR HAZE
[NO. OF DAYS WITH] [WEATHER - DAYS WITH] 9 = BLOWING SNOW
X = TORNADO
MAX 32 OR BELOW: 0 0.01 INCH OR MORE: 10
MAX 90 OR ABOVE: 13 0.10 INCH OR MORE: 2
MIN 32 OR BELOW: 0 0.50 INCH OR MORE: 1
MIN 0 OR BELOW: 0 1.00 INCH OR MORE: 1
[HDD (BASE 65) ]
TOTAL THIS MO. 0 CLEAR (SCALE 0-3) 24
DPTR FM NORMAL 0 PTCLDY (SCALE 4-7) 7
TOTAL FM JUL 1 162 CLOUDY (SCALE 8-10) 0
DPTR FM NORMAL 7
[CDD (BASE 65) ]
TOTAL THIS MO. 478
DPTR FM NORMAL 49 [PRESSURE DATA]
TOTAL FM JAN 1 1539 HIGHEST SLP 30.22 ON 21
DPTR FM NORMAL 327 LOWEST SLP 29.89 ON 29
[REMARKS]
#FINAL-05-21#