000
CXUS54 KBMX 011110
CF6TOI
PRELIMINARY LOCAL CLIMATOLOGICAL DATA (WS FORM: F-6)
STATION: TROY
MONTH: FEBRUARY
YEAR: 2024
LATITUDE: 31 51 N
LONGITUDE: 86 1 W
TEMPERATURE IN F: :PCPN: SNOW: WIND :SUNSHINE: SKY :PK WND
================================================================================
1 2 3 4 5 6A 6B 7 8 9 10 11 12 13 14 15 16 17 18
12Z AVG MX 2MIN
DY MAX MIN AVG DEP HDD CDD WTR SNW DPTH SPD SPD DIR MIN PSBL S-S WX SPD DR
================================================================================
1 64 31 48 -1 17 0 0.00 0.0 0 1.1 8 210 M M 0 11 250
2 74 38 56 7 9 0 0.00 0.0 0 1.8 12 350 M M 0 1 19 290
3 73 38 56 7 9 0 0.00 0.0 0 6.2 15 110 M M 0 23 100
4 60 47 54 5 11 0 2.42 M M 10.7 20 340 M M 9 1 30 110
5 58 42 50 1 15 0 0.05 0.0 0 7.5 15 360 M M 8 18 23 40
6 70 36 53 3 12 0 0.00 0.0 0 2.2 15 330 M M 0 1 19 350
7 68 32 50 0 15 0 0.00 0.0 0 3.4 15 100 M M 0 20 110
8 68 36 52 2 13 0 0.00 0.0 0 3.4 15 120 M M 0 22 140
9 78 48 63 13 2 0 0.00 0.0 0 5.2 17 210 M M 4 25 220
10 70 63 67 17 0 2 0.32 0.0 0 5.1 14 150 M M 9 1 20 140
11 75 66 71 20 0 6 0.12 0.0 0 6.2 15 130 M M 10 1 22 190
12 72 52 62 11 3 0 1.04 0.0 0 10.4 23 290 M M 8 13 36 300
13 61 38 50 -1 15 0 0.00 0.0 0 9.2 21 280 M M 4 33 310
14 70 33 52 1 13 0 0.00 0.0 M 1.9 10 130 M M 0 15 40
15 74 40 57 6 8 0 0.00 0.0 M 1.2 10 210 M M 0 15 160
16 70 47 59 7 6 0 0.00 0.0 0 4.4 16 190 M M 2 24 200
17 61 38 50 -2 15 0 T 0.0 0 11.1 22 330 M M 5 29 330
18 56 37 47 -5 18 0 0.00 0.0 0 6.1 14 330 M M 0 18 20
19 66 28 47 -5 18 0 0.00 0.0 0 2.6 13 360 M M 0 16 360
20 70 30 50 -2 15 0 0.00 0.0 0 1.6 13 320 M M 0 17 300
21 74 35 55 2 10 0 0.00 0.0 0 2.1 10 200 M M 0 14 110
22 79 41 60 7 5 0 0.00 0.0 0 9.0 21 180 M M 3 1 32 210
23 74 52 63 10 2 0 T 0.0 M 10.1 22 340 M M 5 31 300
24 75 42 59 5 6 0 0.00 0.0 M 7.6 25 320 M M 0 37 320
25 74 35 55 1 10 0 0.00 0.0 0 1.8 9 130 M M 0 8 13 210
26 80 38 59 5 6 0 0.00 0.0 0 6.9 17 210 M M 1 25 210
27 82 62 72 18 0 7 0.00 0.0 0 13.6 25 210 M M 7 36 230
28 84 52 68 14 0 3 T 0.0 0 13.9 29 330 M M 8 40 340
29 62 46 54 0 11 0 T 0.0 0 8.0 15 40 M M 3 22 30
================================================================================
SM 2042 1223 264 18 3.95 0.0 174.3 M 86
================================================================================
AV 70.4 42.2 6.0 FASTST M M 3 MAX(MPH)
MISC ----> 29 330 40 340
================================================================================
NOTES:
# LAST OF SEVERAL OCCURRENCES
COLUMN 17 PEAK WIND IN M.P.H.
PRELIMINARY LOCAL CLIMATOLOGICAL DATA (WS FORM: F-6) , PAGE 2
STATION: TROY
MONTH: FEBRUARY
YEAR: 2024
LATITUDE: 31 51 N
LONGITUDE: 86 1 W
[TEMPERATURE DATA] [PRECIPITATION DATA] SYMBOLS USED IN COLUMN 16
AVERAGE MONTHLY: 56.3 TOTAL FOR MONTH: 3.95 1 = FOG OR MIST
DPTR FM NORMAL: 4.9 DPTR FM NORMAL: -0.30 2 = FOG REDUCING VISIBILITY
HIGHEST: 84 ON 28 GRTST 24HR 2.45 ON 4- 5 TO 1/4 MILE OR LESS
LOWEST: 28 ON 19 3 = THUNDER
SNOW, ICE PELLETS, HAIL 4 = ICE PELLETS
TOTAL MONTH: 0.0 INCH 5 = HAIL
GRTST 24HR 0.0 6 = FREEZING RAIN OR DRIZZLE
GRTST DEPTH: 0 7 = DUSTSTORM OR SANDSTORM:
VSBY 1/2 MILE OR LESS
8 = SMOKE OR HAZE
[NO. OF DAYS WITH] [WEATHER - DAYS WITH] 9 = BLOWING SNOW
X = TORNADO
MAX 32 OR BELOW: 0 0.01 INCH OR MORE: 5
MAX 90 OR ABOVE: 0 0.10 INCH OR MORE: 4
MIN 32 OR BELOW: 4 0.50 INCH OR MORE: 2
MIN 0 OR BELOW: 0 1.00 INCH OR MORE: 2
[HDD (BASE 65) ]
TOTAL THIS MO. 264 CLEAR (SCALE 0-3) 18
DPTR FM NORMAL -124 PTCLDY (SCALE 4-7) 8
TOTAL FM JUL 1 1382 CLOUDY (SCALE 8-10) 3
DPTR FM NORMAL -460
[CDD (BASE 65) ]
TOTAL THIS MO. 18
DPTR FM NORMAL 11 [PRESSURE DATA]
TOTAL FM JAN 1 31 HIGHEST SLP 30.39 ON 29
DPTR FM NORMAL 21 LOWEST SLP 29.47 ON 4
[REMARKS]
#FINAL-02-24#