000
CXUS52 KTBW 080111
CF6TPA
PRELIMINARY LOCAL CLIMATOLOGICAL DATA (WS FORM: F-6)
STATION: TAMPA
MONTH: JANUARY
YEAR: 2023
LATITUDE: 27 58 N
LONGITUDE: 82 32 W
TEMPERATURE IN F: :PCPN: SNOW: WIND :SUNSHINE: SKY :PK WND
================================================================================
1 2 3 4 5 6A 6B 7 8 9 10 11 12 13 14 15 16 17 18
12Z AVG MX 2MIN
DY MAX MIN AVG DEP HDD CDD WTR SNW DPTH SPD SPD DIR MIN PSBL S-S WX SPD DR
================================================================================
1 76 66 71 8 0 6 0.00 0.0 0 2.4 10 180 M M 9 12 15 180
2 83 67 75 13 0 10 0.00 0.0 0 4.5 12 110 M M 2 1 19 120
3 82 67 75 13 0 10 0.00 0.0 0 7.4 15 160 M M 3 25 180
4 81 67 74 12 0 9 0.44 0.0 0 9.0 18 190 M M 6 13 27 190
5 76 63 70 8 0 5 0.11 0.0 0 5.9 17 330 M M 9 1 24 350
6 71 53 62 0 3 0 0.00 0.0 0 6.5 14 350 M M 1 24 350
7 73 50 62 0 3 0 0.00 0.0 0 5.0 10 350 M M 0 17 330
8 77 52 65 3 0 0 0.00 0.0 0 5.5 14 280 M M 3 26 270
9 76 56 66 4 0 1 T 0.0 0 4.5 14 270 M M 4 25 270
10 72 53 63 1 2 0 0.00 0.0 0 5.4 15 300 M M 2 23 260
11 73 48 61 -1 4 0 0.00 0.0 0 1.7 8 300 M M 0 15 240
12 76 51 64 2 1 0 0.00 0.0 0 5.3 13 230 M M 0 19 230
13 67 51 59 -3 6 0 0.47 0.0 0 14.1 24 330 M M 6 13 37 330
14 56 44 50 -12 15 0 T 0.0 0 10.2 21 290 M M 5 34 270
15 58 40 49 -13 16 0 0.00 0.0 0 5.3 14 300 M M 0 27 280
16 65 40 53 -9 12 0 0.00 0.0 0 3.9 10 210 M M 1 16 220
17 71 46 59 -3 6 0 0.00 0.0 0 5.4 15 170 M M 1 19 180
18 76 58 67 5 0 2 0.00 0.0 0 3.6 10 200 M M 4 16 200
19 78 58 68 6 0 3 0.02 0.0 0 7.9 18 200 M M 6 1 26 200
20 80 63 72 10 0 7 0.14 0.0 0 4.1 12 350 M M 8 1 20 310
21 70 61 66 4 0 1 0.01 0.0 0 5.9 12 20 M M 8 8 19 100
22 78 63 71 9 0 6 0.00 0.0 0 10.4 21 180 M M 7 1 31 180
23 69 54 62 0 3 0 0.00 0.0 0 8.4 21 350 M M 8 26 340
24 77 50 64 2 1 0 0.00 0.0 0 8.3 15 120 M M 6 25 100
25 82 63 73 11 0 8 0.36 0.0 0 11.0 21 190 M M 5 1 30 190
26 64 51 58 -4 7 0 T 0.0 0 8.7 18 340 M M 8 1 26 300
27 66 48 57 -5 8 0 0.00 0.0 0 8.1 15 360 M M 3 23 360
28 68 49 59 -3 6 0 0.00 0.0 0 6.7 12 60 M M 6 21 80
29 84 60 72 10 0 7 0.00 0.0 0 4.6 13 140 M M 5 21 180
30 83 63 73 10 0 8 0.00 0.0 0 3.9 8 210 M M 4 12 180
31 80 65 73 10 0 8 0.00 0.0 0 2.9 9 220 M M 5 12 14 270
================================================================================
SM 2288 1720 93 91 1.55 0.0 196.5 M 135
================================================================================
AV 73.8 55.5 6.3 FASTST M M 4 MAX(MPH)
MISC ----> 24 330 37 330
================================================================================
NOTES:
# LAST OF SEVERAL OCCURRENCES
COLUMN 17 PEAK WIND IN M.P.H.
PRELIMINARY LOCAL CLIMATOLOGICAL DATA (WS FORM: F-6) , PAGE 2
STATION: TAMPA
MONTH: JANUARY
YEAR: 2023
LATITUDE: 27 58 N
LONGITUDE: 82 32 W
[TEMPERATURE DATA] [PRECIPITATION DATA] SYMBOLS USED IN COLUMN 16
AVERAGE MONTHLY: 64.6 TOTAL FOR MONTH: 1.55 1 = FOG OR MIST
DPTR FM NORMAL: 2.6 DPTR FM NORMAL: -1.10 2 = FOG REDUCING VISIBILITY
HIGHEST: 84 ON 29 GRTST 24HR 0.55 ON 4- 5 TO 1/4 MILE OR LESS
LOWEST: 40 ON 16,15 3 = THUNDER
SNOW, ICE PELLETS, HAIL 4 = ICE PELLETS
TOTAL MONTH: 0.0 INCH 5 = HAIL
GRTST 24HR 0.0 6 = FREEZING RAIN OR DRIZZLE
GRTST DEPTH: 0 7 = DUSTSTORM OR SANDSTORM:
VSBY 1/2 MILE OR LESS
8 = SMOKE OR HAZE
[NO. OF DAYS WITH] [WEATHER - DAYS WITH] 9 = BLOWING SNOW
X = TORNADO
MAX 32 OR BELOW: 0 0.01 INCH OR MORE: 7
MAX 90 OR ABOVE: 0 0.10 INCH OR MORE: 5
MIN 32 OR BELOW: 0 0.50 INCH OR MORE: 0
MIN 0 OR BELOW: 0 1.00 INCH OR MORE: 0
[HDD (BASE 65) ]
TOTAL THIS MO. 93 CLEAR (SCALE 0-3) 12
DPTR FM NORMAL -59 PTCLDY (SCALE 4-7) 17
TOTAL FM JUL 1 231 CLOUDY (SCALE 8-10) 2
DPTR FM NORMAL -60
[CDD (BASE 65) ]
TOTAL THIS MO. 91
DPTR FM NORMAL 30 [PRESSURE DATA]
TOTAL FM JAN 1 91 HIGHEST SLP 30.39 ON 27
DPTR FM NORMAL 30 LOWEST SLP 29.85 ON 13
[REMARKS]
#FINAL-01-23#