000
CXUS52 KTBW 090123
CF6TPA
PRELIMINARY LOCAL CLIMATOLOGICAL DATA (WS FORM: F-6)
STATION: TAMPA
MONTH: OCTOBER
YEAR: 2021
LATITUDE: 27 58 N
LONGITUDE: 82 32 W
TEMPERATURE IN F: :PCPN: SNOW: WIND :SUNSHINE: SKY :PK WND
================================================================================
1 2 3 4 5 6A 6B 7 8 9 10 11 12 13 14 15 16 17 18
12Z AVG MX 2MIN
DY MAX MIN AVG DEP HDD CDD WTR SNW DPTH SPD SPD DIR MIN PSBL S-S WX SPD DR
================================================================================
1 93 74 84 3 0 19 0.00 0.0 0 5.9 13 120 M M 5 20 110
2 92 75 84 3 0 19 0.00 0.0 0 6.7 15 120 M M 5 21 120
3 90 75 83 2 0 18 0.00 0.0 0 6.5 13 100 M M 5 15 110
4 91 72 82 2 0 17 0.00 0.0 0 5.9 12 310 M M 6 20 290
5 89 76 83 3 0 18 0.02 0.0 0 5.6 16 180 M M 7 20 170
6 90 79 85 5 0 20 0.00 0.0 0 6.1 12 350 M M 7 8 17 150
7 92 79 86 6 0 21 0.00 0.0 0 4.9 13 350 M M 4 22 320
8 88 77 83 3 0 18 0.06 0.0 0 4.1 17 210 M M 7 3 22 190
9 91 75 83 4 0 18 T 0.0 0 5.4 17 320 M M 3 22 280
10 89 74 82 3 0 17 T 0.0 0 5.5 14 330 M M 3 17 330
11 88 73 81 2 0 16 0.00 0.0 0 5.5 13 290 M M 3 21 270
12 93 75 84 5 0 19 0.01 0.0 0 5.2 13 30 M M 4 19 30
13 92 75 84 6 0 19 T 0.0 0 5.8 13 330 M M 4 18 270
14 92 76 84 6 0 19 0.00 0.0 0 5.3 12 290 M M 4 18 280
15 91 76 84 6 0 19 0.00 0.0 0 5.3 12 330 M M 4 17 250
16 89 76 83 5 0 18 0.00 0.0 0 4.6 14 280 M M 4 21 280
17 87 70 79 2 0 14 0.00 0.0 0 7.8 16 360 M M 4 25 320
18 86 65 76 -1 0 11 0.00 0.0 0 6.1 12 40 M M 4 19 90
19 87 68 78 1 0 13 0.00 0.0 0 6.1 13 90 M M 5 19 30
20 88 68 78 2 0 13 0.00 0.0 0 5.2 13 110 M M 4 18 130
21 88 70 79 3 0 14 0.00 0.0 0 5.5 13 340 M M 4 18 280
22 87 73 80 4 0 15 0.00 0.0 0 5.2 13 280 M M 3 18 270
23 91 74 83 7 0 18 0.00 0.0 0 4.8 12 90 M M 5 16 90
24 87 75 81 6 0 16 0.53 0.0 0 4.6 13 170 M M 8 19 180
25 87 75 81 6 0 16 0.30 0.0 0 8.1 21 270 M M 7 1 27 300
26 87 73 80 5 0 15 0.00 0.0 0 7.4 16 290 M M 3 26 280
27 83 68 76 2 0 11 0.00 0.0 0 3.5 8 200 M M 5 12 30
28 86 76 81 7 0 16 0.33 0.0 0 11.9 23 220 M M 7 13 30 200
29 82 69 76 2 0 11 0.02 0.0 0 14.0 25 250 M M 7 36 260
30 76 62 69 -5 0 4 0.08 0.0 0 6.1 17 280 M M 7 34 270
31 76 64 70 -3 0 5 T 0.0 0 6.6 15 330 M M 7 20 300
================================================================================
SM 2728 2257 0 487 1.35 0.0 191.2 M 155
================================================================================
AV 88.0 72.8 6.2 FASTST M M 5 MAX(MPH)
MISC ----> 25 250 36 260
================================================================================
NOTES:
# LAST OF SEVERAL OCCURRENCES
COLUMN 17 PEAK WIND IN M.P.H.
PRELIMINARY LOCAL CLIMATOLOGICAL DATA (WS FORM: F-6) , PAGE 2
STATION: TAMPA
MONTH: OCTOBER
YEAR: 2021
LATITUDE: 27 58 N
LONGITUDE: 82 32 W
[TEMPERATURE DATA] [PRECIPITATION DATA] SYMBOLS USED IN COLUMN 16
AVERAGE MONTHLY: 80.4 TOTAL FOR MONTH: 1.35 1 = FOG OR MIST
DPTR FM NORMAL: 3.0 DPTR FM NORMAL: -0.99 2 = FOG REDUCING VISIBILITY
HIGHEST: 93 ON 12, 1 GRTST 24HR 0.83 ON 24-25 TO 1/4 MILE OR LESS
LOWEST: 62 ON 30 3 = THUNDER
SNOW, ICE PELLETS, HAIL 4 = ICE PELLETS
TOTAL MONTH: 0.0 INCH 5 = HAIL
GRTST 24HR 0.0 6 = FREEZING RAIN OR DRIZZLE
GRTST DEPTH: 0 7 = DUSTSTORM OR SANDSTORM:
VSBY 1/2 MILE OR LESS
8 = SMOKE OR HAZE
[NO. OF DAYS WITH] [WEATHER - DAYS WITH] 9 = BLOWING SNOW
X = TORNADO
MAX 32 OR BELOW: 0 0.01 INCH OR MORE: 8
MAX 90 OR ABOVE: 12 0.10 INCH OR MORE: 3
MIN 32 OR BELOW: 0 0.50 INCH OR MORE: 1
MIN 0 OR BELOW: 0 1.00 INCH OR MORE: 0
[HDD (BASE 65) ]
TOTAL THIS MO. 0 CLEAR (SCALE 0-3) 3
DPTR FM NORMAL -3 PTCLDY (SCALE 4-7) 28
TOTAL FM JUL 1 0 CLOUDY (SCALE 8-10) 0
DPTR FM NORMAL 0
[CDD (BASE 65) ]
TOTAL THIS MO. 487
DPTR FM NORMAL 99 [PRESSURE DATA]
TOTAL FM JAN 1 4027 HIGHEST SLP 30.23 ON 20
DPTR FM NORMAL 379 LOWEST SLP 29.68 ON 29
[REMARKS]
#FINAL-10-21#