519
CXUS54 KFWD 010831
CF6TRL
PRELIMINARY LOCAL CLIMATOLOGICAL DATA (WS FORM: F-6)
STATION: TERRELL
MONTH: JANUARY
YEAR: 2021
LATITUDE: 32 42 N
LONGITUDE: 96 16 W
TEMPERATURE IN F: :PCPN: SNOW: WIND :SUNSHINE: SKY :PK WND
================================================================================
1 2 3 4 5 6A 6B 7 8 9 10 11 12 13 14 15 16 17 18
12Z AVG MX 2MIN
DY MAX MIN AVG DEP HDD CDD WTR SNW DPTH SPD SPD DIR MIN PSBL S-S WX SPD DR
================================================================================
1 41 36 39 -6 26 0 T M M 11.1 18 280 M M 10 1 27 280
2 53 33 43 -2 22 0 T M M 5.7 13 290 M M 3 17 340
3 65 36 51 6 14 0 0.00 M M 8.2 22 210 M M 0 30 240
4 68 35 52 7 13 0 0.00 M M 3.1 9 360 M M 0 13 320
5 66 32 49 4 16 0 0.00 M M 6.1 15 180 M M 1 20 180
6 58 45 52 7 13 0 0.08 M M 10.5 21 290 M M 9 1 29 310
7 48 43 46 1 19 0 T M M 11.9 21 320 M M 10 29 320
8 48 31 40 -5 25 0 0.00 M M 6.9 13 10 M M 7 17 20
9 48 23 36 -9 29 0 0.00 M M 3.8 12 60 M M 0 1 16 70
10 37 32 35 -10 30 0 0.01 M M 5.2 12 10 M M 9 1 16 340
11 47 28 38 -7 27 0 0.00 M M 3.8 12 20 M M 4 18 16 20
12 53 24 39 -6 26 0 0.00 M M 4.0 14 200 M M 0 1 19 200
13 60 28 44 -1 21 0 0.00 M M 7.3 16 190 M M 0 1 23 210
14 63 36 50 5 15 0 0.00 M M 10.5 26 10 M M 0 39 20
15 52 33 43 -2 22 0 0.00 M M 12.5 30 310 M M 0 47 280
16 54 27 41 -4 24 0 0.00 M M 5.1 15 290 M M 0 21 300
17 59 31 45 0 20 0 0.00 M M 4.3 15 320 M M 3 24 290
18 66 29 48 3 17 0 T M M 8.4 23 160 M M 4 29 170
19 58 49 54 8 11 0 0.23 M M 9.9 16 10 M M 10 1 23 360
20 51 44 48 2 17 0 0.01 M M 4.9 13 30 M M 10 1 17 30
21 53 46 50 4 15 0 T M M 5.6 14 170 M M 6 12 17 170
22 50 45 48 2 17 0 T M M 7.2 13 40 M M 10 12 17 40
23 54 45 50 4 15 0 T M M 7.0 13 80 M M 10 1 17 80
24 65 50 58 12 7 0 0.04 M M 6.3 13 150 M M 10 13 17 150
25 68 42 55 9 10 0 0.19 M M 8.3 24 290 M M 5 13 35 290
26 59 39 49 3 16 0 0.00 M M 7.1 16 340 M M 1 25 340
27 51 32 42 -4 23 0 0.00 M M 8.9 23 320 M M 3 33 320
28 50 27 39 -8 26 0 0.00 M M 5.0 10 80 M M 0 14 50
29 59 34 47 0 18 0 0.00 M M 7.5 17 190 M M 0 23 220
30 77 52 65 18 0 0 T M M 16.4 35 240 M M 6 18 54 240
31 57 41 49 2 16 0 0.00 M M 12.9 24 320 M M 0 38 320
================================================================================
SM 1738 1128 570 0 0.56 M 235.4 M 131
================================================================================
AV 56.1 36.4 7.6 FASTST M M 4 MAX(MPH)
MISC ----> 35 240 54 240
================================================================================
NOTES:
# LAST OF SEVERAL OCCURRENCES
COLUMN 17 PEAK WIND IN M.P.H.
PRELIMINARY LOCAL CLIMATOLOGICAL DATA (WS FORM: F-6) , PAGE 2
STATION: TERRELL
MONTH: JANUARY
YEAR: 2021
LATITUDE: 32 42 N
LONGITUDE: 96 16 W
[TEMPERATURE DATA] [PRECIPITATION DATA] SYMBOLS USED IN COLUMN 16
AVERAGE MONTHLY: 46.2 TOTAL FOR MONTH: 0.56 1 = FOG OR MIST
DPTR FM NORMAL: 0.7 DPTR FM NORMAL: -2.21 2 = FOG REDUCING VISIBILITY
HIGHEST: 77 ON 30 GRTST 24HR 0.24 ON 24-25 TO 1/4 MILE OR LESS
LOWEST: 23 ON 9 3 = THUNDER
SNOW, ICE PELLETS, HAIL 4 = ICE PELLETS
TOTAL MONTH: M 5 = HAIL
GRTST 24HR M ON M 6 = FREEZING RAIN OR DRIZZLE
GRTST DEPTH: M ON M 7 = DUSTSTORM OR SANDSTORM:
VSBY 1/2 MILE OR LESS
8 = SMOKE OR HAZE
[NO. OF DAYS WITH] [WEATHER - DAYS WITH] 9 = BLOWING SNOW
X = TORNADO
MAX 32 OR BELOW: 0 0.01 INCH OR MORE: 6
MAX 90 OR ABOVE: 0 0.10 INCH OR MORE: 2
MIN 32 OR BELOW: 12 0.50 INCH OR MORE: 0
MIN 0 OR BELOW: 0 1.00 INCH OR MORE: 0
[HDD (BASE 65) ]
TOTAL THIS MO. 570 CLEAR (SCALE 0-3) 15
DPTR FM NORMAL -35 PTCLDY (SCALE 4-7) 7
TOTAL FM JUL 1 1463 CLOUDY (SCALE 8-10) 9
DPTR FM NORMAL -79
[CDD (BASE 65) ]
TOTAL THIS MO. 0
DPTR FM NORMAL -1 [PRESSURE DATA]
TOTAL FM JAN 1 0 HIGHEST SLP 30.64 ON 28
DPTR FM NORMAL -1 LOWEST SLP 29.57 ON 25
[REMARKS]
#FINAL-01-21#