000
CXUS56 KSGX 030937
CF6TRM
PRELIMINARY LOCAL CLIMATOLOGICAL DATA (WS FORM: F-6)
STATION: THERMAL AIRPORT CA
MONTH: SEPTEMBER
YEAR: 2022
LATITUDE: 33 37 N
LONGITUDE: 116 10 W
TEMPERATURE IN F: :PCPN: SNOW: WIND :SUNSHINE: SKY :PK WND
================================================================================
1 2 3 4 5 6A 6B 7 8 9 10 11 12 13 14 15 16 17 18
12Z AVG MX 2MIN
DY MAX MIN AVG DEP HDD CDD WTR SNW DPTH SPD SPD DIR MIN PSBL S-S WX SPD DR
================================================================================
1 109 79 94 5 0 29 0.00 M M 5.0 14 130 M M 1 19 150
2 106 81 94 6 0 29 0.00 M M 7.1 16 130 M M 0 21 120
3 107 80 94 6 0 29 0.00 M M 5.5 16 130 M M 1 21 150
4 112 83 98 10 0 33 0.00 M M 5.2 15 300 M M 2 21 150
5 113 79 96 8 0 31 0.00 M M 5.8 16 160 M M 2 24 150
6 112 75 94 6 0 29 0.00 M M 7.2 18 140 M M 2 25 140
7 105 82 94 7 0 29 0.00 M M 6.9 16 140 M M 1 21 130
8 104 78 91 4 0 26 0.00 M M 5.8 17 330 M M 0 23 310
9 88 74 81 -6 0 16 0.81 M M 6.8 18 130 M M 5 1 30 140
10 83 75 79 -8 0 14 0.08 M M 3.1 13 150 M M 0 1 16 140
11 94 73 84 -2 0 19 0.05 M M 6.3 23 100 M M 2 30 120
12 89 74 82 -4 0 17 0.01 M M 3.2 10 330 M M 1 13 320
13 94 79 87 1 0 22 0.00 M M 5.8 14 340 M M 0 M M
14 95 74 85 -1 0 20 0.00 M M 8.1 17 340 M M 1 21 320
15 96 68 82 -3 0 17 0.00 M M 7.7 16 330 M M 0 21 340
16 97 71 84 -1 0 19 0.00 M M 7.0 15 310 M M 0 20 320
17 96 75 86 1 0 21 0.00 M M 8.3 20 330 M M 0 24 320
18 94 63 79 -5 0 14 0.00 M M 5.8 15 320 M M 0 19 310
19 97 66 82 -2 0 17 0.00 M M 6.5 13 130 M M 0 18 310
20 98 64 81 -3 0 16 0.00 M M 7.3 18 130 M M 0 22 140
21 98 67 83 0 0 18 0.00 M M 6.4 14 340 M M 0 18 330
22 99 62 81 -2 0 16 0.00 M M 4.3 13 340 M M 0 16 330
23 103 70 87 4 0 22 0.00 M M 5.1 14 130 M M 0 19 170
24 106 80 93 11 0 28 0.00 M M 6.8 16 320 M M 0 20 320
25 110 85 98 16 0 33 0.00 M M 5.7 14 320 M M 0 20 330
26 110 73 92 10 0 27 0.00 M M 5.8 12 160 M M 0 16 270
27 107 70 89 8 0 24 0.00 M M 6.7 15 140 M M 0 20 130
28 102 74 88 7 0 23 0.00 M M M M 150 M M M M M
29 97 77 87 7 0 22 0.00 M M 3.6 14 130 M M 0 18 140
30 98 71 85 5 0 20 0.00 M M 4.0 13 320 M M 0 16 300
================================================================================
SM 3019 2222 0 680 0.95 M 172.8 M 18
================================================================================
AV100.6 74.1 6.0 FASTST M M 1 MAX(MPH)
MISC ----> 23 100 30 120
================================================================================
NOTES:
# LAST OF SEVERAL OCCURRENCES
COLUMN 17 PEAK WIND IN M.P.H.
PRELIMINARY LOCAL CLIMATOLOGICAL DATA (WS FORM: F-6) , PAGE 2
STATION: THERMAL AIRPORT CA
MONTH: SEPTEMBER
YEAR: 2022
LATITUDE: 33 37 N
LONGITUDE: 116 10 W
[TEMPERATURE DATA] [PRECIPITATION DATA] SYMBOLS USED IN COLUMN 16
AVERAGE MONTHLY: 87.4 TOTAL FOR MONTH: 0.95 1 = FOG OR MIST
DPTR FM NORMAL: 2.5 DPTR FM NORMAL: 0.63 2 = FOG REDUCING VISIBILITY
HIGHEST: 113 ON 5 GRTST 24HR 0.81 ON 9- 9 TO 1/4 MILE OR LESS
LOWEST: 62 ON 22 3 = THUNDER
SNOW, ICE PELLETS, HAIL 4 = ICE PELLETS
TOTAL MONTH: M 5 = HAIL
GRTST 24HR M ON M 6 = FREEZING RAIN OR DRIZZLE
GRTST DEPTH: M ON M 7 = DUSTSTORM OR SANDSTORM:
VSBY 1/2 MILE OR LESS
8 = SMOKE OR HAZE
[NO. OF DAYS WITH] [WEATHER - DAYS WITH] 9 = BLOWING SNOW
X = TORNADO
MAX 32 OR BELOW: 0 0.01 INCH OR MORE: 4
MAX 90 OR ABOVE: 27 0.10 INCH OR MORE: 1
MIN 32 OR BELOW: 0 0.50 INCH OR MORE: 1
MIN 0 OR BELOW: 0 1.00 INCH OR MORE: 0
[HDD (BASE 65) ]
TOTAL THIS MO. 0 CLEAR (SCALE 0-3) 28
DPTR FM NORMAL 0 PTCLDY (SCALE 4-7) 1
TOTAL FM JUL 1 0 CLOUDY (SCALE 8-10) 1
DPTR FM NORMAL 0
[CDD (BASE 65) ]
TOTAL THIS MO. 680
DPTR FM NORMAL 84 [PRESSURE DATA]
TOTAL FM JAN 1 3995 HIGHEST SLP 29.98 ON 29
DPTR FM NORMAL 443 LOWEST SLP 29.54 ON 8
[REMARKS]
#FINAL-09-22#