000
CXUS56 KPQR 011155
CF6TTD
PRELIMINARY LOCAL CLIMATOLOGICAL DATA (WS FORM: F-6)
STATION: TROUTDALE OR
MONTH: JULY
YEAR: 2022
LATITUDE: 45 33 N
LONGITUDE: 122 25 W
TEMPERATURE IN F: :PCPN: SNOW: WIND :SUNSHINE: SKY :PK WND
================================================================================
1 2 3 4 5 6A 6B 7 8 9 10 11 12 13 14 15 16 17 18
12Z AVG MX 2MIN
DY MAX MIN AVG DEP HDD CDD WTR SNW DPTH SPD SPD DIR MIN PSBL S-S WX SPD DR
================================================================================
1 79 58 69 3 0 4 0.00 M M 3.9 9 320 M M 4 13 310
2 69 58 64 -3 1 0 0.00 M M 4.1 10 260 M M 10 1 15 310
3 74 57 66 -1 0 1 0.00 M M 3.4 9 320 M M 6 15 250
4 78 51 65 -2 0 0 0.00 M M 2.6 9 310 M M 1 8 14 330
5 76 56 66 -1 0 1 0.04 M M 3.0 8 90 M M 8 10 240
6 74 63 69 1 0 4 0.28 M M 2.1 9 40 M M 9 1 12 50
7 80 62 71 3 0 6 T M M 2.0 8 260 M M 6 13 320
8 82 58 70 2 0 5 0.00 M M 3.2 8 260 M M 2 12 280
9 82 57 70 2 0 5 0.00 M M 3.7 10 320 M M 1 16 310
10 81 58 70 2 0 5 0.00 M M 2.4 8 310 M M 2 13 260
11 98 57 78 9 0 13 0.00 M M 2.8 9 90 M M 0 12 80
12 92 61 77 8 0 12 0.00 M M 4.3 15 310 M M 0 24 320
13 81 58 70 1 0 5 0.00 M M 4.6 10 260 M M 1 14 320
14 85 55 70 1 0 5 0.00 M M 3.5 9 260 M M 1 8 16 260
15 85 55 70 1 0 5 0.00 M M 3.3 8 310 M M 0 13 310
16 79 64 72 2 0 7 0.00 M M 3.7 12 320 M M 8 18 320
17 76 61 69 -1 0 4 0.00 M M 3.7 13 250 M M 8 18 330
18 81 54 68 -2 0 3 0.00 M M 3.5 12 250 M M 2 15 250
19 91 56 74 4 0 9 0.00 M M 3.3 10 240 M M 0 16 250
20 93 59 76 6 0 11 0.00 M M 2.7 9 260 M M 0 12 260
21 88 61 75 5 0 10 0.00 M M 3.3 10 310 M M 1 17 320
22 79 62 71 1 0 6 0.00 M M 3.6 12 250 M M 6 18 320
23 77 60 69 -1 0 4 0.00 M M 4.1 8 240 M M 6 14 260
24 94 55 75 5 0 10 0.00 M M 2.3 10 240 M M 2 12 240
25 100 61 81 11 0 16 0.00 M M 2.4 9 250 M M 0 12 250
26 101 63 82 11 0 17 0.00 M M 2.9 8 260 M M 0 10 260
27 97 66 82 11 0 17 0.00 M M 2.9 8 260 M M 0 11 260
28 97 66 82 11 0 17 0.00 M M 2.3 8 260 M M 0 8 11 260
29 100 69 85 14 0 20 0.00 M M 1.6 10 250 M M 0 13 260
30 102 70 86 15 0 21 0.00 M M 2.6 12 250 M M 0 14 250
31 99 66 83 12 0 18 0.00 M M 2.3 8 250 M M 0 128 12 260
================================================================================
SM 2670 1857 1 261 0.32 M 96.1 M 84
================================================================================
AV 86.1 59.9 3.1 FASTST M M 3 MAX(MPH)
MISC ----> 15 310 24 320
================================================================================
NOTES:
# LAST OF SEVERAL OCCURRENCES
COLUMN 17 PEAK WIND IN M.P.H.
PRELIMINARY LOCAL CLIMATOLOGICAL DATA (WS FORM: F-6) , PAGE 2
STATION: TROUTDALE OR
MONTH: JULY
YEAR: 2022
LATITUDE: 45 33 N
LONGITUDE: 122 25 W
[TEMPERATURE DATA] [PRECIPITATION DATA] SYMBOLS USED IN COLUMN 16
AVERAGE MONTHLY: 73.0 TOTAL FOR MONTH: 0.32 1 = FOG OR MIST
DPTR FM NORMAL: 3.8 DPTR FM NORMAL: -0.23 2 = FOG REDUCING VISIBILITY
HIGHEST: 102 ON 30 GRTST 24HR 0.31 ON 5- 6 TO 1/4 MILE OR LESS
LOWEST: 51 ON 4 3 = THUNDER
SNOW, ICE PELLETS, HAIL 4 = ICE PELLETS
TOTAL MONTH: M 5 = HAIL
GRTST 24HR M ON M 6 = FREEZING RAIN OR DRIZZLE
GRTST DEPTH: M ON M 7 = DUSTSTORM OR SANDSTORM:
VSBY 1/2 MILE OR LESS
8 = SMOKE OR HAZE
[NO. OF DAYS WITH] [WEATHER - DAYS WITH] 9 = BLOWING SNOW
X = TORNADO
MAX 32 OR BELOW: 0 0.01 INCH OR MORE: 2
MAX 90 OR ABOVE: 12 0.10 INCH OR MORE: 1
MIN 32 OR BELOW: 0 0.50 INCH OR MORE: 0
MIN 0 OR BELOW: 0 1.00 INCH OR MORE: 0
[HDD (BASE 65) ]
TOTAL THIS MO. 1 CLEAR (SCALE 0-3) 21
DPTR FM NORMAL -13 PTCLDY (SCALE 4-7) 7
TOTAL FM JUL 1 1 CLOUDY (SCALE 8-10) 3
DPTR FM NORMAL -8
[CDD (BASE 65) ]
TOTAL THIS MO. 261
DPTR FM NORMAL 117 [PRESSURE DATA]
TOTAL FM JAN 1 326 HIGHEST SLP 30.34 ON 10
DPTR FM NORMAL 114 LOWEST SLP 29.75 ON 25
[REMARKS]
#FINAL-07-22#